{"id":8275,"date":"2020-10-01T11:13:57","date_gmt":"2020-10-01T11:13:57","guid":{"rendered":"https:\/\/biovegen.org\/?page_id=8275"},"modified":"2020-10-22T07:22:43","modified_gmt":"2020-10-22T07:22:43","slug":"biotech-attraction-sesion-iii-resenas-curriculares","status":"publish","type":"page","link":"https:\/\/biovegen.org\/en\/actividades\/eventos\/fruit-attraction\/fruit-attraction-2020\/biotech-attraction-sesion-iii-resenas-curriculares\/","title":{"rendered":"BIOTECH ATTRACTION \u2013 SESSION III \u2013 Curriculum reviews"},"content":{"rendered":"<h2 class=\"has-text-color wp-block-heading\" style=\"color:#5d8719\"><strong>BIOTECH ATTRACTION \u2013 SESSION III \u2013 Curriculum reviews<\/strong><\/h2>\n\n\n\n<p><strong>Welcome and introduction<\/strong><\/p>\n\n\n\n<p><strong>IFEMA<\/strong>. Raul Calleja.&nbsp;<em>Director FRUIT ATTRACTION<\/em><\/p>\n\n\n\n<div id=\"block-986df78e-4d1b-4c2e-9894-8c26671cf903\" class=\"wp-block-image\"><figure class=\"aligncenter is-resized\"><img decoding=\"async\" src=\"data:image\/gif;base64,R0lGODlhAQABAAAAACH5BAEKAAEALAAAAAABAAEAAAICTAEAOw==\" alt=\"La imagen tiene un atributo ALT vac\u00edo; su nombre de archivo es Raul-Calleja.jpg\" width=\"142\" height=\"190\" class=\"lazyload\" data-src=\"https:\/\/biovegen.org\/wp-content\/uploads\/2020\/09\/Raul-Calleja.jpg\"><figcaption>Raul Calleja<\/figcaption><\/figure><\/div>\n\n\n\n<p>Ra\u00fal Calleja has a degree in commercial management and marketing and has a Master&#039;s degree in communication and marketing. In addition, he is a specialist in team coaching and trade fair and event marketing. He has 16 years of experience at Ifema and is currently director of Ifema agri-food events (Fruit Attraction, Meat Attraction or Intersicop).<\/p>\n\n\n\n<hr class=\"wp-block-separator\"\/>\n\n\n\n<p><strong>BIOVEGEN<\/strong>. Gonzaga Ruiz de Gauna.&nbsp;<em>Manager<\/em><\/p>\n\n\n\n<div id=\"block-0a23c9ac-86db-4be0-a29f-19511b0b876d\" class=\"wp-block-image\"><figure class=\"aligncenter is-resized\"><img decoding=\"async\" src=\"data:image\/gif;base64,R0lGODlhAQABAAAAACH5BAEKAAEALAAAAAABAAEAAAICTAEAOw==\" alt=\"La imagen tiene un atributo ALT vac\u00edo; su nombre de archivo es Gonzaga-Ruiz-de-Gauna.jpg\" width=\"142\" height=\"190\" class=\"lazyload\" data-src=\"https:\/\/biovegen.org\/wp-content\/uploads\/2020\/09\/Gonzaga-Ruiz-de-Gauna.jpg\"><figcaption>Gonzaga Ruiz de Gauna<\/figcaption><\/figure><\/div>\n\n\n\n<p>Gonzaga Ruiz de Gauna Guti\u00e9rrez is an agricultural engineer and has a Master&#039;s degree in Biotechnology Business Management from the Aliter International Business School. Currently, he works as manager and coordinator of the <em>Association for the Promotion of R&amp;D in Plant Genomics (INVEGEN)<\/em> entity that brings together companies and research organizations in the agriculture and plant production sector, and that aims to improve the competitiveness of the sector through the incorporation of new technologies and the promotion of R&amp;D activities related to Plant Biotechnology such as innovation engine.<\/p>\n\n\n\n<hr class=\"wp-block-separator has-text-color has-background is-style-wide\" style=\"background-color:#5d8719;color:#5d8719\"\/>\n\n\n\n<p><strong>PRESENTATIONS<\/strong><\/p>\n\n\n\n<p><strong>Support for International Technological Cooperation in R&amp;D&amp;i.<\/strong> <strong>CDTI.&nbsp;<\/strong>Angeles Valbuena.&nbsp;<em>CDTI Foreign Technological Action<\/em><\/p>\n\n\n\n<div id=\"block-bf1f51c3-4a95-4ca9-85eb-d01cb679f87e\" class=\"wp-block-image\"><figure class=\"aligncenter size-large is-resized\"><img decoding=\"async\" src=\"data:image\/gif;base64,R0lGODlhAQABAAAAACH5BAEKAAEALAAAAAABAAEAAAICTAEAOw==\" alt=\"\" class=\"wp-image-8543 lazyload\" width=\"142\" height=\"190\" data-src=\"https:\/\/biovegen.org\/wp-content\/uploads\/2020\/10\/Imagen1.png\"><figcaption>Angeles Valbuena<\/figcaption><\/figure><\/div>\n\n\n\n<p>\u00c1ngeles is an Industrial Engineer, specializing in Construction and has completed an Executive Program in Renewable Energy Project Management from the EOI. He began his professional career in the environment and water management sector, soon focusing on the automotive sector. He worked since 1999 as a project manager for several multinationals, such as ZF Friedrichschafen AG, Robert Bosch GmbH or Grupo Antol\u00edn.<\/p>\n\n\n\n<p>In 2007, he joined the Technical Evaluation Directorate of CDTI, where he joined the Production Technologies department. In 2010, he moved to the International Directorate of CDTI, to take charge of the representation and management of the International Technology Cooperation programs with the Asia and Pacific Region. Since May 2018, she has been responsible for the Foreign Technological Action department, coordinating and representing, together with her team, various Multilateral and Bilateral Cooperation Programs, with more than 27 countries where CDTI is represented.<\/p>\n\n\n\n<hr class=\"wp-block-separator\"\/>\n\n\n\n<p><strong>Promotion of R&amp;D&amp;i with private investment: technological patronage. KAUDAL.&nbsp;<\/strong>Alex Marin.&nbsp;<em>R&amp;D Investment Manager<\/em><\/p>\n\n\n\n<div id=\"block-bf1f51c3-4a95-4ca9-85eb-d01cb679f87e\" class=\"wp-block-image\"><figure class=\"aligncenter size-large is-resized\"><img loading=\"lazy\" decoding=\"async\" src=\"data:image\/gif;base64,R0lGODlhAQABAAAAACH5BAEKAAEALAAAAAABAAEAAAICTAEAOw==\" alt=\"\" class=\"wp-image-8277 lazyload\" width=\"142\" height=\"190\" data-src=\"https:\/\/biovegen.org\/wp-content\/uploads\/2020\/10\/Alex-Marin.png\"><figcaption>Alex Marin<\/figcaption><\/figure><\/div>\n\n\n\n<p>Alex Mar\u00edn Villanueva has extensive experience in business development and financing of technological projects both nationally and internationally. In his previous stage at CDTI, he was an advisor on innovation and international technological cooperation at the Economic and Commercial Office of the Spanish Embassy in Los Angeles (California). In the last two years, \u00c1lex has managed financing through Technological Patronage of more than \u20ac10M in R&amp;D projects. Graduated in Public Works Engineering from the Polytechnic University of Valencia, \u00c1lex also has different programs in international technological cooperation, innovation and entrepreneurship.<\/p>\n\n\n\n<hr class=\"wp-block-separator\"\/>\n\n\n\n<p><br><strong>Valuation of research in the AgBiotech sector.<\/strong> <strong>MAJOR KEY.&nbsp;<\/strong>Carla Ib\u00e1\u00f1ez Robles. <em><em>Senior Analyst<\/em><\/em><\/p>\n\n\n\n<div id=\"block-bf1f51c3-4a95-4ca9-85eb-d01cb679f87e\" class=\"wp-block-image\"><figure class=\"aligncenter size-large is-resized\"><img loading=\"lazy\" decoding=\"async\" src=\"data:image\/gif;base64,R0lGODlhAQABAAAAACH5BAEKAAEALAAAAAABAAEAAAICTAEAOw==\" alt=\"\" class=\"wp-image-8640 lazyload\" width=\"142\" height=\"190\" data-src=\"https:\/\/biovegen.org\/wp-content\/uploads\/2020\/10\/aa.jpg\"><figcaption>Carla Ib\u00e1\u00f1ez Robles<\/figcaption><\/figure><\/div>\n\n\n\n<p>He is currently a senior analyst at CLAVE CAPITAL, working for the Agrifood Tech Transfer Fund, with experience in raising public and private funds and project management in the SME sector. I established the first Agri-Food Node in Circular economy in the Valencian Community and I have a PhD in agrobiotechnology and training in direction and management of biotechnology companies.<\/p>\n\n\n\n<hr class=\"wp-block-separator\"\/>\n\n\n\n<p><strong>Spain Food Tech Startups&#039; Program: Accelerating Agrifoodtech in Spain. EATABLE.&nbsp;<\/strong>Paula \u00c1lvarez Ameijeiras.&nbsp;<em>Eatable Adventures Ecosystem Director<\/em><\/p>\n\n\n\n<div id=\"block-bf1f51c3-4a95-4ca9-85eb-d01cb679f87e\" class=\"wp-block-image\"><figure class=\"aligncenter size-large is-resized\"><img loading=\"lazy\" decoding=\"async\" src=\"data:image\/gif;base64,R0lGODlhAQABAAAAACH5BAEKAAEALAAAAAABAAEAAAICTAEAOw==\" alt=\"\" class=\"wp-image-8467 lazyload\" width=\"142\" height=\"190\" data-src=\"https:\/\/biovegen.org\/wp-content\/uploads\/2020\/10\/aaa.jpg\"><figcaption>Paula Alvarez Ameijeiras<\/figcaption><\/figure><\/div>\n\n\n\n<p>Paula \u00c1lvarez has a degree in Human Nutrition and Dietetics from the Autonomous University of Madrid, MSc Food Consumer Marketing and Product Development from the Sheffield Hallam University and the ESIC Business School Product Marketing Program. She has extensive experience in R&amp;D&amp;I projects, strategic marketing. and consumer analysis.<\/p>\n\n\n\n<p>She is currently director of the Eatable Adventures Ecosystem, a global innovation hub specialized in the food sector that connects the most disruptive startups with corporations and investors, developing optimal collaborations with a clear mission: <strong>build the food companies of the future.<\/strong><\/p>\n\n\n\n<hr class=\"wp-block-separator\"\/>\n\n\n\n<p><strong>INCOTEC.&nbsp;<\/strong>Myriam Mart\u00ednez.&nbsp;<em>Business Development Director<\/em><\/p>\n\n\n\n<div id=\"block-bf1f51c3-4a95-4ca9-85eb-d01cb679f87e\" class=\"wp-block-image\"><figure class=\"aligncenter size-large is-resized\"><img loading=\"lazy\" decoding=\"async\" src=\"data:image\/gif;base64,R0lGODlhAQABAAAAACH5BAEKAAEALAAAAAABAAEAAAICTAEAOw==\" alt=\"\" class=\"wp-image-8660 lazyload\" width=\"142\" height=\"190\" data-src=\"https:\/\/biovegen.org\/wp-content\/uploads\/2020\/10\/foto.jpg\"><figcaption>Myriam Martinez<\/figcaption><\/figure><\/div>\n\n\n\n<p>Graduate in Environmental Sciences from the San Pablo CEU University. Master in Integrated Management of Quality, Environment and Occupational Risk Prevention and Master in Management and Management of SMEs. She is currently Head of Business Development at INCOTEC and has experience as a Client Manager at INCOTEC and as Head of Business Development at EXETECO, creating the environment division.<br>of the company.<\/p>\n\n\n\n<hr class=\"wp-block-separator\"\/>\n\n\n\n<p><strong>Opportunities and public aid in the agri-food sector.<\/strong> <strong>ZABALA. <\/strong>Fernando P\u00e9rez Miguel.&nbsp;<em>Director of the National Programs Business Unit<\/em><\/p>\n\n\n\n<div id=\"block-bf1f51c3-4a95-4ca9-85eb-d01cb679f87e\" class=\"wp-block-image\"><figure class=\"aligncenter size-large is-resized\"><img loading=\"lazy\" decoding=\"async\" src=\"data:image\/gif;base64,R0lGODlhAQABAAAAACH5BAEKAAEALAAAAAABAAEAAAICTAEAOw==\" alt=\"\" class=\"wp-image-8637 lazyload\" width=\"142\" height=\"190\" data-src=\"https:\/\/biovegen.org\/wp-content\/uploads\/2020\/10\/qqq.png\"><figcaption>Fernando P\u00e9rez Miguel<\/figcaption><\/figure><\/div>\n\n\n\n<p><strong>Fernando Perez<\/strong> He is Director of the National Projects Area of ZABALA, and Director of the Madrid Headquarters. Industrial Engineer and international MBI. More than 12 years of experience in the fields of industrial R&amp;D&amp;i projects and technology dissemination. In this period he has participated in the definition and management of more than 500 R&amp;D&amp;I projects promoted by both companies and technology centers in technological areas such as Production Technologies, Automotive, Energy, Transportation or Industrial Design.<\/p>\n\n\n\n<hr class=\"wp-block-separator has-text-color has-background is-style-wide\" style=\"background-color:#5d8719;color:#5d8719\"\/>\n\n\n\n<p><strong>Colloquium and questions<\/strong><\/p>\n\n\n\n<p><strong>Conclusions and closing<\/strong><\/p>\n\n\n\n<div style=\"height:48px\" aria-hidden=\"true\" class=\"wp-block-spacer\"><\/div>\n\n\n\n<figure class=\"wp-block-image size-large\"><img loading=\"lazy\" decoding=\"async\" width=\"1024\" height=\"768\" src=\"data:image\/gif;base64,R0lGODlhAQABAAAAACH5BAEKAAEALAAAAAABAAEAAAICTAEAOw==\" alt=\"\" class=\"wp-image-8244 lazyload\" sizes=\"(max-width: 1024px) 100vw, 1024px\" data-src=\"https:\/\/biovegen.org\/wp-content\/uploads\/2020\/09\/Sesion-III-1.jpg\" data-srcset=\"https:\/\/biovegen.org\/wp-content\/uploads\/2020\/09\/Sesion-III-1.jpg 1024w, https:\/\/biovegen.org\/wp-content\/uploads\/2020\/09\/Sesion-III-1-600x450.jpg 600w, https:\/\/biovegen.org\/wp-content\/uploads\/2020\/09\/Sesion-III-1-300x225.jpg 300w, https:\/\/biovegen.org\/wp-content\/uploads\/2020\/09\/Sesion-III-1-768x576.jpg 768w\"><\/figure>","protected":false},"excerpt":{"rendered":"<p>BIOTECH ATTRACTION \u2013 SESI\u00d3N III \u2013 Rese\u00f1as curriculares Bienvenida e introducci\u00f3n IFEMA. Ra\u00fal Calleja.&nbsp;Director FRUIT ATTRACTION Ra\u00fal Calleja es licenciado en direcci\u00f3n comercial y marketing y posee un M\u00e1ster en comunicaci\u00f3n y marketing. Adem\u00e1s, es especialista en coaching de equipos y en marketing ferial y de eventos. Tiene 16 a\u00f1os de experiencia en Ifema y [&hellip;]<\/p>\n","protected":false},"author":1,"featured_media":0,"parent":8119,"menu_order":3,"comment_status":"closed","ping_status":"closed","template":"","meta":{"_acf_changed":false,"inline_featured_image":false,"footnotes":""},"categories":[],"class_list":["post-8275","page","type-page","status-publish","hentry"],"acf":[],"_links":{"self":[{"href":"https:\/\/biovegen.org\/en\/wp-json\/wp\/v2\/pages\/8275","targetHints":{"allow":["GET"]}}],"collection":[{"href":"https:\/\/biovegen.org\/en\/wp-json\/wp\/v2\/pages"}],"about":[{"href":"https:\/\/biovegen.org\/en\/wp-json\/wp\/v2\/types\/page"}],"author":[{"embeddable":true,"href":"https:\/\/biovegen.org\/en\/wp-json\/wp\/v2\/users\/1"}],"replies":[{"embeddable":true,"href":"https:\/\/biovegen.org\/en\/wp-json\/wp\/v2\/comments?post=8275"}],"version-history":[{"count":0,"href":"https:\/\/biovegen.org\/en\/wp-json\/wp\/v2\/pages\/8275\/revisions"}],"up":[{"embeddable":true,"href":"https:\/\/biovegen.org\/en\/wp-json\/wp\/v2\/pages\/8119"}],"wp:attachment":[{"href":"https:\/\/biovegen.org\/en\/wp-json\/wp\/v2\/media?parent=8275"}],"wp:term":[{"taxonomy":"category","embeddable":true,"href":"https:\/\/biovegen.org\/en\/wp-json\/wp\/v2\/categories?post=8275"}],"curies":[{"name":"wp","href":"https:\/\/api.w.org\/{rel}","templated":true}]}}

<h2 class="has-text-color wp-block-heading" style="color:#5d8719"><strong>BIOTECH ATTRACTION – SESSION III – Curriculum reviews</strong></h2>



<p><strong>Welcome and introduction</strong></p>



<p><strong>IFEMA</strong>. Raul Calleja.&nbsp;<em>Director FRUIT ATTRACTION</em></p>



<div id="block-986df78e-4d1b-4c2e-9894-8c26671cf903" class="wp-block-image"><figure class="aligncenter is-resized"><img decoding="async" src="data:image/gif;base64,R0lGODlhAQABAAAAACH5BAEKAAEALAAAAAABAAEAAAICTAEAOw==" alt="La imagen tiene un atributo ALT vacío; su nombre de archivo es Raul-Calleja.jpg" width="142" height="190" class="lazyload" data-src="https://biovegen.org/wp-content/uploads/2020/09/Raul-Calleja.jpg"><figcaption>Raul Calleja</figcaption></figure></div>



<p>Raúl Calleja has a degree in commercial management and marketing and has a Master&#039;s degree in communication and marketing. In addition, he is a specialist in team coaching and trade fair and event marketing. He has 16 years of experience at Ifema and is currently director of Ifema agri-food events (Fruit Attraction, Meat Attraction or Intersicop).</p>



<hr class="wp-block-separator"/>



<p><strong>BIOVEGEN</strong>. Gonzaga Ruiz de Gauna.&nbsp;<em>Manager</em></p>



<div id="block-0a23c9ac-86db-4be0-a29f-19511b0b876d" class="wp-block-image"><figure class="aligncenter is-resized"><img decoding="async" src="data:image/gif;base64,R0lGODlhAQABAAAAACH5BAEKAAEALAAAAAABAAEAAAICTAEAOw==" alt="La imagen tiene un atributo ALT vacío; su nombre de archivo es Gonzaga-Ruiz-de-Gauna.jpg" width="142" height="190" class="lazyload" data-src="https://biovegen.org/wp-content/uploads/2020/09/Gonzaga-Ruiz-de-Gauna.jpg"><figcaption>Gonzaga Ruiz de Gauna</figcaption></figure></div>



<p>Gonzaga Ruiz de Gauna Gutiérrez is an agricultural engineer and has a Master&#039;s degree in Biotechnology Business Management from the Aliter International Business School. Currently, he works as manager and coordinator of the <em>Association for the Promotion of R&amp;D in Plant Genomics (INVEGEN)</em> entity that brings together companies and research organizations in the agriculture and plant production sector, and that aims to improve the competitiveness of the sector through the incorporation of new technologies and the promotion of R&amp;D activities related to Plant Biotechnology such as innovation engine.</p>



<hr class="wp-block-separator has-text-color has-background is-style-wide" style="background-color:#5d8719;color:#5d8719"/>



<p><strong>PRESENTATIONS</strong></p>



<p><strong>Support for International Technological Cooperation in R&amp;D&amp;i.</strong> <strong>CDTI.&nbsp;</strong>Angeles Valbuena.&nbsp;<em>CDTI Foreign Technological Action</em></p>



<div id="block-bf1f51c3-4a95-4ca9-85eb-d01cb679f87e" class="wp-block-image"><figure class="aligncenter size-large is-resized"><img decoding="async" src="data:image/gif;base64,R0lGODlhAQABAAAAACH5BAEKAAEALAAAAAABAAEAAAICTAEAOw==" alt="" class="wp-image-8543 lazyload" width="142" height="190" data-src="https://biovegen.org/wp-content/uploads/2020/10/Imagen1.png"><figcaption>Angeles Valbuena</figcaption></figure></div>



<p>Ángeles is an Industrial Engineer, specializing in Construction and has completed an Executive Program in Renewable Energy Project Management from the EOI. He began his professional career in the environment and water management sector, soon focusing on the automotive sector. He worked since 1999 as a project manager for several multinationals, such as ZF Friedrichschafen AG, Robert Bosch GmbH or Grupo Antolín.</p>



<p>In 2007, he joined the Technical Evaluation Directorate of CDTI, where he joined the Production Technologies department. In 2010, he moved to the International Directorate of CDTI, to take charge of the representation and management of the International Technology Cooperation programs with the Asia and Pacific Region. Since May 2018, she has been responsible for the Foreign Technological Action department, coordinating and representing, together with her team, various Multilateral and Bilateral Cooperation Programs, with more than 27 countries where CDTI is represented.</p>



<hr class="wp-block-separator"/>



<p><strong>Promotion of R&amp;D&amp;i with private investment: technological patronage. KAUDAL.&nbsp;</strong>Alex Marin.&nbsp;<em>R&amp;D Investment Manager</em></p>



<div id="block-bf1f51c3-4a95-4ca9-85eb-d01cb679f87e" class="wp-block-image"><figure class="aligncenter size-large is-resized"><img loading="lazy" decoding="async" src="data:image/gif;base64,R0lGODlhAQABAAAAACH5BAEKAAEALAAAAAABAAEAAAICTAEAOw==" alt="" class="wp-image-8277 lazyload" width="142" height="190" data-src="https://biovegen.org/wp-content/uploads/2020/10/Alex-Marin.png"><figcaption>Alex Marin</figcaption></figure></div>



<p>Alex Marín Villanueva has extensive experience in business development and financing of technological projects both nationally and internationally. In his previous stage at CDTI, he was an advisor on innovation and international technological cooperation at the Economic and Commercial Office of the Spanish Embassy in Los Angeles (California). In the last two years, Álex has managed financing through Technological Patronage of more than €10M in R&amp;D projects. Graduated in Public Works Engineering from the Polytechnic University of Valencia, Álex also has different programs in international technological cooperation, innovation and entrepreneurship.</p>



<hr class="wp-block-separator"/>



<p><br><strong>Valuation of research in the AgBiotech sector.</strong> <strong>MAJOR KEY.&nbsp;</strong>Carla Ibáñez Robles. <em><em>Senior Analyst</em></em></p>



<div id="block-bf1f51c3-4a95-4ca9-85eb-d01cb679f87e" class="wp-block-image"><figure class="aligncenter size-large is-resized"><img loading="lazy" decoding="async" src="data:image/gif;base64,R0lGODlhAQABAAAAACH5BAEKAAEALAAAAAABAAEAAAICTAEAOw==" alt="" class="wp-image-8640 lazyload" width="142" height="190" data-src="https://biovegen.org/wp-content/uploads/2020/10/aa.jpg"><figcaption>Carla Ibáñez Robles</figcaption></figure></div>



<p>He is currently a senior analyst at CLAVE CAPITAL, working for the Agrifood Tech Transfer Fund, with experience in raising public and private funds and project management in the SME sector. I established the first Agri-Food Node in Circular economy in the Valencian Community and I have a PhD in agrobiotechnology and training in direction and management of biotechnology companies.</p>



<hr class="wp-block-separator"/>



<p><strong>Spain Food Tech Startups&#039; Program: Accelerating Agrifoodtech in Spain. EATABLE.&nbsp;</strong>Paula Álvarez Ameijeiras.&nbsp;<em>Eatable Adventures Ecosystem Director</em></p>



<div id="block-bf1f51c3-4a95-4ca9-85eb-d01cb679f87e" class="wp-block-image"><figure class="aligncenter size-large is-resized"><img loading="lazy" decoding="async" src="data:image/gif;base64,R0lGODlhAQABAAAAACH5BAEKAAEALAAAAAABAAEAAAICTAEAOw==" alt="" class="wp-image-8467 lazyload" width="142" height="190" data-src="https://biovegen.org/wp-content/uploads/2020/10/aaa.jpg"><figcaption>Paula Alvarez Ameijeiras</figcaption></figure></div>



<p>Paula Álvarez has a degree in Human Nutrition and Dietetics from the Autonomous University of Madrid, MSc Food Consumer Marketing and Product Development from the Sheffield Hallam University and the ESIC Business School Product Marketing Program. She has extensive experience in R&amp;D&amp;I projects, strategic marketing. and consumer analysis.</p>



<p>She is currently director of the Eatable Adventures Ecosystem, a global innovation hub specialized in the food sector that connects the most disruptive startups with corporations and investors, developing optimal collaborations with a clear mission: <strong>build the food companies of the future.</strong></p>



<hr class="wp-block-separator"/>



<p><strong>INCOTEC.&nbsp;</strong>Myriam Martínez.&nbsp;<em>Business Development Director</em></p>



<div id="block-bf1f51c3-4a95-4ca9-85eb-d01cb679f87e" class="wp-block-image"><figure class="aligncenter size-large is-resized"><img loading="lazy" decoding="async" src="data:image/gif;base64,R0lGODlhAQABAAAAACH5BAEKAAEALAAAAAABAAEAAAICTAEAOw==" alt="" class="wp-image-8660 lazyload" width="142" height="190" data-src="https://biovegen.org/wp-content/uploads/2020/10/foto.jpg"><figcaption>Myriam Martinez</figcaption></figure></div>



<p>Graduate in Environmental Sciences from the San Pablo CEU University. Master in Integrated Management of Quality, Environment and Occupational Risk Prevention and Master in Management and Management of SMEs. She is currently Head of Business Development at INCOTEC and has experience as a Client Manager at INCOTEC and as Head of Business Development at EXETECO, creating the environment division.<br>of the company.</p>



<hr class="wp-block-separator"/>



<p><strong>Opportunities and public aid in the agri-food sector.</strong> <strong>ZABALA. </strong>Fernando Pérez Miguel.&nbsp;<em>Director of the National Programs Business Unit</em></p>



<div id="block-bf1f51c3-4a95-4ca9-85eb-d01cb679f87e" class="wp-block-image"><figure class="aligncenter size-large is-resized"><img loading="lazy" decoding="async" src="data:image/gif;base64,R0lGODlhAQABAAAAACH5BAEKAAEALAAAAAABAAEAAAICTAEAOw==" alt="" class="wp-image-8637 lazyload" width="142" height="190" data-src="https://biovegen.org/wp-content/uploads/2020/10/qqq.png"><figcaption>Fernando Pérez Miguel</figcaption></figure></div>



<p><strong>Fernando Perez</strong> He is Director of the National Projects Area of ZABALA, and Director of the Madrid Headquarters. Industrial Engineer and international MBI. More than 12 years of experience in the fields of industrial R&amp;D&amp;i projects and technology dissemination. In this period he has participated in the definition and management of more than 500 R&amp;D&amp;I projects promoted by both companies and technology centers in technological areas such as Production Technologies, Automotive, Energy, Transportation or Industrial Design.</p>



<hr class="wp-block-separator has-text-color has-background is-style-wide" style="background-color:#5d8719;color:#5d8719"/>



<p><strong>Colloquium and questions</strong></p>



<p><strong>Conclusions and closing</strong></p>



<div style="height:48px" aria-hidden="true" class="wp-block-spacer"></div>



<figure class="wp-block-image size-large"><img loading="lazy" decoding="async" width="1024" height="768" src="data:image/gif;base64,R0lGODlhAQABAAAAACH5BAEKAAEALAAAAAABAAEAAAICTAEAOw==" alt="" class="wp-image-8244 lazyload" sizes="(max-width: 1024px) 100vw, 1024px" data-src="https://biovegen.org/wp-content/uploads/2020/09/Sesion-III-1.jpg" data-srcset="https://biovegen.org/wp-content/uploads/2020/09/Sesion-III-1.jpg 1024w, https://biovegen.org/wp-content/uploads/2020/09/Sesion-III-1-600x450.jpg 600w, https://biovegen.org/wp-content/uploads/2020/09/Sesion-III-1-300x225.jpg 300w, https://biovegen.org/wp-content/uploads/2020/09/Sesion-III-1-768x576.jpg 768w"></figure>

<p>BIOTECH ATTRACTION – SESIÓN III – Reseñas curriculares Bienvenida e introducción IFEMA. Raúl Calleja.&nbsp;Director FRUIT ATTRACTION Raúl Calleja es licenciado en dirección comercial y marketing y posee un Máster en comunicación y marketing. Además, es especialista en coaching de equipos y en marketing ferial y de eventos. Tiene 16 años de experiencia en Ifema y [&hellip;]</p>
