{"id":3640,"date":"2017-07-11T00:00:00","date_gmt":"2017-07-11T00:00:00","guid":{"rendered":"https:\/\/biovegen.org\/?post_type=evento&#038;p=3640"},"modified":"2020-05-11T07:44:58","modified_gmt":"2020-05-11T07:44:58","slug":"xii-reunion-de-la-secivtv","status":"publish","type":"evento","link":"https:\/\/biovegen.org\/en\/eventos\/xii-reunion-de-la-secivtv\/","title":{"rendered":"XII SECIVTV Meeting"},"content":{"rendered":"<h2 class=\"wp-block-heading\"><strong><span style=\"color:#5d8719\" class=\"has-inline-color\">BIOVEGEN will participate in the XII Meeting of the Spanish Society of In Vitro Culture of Plant Tissues<\/span><\/strong><\/h2>\n\n\n\n<h2 class=\"has-text-align-center wp-block-heading\"><strong>September 13, 14 and 15, 2017. Madrid<\/strong><\/h2>\n\n\n\n<div class=\"wp-block-columns is-layout-flex wp-container-core-columns-is-layout-9d6595d7 wp-block-columns-is-layout-flex\">\n<div class=\"wp-block-column is-layout-flow wp-block-column-is-layout-flow\">\n<div class=\"wp-block-buttons aligncenter is-layout-flex wp-block-buttons-is-layout-flex\">\n<div class=\"wp-block-button\"><a class=\"wp-block-button__link no-border-radius\" href=\"https:\/\/www.google.com\/maps\/place\/CSIC\/@40.4411097,-3.6861967,15z\/data=!4m2!3m1!1s0x0:0xe642b5253f0fecf9?sa=X&amp;ved=2ahUKEwiemfWU1pzpAhUJT8AKHRAjAf8Q_BIwCnoECBMQCA\" target=\"_blank\" rel=\"noreferrer noopener\"><strong>Location<\/strong><\/a><\/div>\n<\/div>\n<\/div>\n\n\n\n<div class=\"wp-block-column is-layout-flow wp-block-column-is-layout-flow\">\n<div class=\"wp-block-buttons aligncenter is-layout-flex wp-block-buttons-is-layout-flex\">\n<div class=\"wp-block-button\"><a class=\"wp-block-button__link no-border-radius\" href=\"https:\/\/congresosalcala.fgua.es\/secivtv2017\/ficha\/1318\/programa\/\" target=\"_blank\" rel=\"noreferrer noopener\"><strong>Program<\/strong><\/a><\/div>\n<\/div>\n<\/div>\n\n\n\n<div class=\"wp-block-column is-layout-flow wp-block-column-is-layout-flow\">\n<div class=\"wp-block-buttons aligncenter is-layout-flex wp-block-buttons-is-layout-flex\">\n<div class=\"wp-block-button\"><a class=\"wp-block-button__link no-border-radius\" href=\"https:\/\/biovegen.org\/actualidad\/noticias\/biovegen-participa-en-la-xii-reunion-de-la-secivtv\/\" target=\"_blank\" rel=\"noreferrer noopener\"><strong>Conclusions<\/strong><\/a><\/div>\n<\/div>\n<\/div>\n<\/div>\n\n\n\n<p> <\/p>\n\n\n\n<p>BIOVEGEN will participate in the \u201c12th Meeting of the Spanish Society for In Vitro Plant Tissue Culture (SECIVTV)\u201d that will take place in Madrid on 13, 14 and 15 September 2017. The event is jointly organized by the Centre for Biological Research of the Spanish National Research Council (CIB-CSIC) and the Higher Technical School of Agricultural, Food and Biosystems Engineering of the Polytechnic University of Madrid (ETSIAAB-UPM).<\/p>\n\n\n\n<p>The meeting will address the most current topics in in vitro plant culture research, through plenary lectures, oral scientific sessions and posters. It will be addressed to all those interested in in vitro plant culture, scientists, companies, young researchers, etc.<\/p>\n\n\n\n<p>BIOVEGEN will participate in the special session <strong>\u201cScience and business, the challenge of transferring knowledge to the productive sector\u201d<\/strong> which will take place on Friday, September 15 at 9:00 a.m. and will discuss the importance of plant biotechnology and technology transfer activities in the private sector.<\/p>","protected":false},"excerpt":{"rendered":"<p>BIOVEGEN participar\u00e1 en la XII Reuni\u00f3n de la Sociedad Espa\u00f1ola de Cultivo In Vitro de Tejidos Vegetales 13, 14 y 15 de septiembre de 2017. Madrid BIOVEGEN participar\u00e1 en la \u201cXII Reuni\u00f3n de la Sociedad Espa\u00f1ola de Cultivo In Vitro de Tejidos Vegetales (SECIVTV)\u201d que tendr\u00e1 lugar en Madrid los d\u00edas 13, 14 y 15 [&hellip;]<\/p>\n","protected":false},"featured_media":3641,"template":"","meta":{"_acf_changed":false,"inline_featured_image":false},"categories":[20,30],"tags":[],"class_list":["post-3640","evento","type-evento","status-publish","has-post-thumbnail","hentry","category-eventos","category-congresos-cientificos"],"acf":[],"_links":{"self":[{"href":"https:\/\/biovegen.org\/en\/wp-json\/wp\/v2\/evento\/3640","targetHints":{"allow":["GET"]}}],"collection":[{"href":"https:\/\/biovegen.org\/en\/wp-json\/wp\/v2\/evento"}],"about":[{"href":"https:\/\/biovegen.org\/en\/wp-json\/wp\/v2\/types\/evento"}],"wp:featuredmedia":[{"embeddable":true,"href":"https:\/\/biovegen.org\/en\/wp-json\/wp\/v2\/media\/3641"}],"wp:attachment":[{"href":"https:\/\/biovegen.org\/en\/wp-json\/wp\/v2\/media?parent=3640"}],"wp:term":[{"taxonomy":"category","embeddable":true,"href":"https:\/\/biovegen.org\/en\/wp-json\/wp\/v2\/categories?post=3640"},{"taxonomy":"post_tag","embeddable":true,"href":"https:\/\/biovegen.org\/en\/wp-json\/wp\/v2\/tags?post=3640"}],"curies":[{"name":"wp","href":"https:\/\/api.w.org\/{rel}","templated":true}]}}

<p>BIOVEGEN participará en la XII Reunión de la Sociedad Española de Cultivo In Vitro de Tejidos Vegetales 13, 14 y 15 de septiembre de 2017. Madrid BIOVEGEN participará en la “XII Reunión de la Sociedad Española de Cultivo In Vitro de Tejidos Vegetales (SECIVTV)” que tendrá lugar en Madrid los días 13, 14 y 15 [&hellip;]</p>
