{"id":3630,"date":"2017-08-09T00:00:00","date_gmt":"2017-08-09T00:00:00","guid":{"rendered":"https:\/\/biovegen.org\/?post_type=evento&#038;p=3630"},"modified":"2020-05-11T07:43:22","modified_gmt":"2020-05-11T07:43:22","slug":"solcuc-2017","status":"publish","type":"evento","link":"https:\/\/biovegen.org\/en\/eventos\/solcuc-2017\/","title":{"rendered":"SOLCUC 2017"},"content":{"rendered":"<h2 class=\"wp-block-heading\"><strong><span style=\"color:#5d8719\" class=\"has-inline-color\">BIOVEGEN will participate in SOLCUC 2017<\/span><\/strong><\/h2>\n\n\n\n<h2 class=\"has-text-align-center wp-block-heading\"><strong>September 3, 4, 5 and 6, 2017. Valencia<\/strong><\/h2>\n\n\n\n<div class=\"wp-block-columns is-layout-flex wp-container-core-columns-is-layout-9d6595d7 wp-block-columns-is-layout-flex\">\n<div class=\"wp-block-column is-layout-flow wp-block-column-is-layout-flow\">\n<div class=\"wp-block-buttons is-layout-flex wp-block-buttons-is-layout-flex\">\n<div class=\"wp-block-button\"><a class=\"wp-block-button__link no-border-radius\" href=\"https:\/\/www.google.com\/maps\/place\/Palacio+de+Congresos+de+Valencia\/@39.4962485,-0.4020685,15z\/data=!4m2!3m1!1s0x0:0x57f0971a872eac3b?sa=X&amp;ved=2ahUKEwi3w9vk0pzpAhVKTBoKHd49AFAQ_BIwCnoECBIQCA\" target=\"_blank\" rel=\"noreferrer noopener\"><strong>Location<\/strong><\/a><\/div>\n<\/div>\n<\/div>\n\n\n\n<div class=\"wp-block-column is-layout-flow wp-block-column-is-layout-flow\">\n<div class=\"wp-block-buttons is-layout-flex wp-block-buttons-is-layout-flex\">\n<div class=\"wp-block-button\"><a class=\"wp-block-button__link no-border-radius\" href=\"http:\/\/solcuc2017.org\/index.php?go=programa\" target=\"_blank\" rel=\"noreferrer noopener\"><strong>Program<\/strong><\/a><\/div>\n<\/div>\n<\/div>\n\n\n\n<div class=\"wp-block-column is-layout-flow wp-block-column-is-layout-flow\">\n<div class=\"wp-block-buttons is-layout-flex wp-block-buttons-is-layout-flex\">\n<div class=\"wp-block-button\"><a class=\"wp-block-button__link no-border-radius\" href=\"https:\/\/biovegen.org\/actualidad\/noticias\/biovegen-participa-en-solcuc-2017\/\" target=\"_blank\" rel=\"noreferrer noopener\"><strong>Conclusions<\/strong><\/a><\/div>\n<\/div>\n<\/div>\n<\/div>\n\n\n\n<p>BIOVEGEN will participate as a speaker at SOLCUC 2017 (International Solanaceae and Cucurbitaceae Genomics Conference). SOLCUC 2017 is a leading international conference that brings together the scientific community working on research on Solanaceae (tomato, pepper, eggplant, tobacco...) and Cucurbitaceae (melon, watermelon, cucumber, zucchini, pumpkin...).<\/p>\n\n\n\n<p><strong>Goals:<\/strong><\/p>\n\n\n\n<ul class=\"wp-block-list\"><li>Address important aspects related to the latest scientific discoveries in the field of cucurbits and solanaceae.<\/li><li>Serve as a meeting point for the exchange of ideas and the promotion of new collaborations and synergies.<\/li><\/ul>\n\n\n\n<p>BIOVEGEN will participate as a speaker in the Round Table \u201cGenomics Research: The companies View\u201d scheduled for September 6 and will feature companies in the field of genetic improvement.<\/p>\n\n\n\n<div style=\"height:25px\" aria-hidden=\"true\" class=\"wp-block-spacer\"><\/div>\n\n\n\n<h2 class=\"has-text-align-center wp-block-heading\"><strong>Special conditions of participation for BIOVEGEN members<\/strong><\/h2>\n\n\n\n<p>In addition, the organizers offer BIOVEGEN member companies the possibility of:<\/p>\n\n\n\n<ul class=\"wp-block-list\"><li>Participate in the Round Table (includes free attendance on day 6 \u2013 under approval of the organizing committee)<\/li><li>Participate in the Congress or part of it<\/li><\/ul>","protected":false},"excerpt":{"rendered":"<p>BIOVEGEN participar\u00e1 en SOLCUC 2017 3, 4, 5 y 6 de septiembre de 2017. Valencia BIOVEGEN participar\u00e1 como ponente en SOLCUC 2017 (Conferencia Internacional de Gen\u00f3mica de Solan\u00e1ceas y Cucurbit\u00e1ceas). SOLCUC 2017 es un congreso internacional de referencia que re\u00fane a la comunidad cient\u00edfica que trabaja en el investigaci\u00f3n en Solan\u00e1ceas (tomate, pimiento, berenjena, tabaco\u2026) [&hellip;]<\/p>\n","protected":false},"featured_media":3632,"template":"","meta":{"_acf_changed":false,"inline_featured_image":false},"categories":[20,30],"tags":[],"class_list":["post-3630","evento","type-evento","status-publish","has-post-thumbnail","hentry","category-eventos","category-congresos-cientificos"],"acf":[],"_links":{"self":[{"href":"https:\/\/biovegen.org\/en\/wp-json\/wp\/v2\/evento\/3630","targetHints":{"allow":["GET"]}}],"collection":[{"href":"https:\/\/biovegen.org\/en\/wp-json\/wp\/v2\/evento"}],"about":[{"href":"https:\/\/biovegen.org\/en\/wp-json\/wp\/v2\/types\/evento"}],"wp:featuredmedia":[{"embeddable":true,"href":"https:\/\/biovegen.org\/en\/wp-json\/wp\/v2\/media\/3632"}],"wp:attachment":[{"href":"https:\/\/biovegen.org\/en\/wp-json\/wp\/v2\/media?parent=3630"}],"wp:term":[{"taxonomy":"category","embeddable":true,"href":"https:\/\/biovegen.org\/en\/wp-json\/wp\/v2\/categories?post=3630"},{"taxonomy":"post_tag","embeddable":true,"href":"https:\/\/biovegen.org\/en\/wp-json\/wp\/v2\/tags?post=3630"}],"curies":[{"name":"wp","href":"https:\/\/api.w.org\/{rel}","templated":true}]}}

<p>BIOVEGEN participará en SOLCUC 2017 3, 4, 5 y 6 de septiembre de 2017. Valencia BIOVEGEN participará como ponente en SOLCUC 2017 (Conferencia Internacional de Genómica de Solanáceas y Cucurbitáceas). SOLCUC 2017 es un congreso internacional de referencia que reúne a la comunidad científica que trabaja en el investigación en Solanáceas (tomate, pimiento, berenjena, tabaco…) [&hellip;]</p>
