{"id":3623,"date":"2018-08-08T00:00:00","date_gmt":"2018-08-08T00:00:00","guid":{"rendered":"https:\/\/biovegen.org\/?post_type=evento&#038;p=3623"},"modified":"2020-05-11T07:36:30","modified_gmt":"2020-05-11T07:36:30","slug":"ix-congreso-de-mejora-genetica-de-plantas-cmgp","status":"publish","type":"evento","link":"https:\/\/biovegen.org\/en\/eventos\/ix-congreso-de-mejora-genetica-de-plantas-cmgp\/","title":{"rendered":"IX Plant Genetic Improvement Congress (CMGP)"},"content":{"rendered":"<h2 class=\"wp-block-heading\"><strong><span style=\"color:#5d8719\" class=\"has-inline-color\">BIOVEGEN \u201cScience-Business\u201d Session<\/span><\/strong><\/h2>\n\n\n\n<h2 class=\"has-text-align-center wp-block-heading\"><strong>September 18, 19 and 20, 2018. Murcia<\/strong><\/h2>\n\n\n\n<div class=\"wp-block-columns is-layout-flex wp-container-core-columns-is-layout-9d6595d7 wp-block-columns-is-layout-flex\">\n<div class=\"wp-block-column is-layout-flow wp-block-column-is-layout-flow\">\n<div class=\"wp-block-buttons aligncenter is-layout-flex wp-block-buttons-is-layout-flex\">\n<div class=\"wp-block-button\"><a class=\"wp-block-button__link no-border-radius\" href=\"https:\/\/www.google.es\/maps\/place\/Auditorio+Victor+Villegas\/@37.983492,-1.116051,17z\/data=!3m1!4b1!4m5!3m4!1s0xd63826cd7baef3d:0xe3f05dda709d0c1a!8m2!3d37.9834878!4d-1.1138623\" target=\"_blank\" rel=\"noreferrer noopener\"><strong>Location<\/strong><\/a><\/div>\n<\/div>\n<\/div>\n\n\n\n<div class=\"wp-block-column is-layout-flow wp-block-column-is-layout-flow\">\n<div class=\"wp-block-buttons aligncenter is-layout-flex wp-block-buttons-is-layout-flex\">\n<div class=\"wp-block-button\"><a class=\"wp-block-button__link no-border-radius\" href=\"https:\/\/www.mejoraplantasmurcia2018.es\/\" target=\"_blank\" rel=\"noreferrer noopener\"><strong>Program<\/strong><\/a><\/div>\n<\/div>\n<\/div>\n\n\n\n<div class=\"wp-block-column is-layout-flow wp-block-column-is-layout-flow\">\n<div class=\"wp-block-buttons aligncenter is-layout-flex wp-block-buttons-is-layout-flex\">\n<div class=\"wp-block-button\"><a class=\"wp-block-button__link no-border-radius\" href=\"https:\/\/biovegen.org\/actualidad\/eventos\/biovegen-celebra-la-sesion-ciencia-empresa-durante-el-ix-congreso-de-mejora-genetica-de-plantas\/\" target=\"_blank\" rel=\"noreferrer noopener\"><strong>Conclusions<\/strong><\/a><\/div>\n<\/div>\n<\/div>\n<\/div>\n\n\n\n<p>This year, the Plant Genetic Improvement Congress will feature a&nbsp;<strong>Science-Business Session<\/strong>&nbsp;(Thursday, September 20, 3:30-5:30 p.m.), organized by BIOVEGEN and which will bring together&nbsp;<strong>researchers and companies<\/strong>&nbsp;to enhance Science-Business collaboration.<\/p>\n\n\n\n<p>The Congress will bring together researchers, teachers, technicians and companies from the sector with the aim of offering a framework that encourages debate, dissemination and updating on advances and trends in the different fields that make up plant genetic improvement. The scientific program will cover news, innovations and information related to current trends in plant genetic improvement and will be organized based on thematic sessions. Discussion and sharing of advances in each area will be encouraged.<\/p>\n\n\n\n<p><strong>Goals:<\/strong><\/p>\n\n\n\n<ul class=\"wp-block-list\"><li>To make known the latest advances in research in Scientific Plant Improvement to the scientific and business sector<\/li><li>Provide a favorable environment for scientific interaction<\/li><li>To offer a framework for meeting and exchanging ideas in the field of genetics, biotechnology and plant breeding<\/li><\/ul>\n\n\n\n<div style=\"height:25px\" aria-hidden=\"true\" class=\"wp-block-spacer\"><\/div>\n\n\n\n<h2 class=\"has-text-align-center wp-block-heading\"><strong>Special conditions of participation for BIOVEGEN members<\/strong><\/h2>\n\n\n\n<p>Due to the involvement of our Platform in the organization of the event, BIOVEGEN partners have special conditions for participation in the Congress:<\/p>\n\n\n\n<ul class=\"wp-block-list\"><li><strong>BIOVEGEN partner companies:&nbsp;<\/strong>50% discount on attendance at the full Congress.<\/li><li><strong>BIOVEGEN Speakers:<\/strong>&nbsp;free attendance\/participation.<\/li><\/ul>\n\n\n\n<div style=\"height:25px\" aria-hidden=\"true\" class=\"wp-block-spacer\"><\/div>\n\n\n\n<h2 class=\"wp-block-heading\"><strong><span style=\"color:#5d8719\" class=\"has-inline-color\">BIOVEGEN session program<\/span><\/strong><\/h2>\n\n\n\n<p><strong>Moderate<\/strong>: Gonzaga Ruiz de Gauna. <em>BIOVEGEN<\/em><\/p>\n\n\n\n<p><strong><span style=\"color:#5d8719\" class=\"has-inline-color\">3:30 p.m. Company presentations.<\/span><\/strong><\/p>\n\n\n\n<ul class=\"wp-block-list\"><li><strong>ABIOPEP<\/strong>. Yolanda Hernando. <em>Director of Innovation, Regulation and IP.<\/em><\/li><li><strong>AGRICULTURAL THE FOREST<\/strong>. Ruben Palanco. <em>R&amp;D&amp;I Director.<\/em><\/li><li><strong>INVESEED<\/strong>. Claudio Vidal. <em>R&amp;D&amp;I Director.<\/em><\/li><li><strong>TOP SEEDS.<\/strong> Francisco Maleno. <em>Director Spain and Portugal.<\/em><\/li><li><strong>AGROINTEC<\/strong>. Angel Leo-Revilla. <em>Managing Director.<\/em><\/li><li><strong>SYNTECH RESEARCH. <\/strong>Jos\u00e9 Joaqu\u00edn Forte. <em>Director of studies.<\/em><\/li><\/ul>\n\n\n\n<p><strong><span style=\"color:#5d8719\" class=\"has-inline-color\">5:10 p.m. Financing presentations<\/span><\/strong><\/p>\n\n\n\n<ul class=\"wp-block-list\"><li><strong>CDTI<\/strong>. <strong>Financing of innovation in companies.<\/strong> Carlos Franco. <em>Responsible for agri-food sector projects.<\/em><\/li><li><strong>BIOVEGEN<\/strong>. <strong>Science-Business Dynamization and project management<\/strong>. Gonzaga Ruiz de Gauna. Coordinator.<\/li><\/ul>\n\n\n\n<p><strong><span style=\"color:#5d8719\" class=\"has-inline-color\">5:30 p.m. End of session<\/span><\/strong><\/p>","protected":false},"excerpt":{"rendered":"<p>Sesi\u00f3n BIOVEGEN \u201cCiencia-Empresa\u201d 18, 19 y 20 de septiembre de 2018. Murcia El Congreso de Mejora Gen\u00e9tica de Plantas contar\u00e1 este a\u00f1o con una&nbsp;Sesi\u00f3n Ciencia-Empresa&nbsp;(jueves&nbsp;20 de septiembre, 15:30-17:30 horas), organizada por BIOVEGEN y que reunir\u00e1 a&nbsp;investigadores y empresas&nbsp;para potenciar la colaboraci\u00f3n Ciencia-Empresa. El Congreso reunir\u00e1 a investigadores, docentes, t\u00e9cnicos y empresas del sector con el [&hellip;]<\/p>\n","protected":false},"featured_media":3624,"template":"","meta":{"_acf_changed":false,"inline_featured_image":false},"categories":[20,30],"tags":[],"class_list":["post-3623","evento","type-evento","status-publish","has-post-thumbnail","hentry","category-eventos","category-congresos-cientificos"],"acf":[],"_links":{"self":[{"href":"https:\/\/biovegen.org\/en\/wp-json\/wp\/v2\/evento\/3623","targetHints":{"allow":["GET"]}}],"collection":[{"href":"https:\/\/biovegen.org\/en\/wp-json\/wp\/v2\/evento"}],"about":[{"href":"https:\/\/biovegen.org\/en\/wp-json\/wp\/v2\/types\/evento"}],"wp:featuredmedia":[{"embeddable":true,"href":"https:\/\/biovegen.org\/en\/wp-json\/wp\/v2\/media\/3624"}],"wp:attachment":[{"href":"https:\/\/biovegen.org\/en\/wp-json\/wp\/v2\/media?parent=3623"}],"wp:term":[{"taxonomy":"category","embeddable":true,"href":"https:\/\/biovegen.org\/en\/wp-json\/wp\/v2\/categories?post=3623"},{"taxonomy":"post_tag","embeddable":true,"href":"https:\/\/biovegen.org\/en\/wp-json\/wp\/v2\/tags?post=3623"}],"curies":[{"name":"wp","href":"https:\/\/api.w.org\/{rel}","templated":true}]}}

<h2 class="wp-block-heading"><strong><span style="color:#5d8719" class="has-inline-color">BIOVEGEN “Science-Business” Session</span></strong></h2>



<h2 class="has-text-align-center wp-block-heading"><strong>September 18, 19 and 20, 2018. Murcia</strong></h2>



<div class="wp-block-columns is-layout-flex wp-container-core-columns-is-layout-9d6595d7 wp-block-columns-is-layout-flex">
<div class="wp-block-column is-layout-flow wp-block-column-is-layout-flow">
<div class="wp-block-buttons aligncenter is-layout-flex wp-block-buttons-is-layout-flex">
<div class="wp-block-button"><a class="wp-block-button__link no-border-radius" href="https://www.google.es/maps/place/Auditorio+Victor+Villegas/@37.983492,-1.116051,17z/data=!3m1!4b1!4m5!3m4!1s0xd63826cd7baef3d:0xe3f05dda709d0c1a!8m2!3d37.9834878!4d-1.1138623" target="_blank" rel="noreferrer noopener"><strong>Location</strong></a></div>
</div>
</div>



<div class="wp-block-column is-layout-flow wp-block-column-is-layout-flow">
<div class="wp-block-buttons aligncenter is-layout-flex wp-block-buttons-is-layout-flex">
<div class="wp-block-button"><a class="wp-block-button__link no-border-radius" href="https://www.mejoraplantasmurcia2018.es/" target="_blank" rel="noreferrer noopener"><strong>Program</strong></a></div>
</div>
</div>



<div class="wp-block-column is-layout-flow wp-block-column-is-layout-flow">
<div class="wp-block-buttons aligncenter is-layout-flex wp-block-buttons-is-layout-flex">
<div class="wp-block-button"><a class="wp-block-button__link no-border-radius" href="https://biovegen.org/actualidad/eventos/biovegen-celebra-la-sesion-ciencia-empresa-durante-el-ix-congreso-de-mejora-genetica-de-plantas/" target="_blank" rel="noreferrer noopener"><strong>Conclusions</strong></a></div>
</div>
</div>
</div>



<p>This year, the Plant Genetic Improvement Congress will feature a&nbsp;<strong>Science-Business Session</strong>&nbsp;(Thursday, September 20, 3:30-5:30 p.m.), organized by BIOVEGEN and which will bring together&nbsp;<strong>researchers and companies</strong>&nbsp;to enhance Science-Business collaboration.</p>



<p>The Congress will bring together researchers, teachers, technicians and companies from the sector with the aim of offering a framework that encourages debate, dissemination and updating on advances and trends in the different fields that make up plant genetic improvement. The scientific program will cover news, innovations and information related to current trends in plant genetic improvement and will be organized based on thematic sessions. Discussion and sharing of advances in each area will be encouraged.</p>



<p><strong>Goals:</strong></p>



<ul class="wp-block-list"><li>To make known the latest advances in research in Scientific Plant Improvement to the scientific and business sector</li><li>Provide a favorable environment for scientific interaction</li><li>To offer a framework for meeting and exchanging ideas in the field of genetics, biotechnology and plant breeding</li></ul>



<div style="height:25px" aria-hidden="true" class="wp-block-spacer"></div>



<h2 class="has-text-align-center wp-block-heading"><strong>Special conditions of participation for BIOVEGEN members</strong></h2>



<p>Due to the involvement of our Platform in the organization of the event, BIOVEGEN partners have special conditions for participation in the Congress:</p>



<ul class="wp-block-list"><li><strong>BIOVEGEN partner companies:&nbsp;</strong>50% discount on attendance at the full Congress.</li><li><strong>BIOVEGEN Speakers:</strong>&nbsp;free attendance/participation.</li></ul>



<div style="height:25px" aria-hidden="true" class="wp-block-spacer"></div>



<h2 class="wp-block-heading"><strong><span style="color:#5d8719" class="has-inline-color">BIOVEGEN session program</span></strong></h2>



<p><strong>Moderate</strong>: Gonzaga Ruiz de Gauna. <em>BIOVEGEN</em></p>



<p><strong><span style="color:#5d8719" class="has-inline-color">3:30 p.m. Company presentations.</span></strong></p>



<ul class="wp-block-list"><li><strong>ABIOPEP</strong>. Yolanda Hernando. <em>Director of Innovation, Regulation and IP.</em></li><li><strong>AGRICULTURAL THE FOREST</strong>. Ruben Palanco. <em>R&amp;D&amp;I Director.</em></li><li><strong>INVESEED</strong>. Claudio Vidal. <em>R&amp;D&amp;I Director.</em></li><li><strong>TOP SEEDS.</strong> Francisco Maleno. <em>Director Spain and Portugal.</em></li><li><strong>AGROINTEC</strong>. Angel Leo-Revilla. <em>Managing Director.</em></li><li><strong>SYNTECH RESEARCH. </strong>José Joaquín Forte. <em>Director of studies.</em></li></ul>



<p><strong><span style="color:#5d8719" class="has-inline-color">5:10 p.m. Financing presentations</span></strong></p>



<ul class="wp-block-list"><li><strong>CDTI</strong>. <strong>Financing of innovation in companies.</strong> Carlos Franco. <em>Responsible for agri-food sector projects.</em></li><li><strong>BIOVEGEN</strong>. <strong>Science-Business Dynamization and project management</strong>. Gonzaga Ruiz de Gauna. Coordinator.</li></ul>



<p><strong><span style="color:#5d8719" class="has-inline-color">5:30 p.m. End of session</span></strong></p>

<p>Sesión BIOVEGEN “Ciencia-Empresa” 18, 19 y 20 de septiembre de 2018. Murcia El Congreso de Mejora Genética de Plantas contará este año con una&nbsp;Sesión Ciencia-Empresa&nbsp;(jueves&nbsp;20 de septiembre, 15:30-17:30 horas), organizada por BIOVEGEN y que reunirá a&nbsp;investigadores y empresas&nbsp;para potenciar la colaboración Ciencia-Empresa. El Congreso reunirá a investigadores, docentes, técnicos y empresas del sector con el [&hellip;]</p>
