{"id":2750,"date":"2019-10-29T00:00:00","date_gmt":"2019-10-29T00:00:00","guid":{"rendered":"https:\/\/biovegen.org\/?post_type=evento&#038;p=2750"},"modified":"2020-05-12T07:44:59","modified_gmt":"2020-05-12T07:44:59","slug":"jornada-csic-empresas-tecnologia-al-servicio-de-la-agricultura","status":"publish","type":"evento","link":"https:\/\/biovegen.org\/en\/eventos\/jornada-csic-empresas-tecnologia-al-servicio-de-la-agricultura\/","title":{"rendered":"Conference \u00abCSIC-EMPRESAS: technology at the service of agriculture\u00bb"},"content":{"rendered":"<h2 class=\"wp-block-heading\"><strong><span style=\"color:#5d8719\" class=\"has-inline-color\">Conference \u00abCSIC-EMPRESAS: technology at the service of agriculture\u00bb<\/span><\/strong><\/h2>\n\n\n\n<h2 class=\"has-text-align-center wp-block-heading\"><strong>November 26, 2019. Madrid<\/strong><\/h2>\n\n\n\n<div class=\"wp-block-columns is-layout-flex wp-container-core-columns-is-layout-9d6595d7 wp-block-columns-is-layout-flex\">\n<div class=\"wp-block-column is-layout-flow wp-block-column-is-layout-flow\">\n<div class=\"wp-block-buttons is-layout-flex wp-block-buttons-is-layout-flex\">\n<div class=\"wp-block-button\"><a class=\"wp-block-button__link\" href=\"https:\/\/www.google.com\/maps\/place\/Ceoe+Confederaci%C3%B3n+Espa%C3%B1ola+de+Organizaciones+Empresariales\/@40.4345619,-3.6788603,15z\/data=!4m2!3m1!1s0x0:0x12bf0b6e9589de56?sa=X&amp;ved=2ahUKEwi1hvbUuYvpAhWhxIUKHSMPArkQ_BIwInoECBMQCA\" target=\"_blank\" rel=\"noreferrer noopener\"><strong>Location<\/strong><\/a><\/div>\n<\/div>\n\n\n\n<p><\/p>\n<\/div>\n\n\n\n<div class=\"wp-block-column is-layout-flow wp-block-column-is-layout-flow\">\n<div class=\"wp-block-buttons is-layout-flex wp-block-buttons-is-layout-flex\">\n<div class=\"wp-block-button\"><a class=\"wp-block-button__link\" href=\"https:\/\/biovegen.org\/wp-content\/uploads\/2020\/04\/PROGRAMA.-Jornada-CSIC-EMPRESAS.-26-noviembre-2019.-Madrid.pdf\" target=\"_blank\" rel=\"noreferrer noopener\"><strong>Program<\/strong><\/a><\/div>\n<\/div>\n<\/div>\n\n\n\n<div class=\"wp-block-column is-layout-flow wp-block-column-is-layout-flow\">\n<div class=\"wp-block-buttons is-layout-flex wp-block-buttons-is-layout-flex\">\n<div class=\"wp-block-button\"><a class=\"wp-block-button__link\" href=\"https:\/\/biovegen.org\/actualidad\/noticias\/celebrada-con-exito-la-jornada-csic-empresas-tecnologia-al-servicio-de-la-agricultura\/\" target=\"_blank\" rel=\"noreferrer noopener\"><strong>Conclusions<\/strong><\/a><\/div>\n<\/div>\n\n\n\n<p><\/p>\n<\/div>\n<\/div>\n\n\n\n<p>Aware of the importance of linking the practical needs of companies with the lines of work of research centers, the Higher Council for Scientific Research (CSIC), the Technological Platform for Plant Biotechnology (BIOVEGEN) and the Spanish Confederation of Business Organizations ( CEOE) have come together with the intention of promoting a meeting that allows interaction and generation of synergies between researchers, companies and managers of R&amp;D financing programs.<\/p>\n\n\n\n<p>The&nbsp;<strong>conference \u201dCSIC-EMPRESAS: technology at the service of agriculture\u201d&nbsp;<\/strong>will take place on Tuesday, November 26, 2019 at 10 a.m. at the CEOE Headquarters (Calle Diego de Le\u00f3n 50 -28006- Madrid).<\/p>\n\n\n\n<p>The event will offer the possibility of requesting bilateral meetings between participants and attendees (researchers, companies and call managers). For this you can consult:<\/p>\n\n\n\n<div class=\"wp-block-buttons aligncenter is-layout-flex wp-block-buttons-is-layout-flex\">\n<div class=\"wp-block-button\"><a class=\"wp-block-button__link\" href=\"https:\/\/biovegen.org\/wp-content\/uploads\/2020\/04\/Jornada-CSIC-EMPRESAS.-Entidades-inscritas-v25_11_2019.pdf\" target=\"_blank\" rel=\"noreferrer noopener\"><strong>List, activity and R&amp;D interests of participating entities<\/strong><\/a><\/div>\n<\/div>\n\n\n\n<div style=\"height:25px\" aria-hidden=\"true\" class=\"wp-block-spacer\"><\/div>\n\n\n\n<blockquote class=\"wp-block-quote is-layout-flow wp-block-quote-is-layout-flow\"><p>If you are interested in holding bilateral meetings during the day, please contact <strong><a rel=\"noreferrer noopener\" href=\"mailto:gruizgauna@invegen.org\" target=\"_blank\">BIOVEGEN <\/a><\/strong>indicating your contact information and the entity(ies) you wish to meet with.<\/p><\/blockquote>\n\n\n\n<div style=\"height:50px\" aria-hidden=\"true\" class=\"wp-block-spacer\"><\/div>\n\n\n\n<h2 class=\"wp-block-heading\"><strong><span style=\"color:#5d8719\" class=\"has-inline-color\">Program of the day<\/span><\/strong><\/h2>\n\n\n\n<p><strong><span style=\"color:#5d8719\" class=\"has-inline-color\">09:30 a.m. Reception of attendees<\/span><\/strong><\/p>\n\n\n\n<p><strong><span style=\"color:#5d8719\" class=\"has-inline-color\">10:00 a.m. Welcome and Introduction of the Day<\/span><\/strong><\/p>\n\n\n\n<ul class=\"wp-block-list\"><li><strong>Francisco Marin<\/strong>.&nbsp;<em>Vice President R&amp;D&amp;i Commission. CEOE<\/em><\/li><li><strong>Jesus Marco<\/strong>.&nbsp;<em>Vice President of Scientific and Technical Research. CSIC<\/em><\/li><li><strong>Jos\u00e9 Pellicer<\/strong>.&nbsp;<em>President BIOVEGEN<\/em><\/li><\/ul>\n\n\n\n<p><strong><span style=\"color:#5d8719\" class=\"has-inline-color\">10:15 a.m. CSIC corporate presentation<\/span><\/strong><\/p>\n\n\n\n<ul class=\"wp-block-list\"><li><strong>Angela Ribeiro<\/strong>.&nbsp;<em>Deputy Vice President Knowledge Transfer. CSIC<\/em><\/li><\/ul>\n\n\n\n<p><span style=\"color:#5d8719\" class=\"has-inline-color\"><strong>10:30 a.m. CSIC-Company Session I<\/strong><br><\/span><strong>Moderate. Gonzaga Ruiz de Gauna.&nbsp;<\/strong><em>BIOVEGEN<\/em><\/p>\n\n\n\n<p><span class=\"has-inline-color has-vivid-red-color\"><strong>CSIC:<\/strong><\/span><\/p>\n\n\n\n<ul class=\"wp-block-list\"><li><strong>Zaid\u00edn Experimental Station (EEZ-CSIC)<\/strong>. Maite Mar\u00eda Bar\u00f3n.&nbsp;<em>Director<\/em><\/li><li><strong>Institute of Sustainable Agriculture (IAS-CSIC).&nbsp;<\/strong>Leonardo Velasco.&nbsp;<em>Director<\/em><\/li><li><strong>Institute of Agrarian Sciences (ICA-CSIC).&nbsp;<\/strong>Jose Dorado.&nbsp;<em>Director<\/em><\/li><li><strong>Aula Dei Experimental Station (EEAD-CSIC).&nbsp;<\/strong>Jesus Val.&nbsp;<em>Director<\/em><\/li><li><strong>Agrigenomics Research Center (CRAG) CSIC-IRTA-UAB-UB.&nbsp;<\/strong>Amparo Monfort.&nbsp;<em>Head of the IRTA Genomics and Biotechnology Program<\/em><\/li><li><strong>Institute of Molecular and Cellular Biology of Plants (IBMCP-UPV-CSIC).<\/strong>&nbsp;Pablo Vera.&nbsp;<em>Director<\/em><\/li><\/ul>\n\n\n\n<p><span class=\"has-inline-color has-vivid-red-color\"><strong>COMPANIES:<\/strong><\/span><\/p>\n\n\n\n<ul class=\"wp-block-list\"><li><strong>ANTONIO TARAZONA.<\/strong>&nbsp;Sergio Monz\u00f3n.&nbsp;<em>Innovation and R&amp;D Director<\/em><\/li><li><strong>AGROINTEC SOLUTIONS.<\/strong>&nbsp;\u00c1ngel Leo-Revilla.&nbsp;<em>Managing Director<\/em><\/li><li><strong>BIORIZON BIOTECH.<\/strong>&nbsp;David Iglesias.<em>&nbsp;Managing Director<\/em><\/li><li><strong>SAKATA SEED.<\/strong>&nbsp;Agatha Agudelo.<em>&nbsp;Collaborative Projects Manager<\/em><\/li><li><strong>AGROTECHNOLOGY GROUP.<\/strong>&nbsp;Antonio Puertas.&nbsp;<em>New Business and Industrial Property Director<\/em><\/li><\/ul>\n\n\n\n<p><strong><span style=\"color:#5d8719\" class=\"has-inline-color\">12:20 p.m. Coffee<\/span><\/strong><\/p>\n\n\n\n<p><span style=\"color:#5d8719\" class=\"has-inline-color\"><strong>12:40 p.m. CSIC-Company II Session<\/strong><br><\/span><strong>Moderate. Javier Maira.&nbsp;<\/strong><em>Head of Commercial Strategy and Internationalization Area. CSIC<\/em><\/p>\n\n\n\n<p><strong><span class=\"has-inline-color has-vivid-red-color\">CSIC:<\/span><\/strong><\/p>\n\n\n\n<ul class=\"wp-block-list\"><li><strong>Biological Mission of Galicia (MBG-CSIC).&nbsp;<\/strong>Mar\u00eda Elena Cartea.&nbsp;<em>Director&nbsp;<\/em><\/li><li><strong>Segura Center for Soil Science and Applied Biology (CEBAS-CSIC).<\/strong>&nbsp;Juan Jos\u00e9 Alarc\u00f3n.&nbsp;<em>Director<\/em><\/li><li><strong>Biological Research Center (CIB-CSIC).<\/strong>&nbsp;Pilar S. Testillano.&nbsp;<em>Vice Principal<\/em><\/li><li><strong>National Center for Biotechnology (CNB-CSIC).<\/strong>&nbsp;Roberto Solano.&nbsp;<em>Director Plant Molecular Genetics Department<\/em><\/li><li><strong>Institute of Vine and Wine Sciences (ICVV-CSIC).<\/strong>&nbsp;Jos\u00e9 Miguel Mart\u00ednez.&nbsp;<em>Director<\/em><\/li><li><strong>Institute of Plant Biochemistry and Photosynthesis (IBVF-CSIC).&nbsp;<\/strong>Francisco Javier Cejudo.&nbsp;<em>Director<\/em><\/li><\/ul>\n\n\n\n<p><strong><span class=\"has-inline-color has-vivid-red-color\">COMPANIES:<\/span><\/strong><\/p>\n\n\n\n<ul class=\"wp-block-list\"><li><strong>FERTINAGRO.<\/strong>&nbsp;Julia Martin.&nbsp;<em>R&amp;D Project Coordinator<\/em><\/li><li><strong>NEW AGRICULTURAL CROPS.&nbsp;<\/strong>Carlos Suarez.&nbsp;<em>Director<\/em><\/li><li><strong>SYNTECH RESEARCH.<\/strong>&nbsp;Beatriz Terol.&nbsp;<em>Quality Assurance Manager<\/em><\/li><li><strong>ALGAENERGY.&nbsp;<\/strong>Augusto Rodr\u00edguez-Villa.&nbsp;<em>President<\/em><\/li><li><strong>SYNGENTA SEEDS.<\/strong>&nbsp;Jesus Abbot.&nbsp;<em>Research Fellow<\/em><\/li><\/ul>\n\n\n\n<p><strong><span style=\"color:#5d8719\" class=\"has-inline-color\">2:30 p.m. Cocktail and networking<\/span><\/strong><\/p>\n\n\n\n<p><span style=\"color:#5d8719\" class=\"has-inline-color\"><strong>4:00 p.m. R&amp;D Management and Financing Session<\/strong><br><\/span><strong>Moderate. C\u00e9sar Maur\u00edn.&nbsp;<\/strong><em>Head of Digital Society and Innovation Area. CEOE<\/em><\/p>\n\n\n\n<ul class=\"wp-block-list\"><li><strong>BIOVEGEN \u2013 Plant Biotechnology Technological Platform.<\/strong>&nbsp;Gonzaga Ruiz de Gauna.&nbsp;<em>Manager<\/em><\/li><li><strong>Center for Industrial Technological Development (CDTI).<\/strong>&nbsp;Carlos Sanchez.&nbsp;<em>Dept. Biotechnology and Agri-Food<\/em><\/li><li><strong>State Investigation Agency (AEI).&nbsp;<\/strong>Rosa Rodr\u00edguez.&nbsp;<em>Support Unit \u2013 Management<\/em><\/li><li><strong>INCOTEC-R&amp;D Consulting.<\/strong>&nbsp;Myriam Mart\u00ednez.&nbsp;<em>Business Development Director<\/em><\/li><li><strong>KAUDAL-Technology investment fund.&nbsp;<\/strong>Juan Manuel Garrido.&nbsp;<em>Director of Structuring and Economic Analysis<\/em>&nbsp;<\/li><li><strong>Gran Canaria Economic Promotion Society.&nbsp;<\/strong>Cosme Garc\u00eda.&nbsp;<em>Director<\/em><\/li><\/ul>\n\n\n\n<p><strong><span style=\"color:#5d8719\" class=\"has-inline-color\">5:30 p.m. Conclusions and closing<\/span><\/strong><\/p>","protected":false},"excerpt":{"rendered":"<p>Jornada \u00abCSIC-EMPRESAS: tecnolog\u00eda al servicio de la agricultura\u00bb 26 de noviembre de 2019. Madrid Conscientes de la importancia de vincular las necesidades pr\u00e1cticas de las empresas con las l\u00edneas de trabajo de los centros de investigaci\u00f3n, el Consejo Superior de Investigaciones Cient\u00edficas (CSIC), la Plataforma Tecnol\u00f3gica de Biotecnolog\u00eda Vegetal (BIOVEGEN) y la Confederaci\u00f3n Espa\u00f1ola de [&hellip;]<\/p>\n","protected":false},"featured_media":2760,"template":"","meta":{"_acf_changed":false,"inline_featured_image":false},"categories":[22,20,31],"tags":[],"class_list":["post-2750","evento","type-evento","status-publish","has-post-thumbnail","hentry","category-actualidad","category-eventos","category-jornadas-biovegen-csic"],"acf":[],"_links":{"self":[{"href":"https:\/\/biovegen.org\/en\/wp-json\/wp\/v2\/evento\/2750","targetHints":{"allow":["GET"]}}],"collection":[{"href":"https:\/\/biovegen.org\/en\/wp-json\/wp\/v2\/evento"}],"about":[{"href":"https:\/\/biovegen.org\/en\/wp-json\/wp\/v2\/types\/evento"}],"wp:featuredmedia":[{"embeddable":true,"href":"https:\/\/biovegen.org\/en\/wp-json\/wp\/v2\/media\/2760"}],"wp:attachment":[{"href":"https:\/\/biovegen.org\/en\/wp-json\/wp\/v2\/media?parent=2750"}],"wp:term":[{"taxonomy":"category","embeddable":true,"href":"https:\/\/biovegen.org\/en\/wp-json\/wp\/v2\/categories?post=2750"},{"taxonomy":"post_tag","embeddable":true,"href":"https:\/\/biovegen.org\/en\/wp-json\/wp\/v2\/tags?post=2750"}],"curies":[{"name":"wp","href":"https:\/\/api.w.org\/{rel}","templated":true}]}}

<h2 class="wp-block-heading"><strong><span style="color:#5d8719" class="has-inline-color">Conference «CSIC-EMPRESAS: technology at the service of agriculture»</span></strong></h2>



<h2 class="has-text-align-center wp-block-heading"><strong>November 26, 2019. Madrid</strong></h2>



<div class="wp-block-columns is-layout-flex wp-container-core-columns-is-layout-9d6595d7 wp-block-columns-is-layout-flex">
<div class="wp-block-column is-layout-flow wp-block-column-is-layout-flow">
<div class="wp-block-buttons is-layout-flex wp-block-buttons-is-layout-flex">
<div class="wp-block-button"><a class="wp-block-button__link" href="https://www.google.com/maps/place/Ceoe+Confederaci%C3%B3n+Espa%C3%B1ola+de+Organizaciones+Empresariales/@40.4345619,-3.6788603,15z/data=!4m2!3m1!1s0x0:0x12bf0b6e9589de56?sa=X&amp;ved=2ahUKEwi1hvbUuYvpAhWhxIUKHSMPArkQ_BIwInoECBMQCA" target="_blank" rel="noreferrer noopener"><strong>Location</strong></a></div>
</div>



<p></p>
</div>



<div class="wp-block-column is-layout-flow wp-block-column-is-layout-flow">
<div class="wp-block-buttons is-layout-flex wp-block-buttons-is-layout-flex">
<div class="wp-block-button"><a class="wp-block-button__link" href="https://biovegen.org/wp-content/uploads/2020/04/PROGRAMA.-Jornada-CSIC-EMPRESAS.-26-noviembre-2019.-Madrid.pdf" target="_blank" rel="noreferrer noopener"><strong>Program</strong></a></div>
</div>
</div>



<div class="wp-block-column is-layout-flow wp-block-column-is-layout-flow">
<div class="wp-block-buttons is-layout-flex wp-block-buttons-is-layout-flex">
<div class="wp-block-button"><a class="wp-block-button__link" href="https://biovegen.org/actualidad/noticias/celebrada-con-exito-la-jornada-csic-empresas-tecnologia-al-servicio-de-la-agricultura/" target="_blank" rel="noreferrer noopener"><strong>Conclusions</strong></a></div>
</div>



<p></p>
</div>
</div>



<p>Aware of the importance of linking the practical needs of companies with the lines of work of research centers, the Higher Council for Scientific Research (CSIC), the Technological Platform for Plant Biotechnology (BIOVEGEN) and the Spanish Confederation of Business Organizations ( CEOE) have come together with the intention of promoting a meeting that allows interaction and generation of synergies between researchers, companies and managers of R&amp;D financing programs.</p>



<p>The&nbsp;<strong>conference ”CSIC-EMPRESAS: technology at the service of agriculture”&nbsp;</strong>will take place on Tuesday, November 26, 2019 at 10 a.m. at the CEOE Headquarters (Calle Diego de León 50 -28006- Madrid).</p>



<p>The event will offer the possibility of requesting bilateral meetings between participants and attendees (researchers, companies and call managers). For this you can consult:</p>



<div class="wp-block-buttons aligncenter is-layout-flex wp-block-buttons-is-layout-flex">
<div class="wp-block-button"><a class="wp-block-button__link" href="https://biovegen.org/wp-content/uploads/2020/04/Jornada-CSIC-EMPRESAS.-Entidades-inscritas-v25_11_2019.pdf" target="_blank" rel="noreferrer noopener"><strong>List, activity and R&amp;D interests of participating entities</strong></a></div>
</div>



<div style="height:25px" aria-hidden="true" class="wp-block-spacer"></div>



<blockquote class="wp-block-quote is-layout-flow wp-block-quote-is-layout-flow"><p>If you are interested in holding bilateral meetings during the day, please contact <strong><a rel="noreferrer noopener" href="mailto:gruizgauna@invegen.org" target="_blank">BIOVEGEN </a></strong>indicating your contact information and the entity(ies) you wish to meet with.</p></blockquote>



<div style="height:50px" aria-hidden="true" class="wp-block-spacer"></div>



<h2 class="wp-block-heading"><strong><span style="color:#5d8719" class="has-inline-color">Program of the day</span></strong></h2>



<p><strong><span style="color:#5d8719" class="has-inline-color">09:30 a.m. Reception of attendees</span></strong></p>



<p><strong><span style="color:#5d8719" class="has-inline-color">10:00 a.m. Welcome and Introduction of the Day</span></strong></p>



<ul class="wp-block-list"><li><strong>Francisco Marin</strong>.&nbsp;<em>Vice President R&amp;D&amp;i Commission. CEOE</em></li><li><strong>Jesus Marco</strong>.&nbsp;<em>Vice President of Scientific and Technical Research. CSIC</em></li><li><strong>José Pellicer</strong>.&nbsp;<em>President BIOVEGEN</em></li></ul>



<p><strong><span style="color:#5d8719" class="has-inline-color">10:15 a.m. CSIC corporate presentation</span></strong></p>



<ul class="wp-block-list"><li><strong>Angela Ribeiro</strong>.&nbsp;<em>Deputy Vice President Knowledge Transfer. CSIC</em></li></ul>



<p><span style="color:#5d8719" class="has-inline-color"><strong>10:30 a.m. CSIC-Company Session I</strong><br></span><strong>Moderate. Gonzaga Ruiz de Gauna.&nbsp;</strong><em>BIOVEGEN</em></p>



<p><span class="has-inline-color has-vivid-red-color"><strong>CSIC:</strong></span></p>



<ul class="wp-block-list"><li><strong>Zaidín Experimental Station (EEZ-CSIC)</strong>. Maite María Barón.&nbsp;<em>Director</em></li><li><strong>Institute of Sustainable Agriculture (IAS-CSIC).&nbsp;</strong>Leonardo Velasco.&nbsp;<em>Director</em></li><li><strong>Institute of Agrarian Sciences (ICA-CSIC).&nbsp;</strong>Jose Dorado.&nbsp;<em>Director</em></li><li><strong>Aula Dei Experimental Station (EEAD-CSIC).&nbsp;</strong>Jesus Val.&nbsp;<em>Director</em></li><li><strong>Agrigenomics Research Center (CRAG) CSIC-IRTA-UAB-UB.&nbsp;</strong>Amparo Monfort.&nbsp;<em>Head of the IRTA Genomics and Biotechnology Program</em></li><li><strong>Institute of Molecular and Cellular Biology of Plants (IBMCP-UPV-CSIC).</strong>&nbsp;Pablo Vera.&nbsp;<em>Director</em></li></ul>



<p><span class="has-inline-color has-vivid-red-color"><strong>COMPANIES:</strong></span></p>



<ul class="wp-block-list"><li><strong>ANTONIO TARAZONA.</strong>&nbsp;Sergio Monzón.&nbsp;<em>Innovation and R&amp;D Director</em></li><li><strong>AGROINTEC SOLUTIONS.</strong>&nbsp;Ángel Leo-Revilla.&nbsp;<em>Managing Director</em></li><li><strong>BIORIZON BIOTECH.</strong>&nbsp;David Iglesias.<em>&nbsp;Managing Director</em></li><li><strong>SAKATA SEED.</strong>&nbsp;Agatha Agudelo.<em>&nbsp;Collaborative Projects Manager</em></li><li><strong>AGROTECHNOLOGY GROUP.</strong>&nbsp;Antonio Puertas.&nbsp;<em>New Business and Industrial Property Director</em></li></ul>



<p><strong><span style="color:#5d8719" class="has-inline-color">12:20 p.m. Coffee</span></strong></p>



<p><span style="color:#5d8719" class="has-inline-color"><strong>12:40 p.m. CSIC-Company II Session</strong><br></span><strong>Moderate. Javier Maira.&nbsp;</strong><em>Head of Commercial Strategy and Internationalization Area. CSIC</em></p>



<p><strong><span class="has-inline-color has-vivid-red-color">CSIC:</span></strong></p>



<ul class="wp-block-list"><li><strong>Biological Mission of Galicia (MBG-CSIC).&nbsp;</strong>María Elena Cartea.&nbsp;<em>Director&nbsp;</em></li><li><strong>Segura Center for Soil Science and Applied Biology (CEBAS-CSIC).</strong>&nbsp;Juan José Alarcón.&nbsp;<em>Director</em></li><li><strong>Biological Research Center (CIB-CSIC).</strong>&nbsp;Pilar S. Testillano.&nbsp;<em>Vice Principal</em></li><li><strong>National Center for Biotechnology (CNB-CSIC).</strong>&nbsp;Roberto Solano.&nbsp;<em>Director Plant Molecular Genetics Department</em></li><li><strong>Institute of Vine and Wine Sciences (ICVV-CSIC).</strong>&nbsp;José Miguel Martínez.&nbsp;<em>Director</em></li><li><strong>Institute of Plant Biochemistry and Photosynthesis (IBVF-CSIC).&nbsp;</strong>Francisco Javier Cejudo.&nbsp;<em>Director</em></li></ul>



<p><strong><span class="has-inline-color has-vivid-red-color">COMPANIES:</span></strong></p>



<ul class="wp-block-list"><li><strong>FERTINAGRO.</strong>&nbsp;Julia Martin.&nbsp;<em>R&amp;D Project Coordinator</em></li><li><strong>NEW AGRICULTURAL CROPS.&nbsp;</strong>Carlos Suarez.&nbsp;<em>Director</em></li><li><strong>SYNTECH RESEARCH.</strong>&nbsp;Beatriz Terol.&nbsp;<em>Quality Assurance Manager</em></li><li><strong>ALGAENERGY.&nbsp;</strong>Augusto Rodríguez-Villa.&nbsp;<em>President</em></li><li><strong>SYNGENTA SEEDS.</strong>&nbsp;Jesus Abbot.&nbsp;<em>Research Fellow</em></li></ul>



<p><strong><span style="color:#5d8719" class="has-inline-color">2:30 p.m. Cocktail and networking</span></strong></p>



<p><span style="color:#5d8719" class="has-inline-color"><strong>4:00 p.m. R&amp;D Management and Financing Session</strong><br></span><strong>Moderate. César Maurín.&nbsp;</strong><em>Head of Digital Society and Innovation Area. CEOE</em></p>



<ul class="wp-block-list"><li><strong>BIOVEGEN – Plant Biotechnology Technological Platform.</strong>&nbsp;Gonzaga Ruiz de Gauna.&nbsp;<em>Manager</em></li><li><strong>Center for Industrial Technological Development (CDTI).</strong>&nbsp;Carlos Sanchez.&nbsp;<em>Dept. Biotechnology and Agri-Food</em></li><li><strong>State Investigation Agency (AEI).&nbsp;</strong>Rosa Rodríguez.&nbsp;<em>Support Unit – Management</em></li><li><strong>INCOTEC-R&amp;D Consulting.</strong>&nbsp;Myriam Martínez.&nbsp;<em>Business Development Director</em></li><li><strong>KAUDAL-Technology investment fund.&nbsp;</strong>Juan Manuel Garrido.&nbsp;<em>Director of Structuring and Economic Analysis</em>&nbsp;</li><li><strong>Gran Canaria Economic Promotion Society.&nbsp;</strong>Cosme García.&nbsp;<em>Director</em></li></ul>



<p><strong><span style="color:#5d8719" class="has-inline-color">5:30 p.m. Conclusions and closing</span></strong></p>

<p>Jornada «CSIC-EMPRESAS: tecnología al servicio de la agricultura» 26 de noviembre de 2019. Madrid Conscientes de la importancia de vincular las necesidades prácticas de las empresas con las líneas de trabajo de los centros de investigación, el Consejo Superior de Investigaciones Científicas (CSIC), la Plataforma Tecnológica de Biotecnología Vegetal (BIOVEGEN) y la Confederación Española de [&hellip;]</p>
