{"id":2732,"date":"2019-04-09T00:00:00","date_gmt":"2019-04-09T00:00:00","guid":{"rendered":"https:\/\/biovegen.org\/?post_type=evento&#038;p=2732"},"modified":"2021-03-12T12:33:45","modified_gmt":"2021-03-12T12:33:45","slug":"jornada-ibmcp-empresas-tecnologia-al-servicio-de-las-empresas","status":"publish","type":"evento","link":"https:\/\/biovegen.org\/en\/eventos\/jornada-ibmcp-empresas-tecnologia-al-servicio-de-las-empresas\/","title":{"rendered":"Conference \u00abIBMCP-COMPANIES: Technology at the service of companies\u00bb"},"content":{"rendered":"<h2 class=\"wp-block-heading\"><strong><span style=\"color:#5d8719\" class=\"has-inline-color\">Conference \u00abIBMCP-COMPANIES: Technology at the service of companies\u00bb<\/span><\/strong><\/h2>\n\n\n\n<h2 class=\"has-text-align-center wp-block-heading\"><strong>May 7, 2019. Valencia<\/strong><\/h2>\n\n\n\n<div class=\"wp-block-columns is-layout-flex wp-container-core-columns-is-layout-9d6595d7 wp-block-columns-is-layout-flex\">\n<div class=\"wp-block-column is-layout-flow wp-block-column-is-layout-flow\">\n<div class=\"wp-block-buttons is-layout-flex wp-block-buttons-is-layout-flex\">\n<div class=\"wp-block-button\"><a class=\"wp-block-button__link\" href=\"https:\/\/www.google.com\/maps\/place\/UPV+-+Ciudad+Polit%C3%A9cnica+de+la+Innovaci%C3%B3n+(CPI)\/@39.4786242,-0.3335688,15z\/data=!4m2!3m1!1s0x0:0xbafdf5ca026f3b?sa=X&amp;ved=2ahUKEwjL06vdtIvpAhVKxhoKHWwpB1MQ_BIwE3oECBIQCA\" target=\"_blank\" rel=\"noreferrer noopener\"><strong>Location<\/strong><\/a><\/div>\n<\/div>\n\n\n\n<p><\/p>\n<\/div>\n\n\n\n<div class=\"wp-block-column is-layout-flow wp-block-column-is-layout-flow\">\n<div class=\"wp-block-buttons is-layout-flex wp-block-buttons-is-layout-flex\">\n<div class=\"wp-block-button\"><a class=\"wp-block-button__link\" href=\"https:\/\/biovegen.org\/wp-content\/uploads\/2020\/04\/Programa_070519_VALENCIA_Jornada-IBMCP-Empresas.pdf\" target=\"_blank\" rel=\"noreferrer noopener\"><strong>Program<\/strong><\/a><\/div>\n<\/div>\n<\/div>\n\n\n\n<div class=\"wp-block-column is-layout-flow wp-block-column-is-layout-flow\">\n<div class=\"wp-block-buttons is-layout-flex wp-block-buttons-is-layout-flex\">\n<div class=\"wp-block-button\"><a class=\"wp-block-button__link\" href=\"https:\/\/biovegen.org\/actualidad\/noticias\/celebrada-con-exito-la-jornada-ibmcp-empresas-tecnologia-al-servicio-de-la-agricultura\/\" target=\"_blank\" rel=\"noreferrer noopener\"><strong>Conclusions<\/strong><\/a><\/div>\n<\/div>\n\n\n\n<p><\/p>\n<\/div>\n<\/div>\n\n\n\n<p>Aware of the importance of linking the practical needs of companies with the lines of work of the research centers, the Institute of Molecular and Cellular Biology of Plants (IBMCP), the Technological Platform for Plant Biotechnology (BIOVEGEN) and the Cajamar Cooperative Group have come together with the intention of promoting a meeting that allows interaction and generation of synergies between researchers, companies and managers of R&amp;D financing programs.<\/p>\n\n\n\n<p>The day&nbsp;<strong>&#039;IBMCP-companies: technology at the service of agriculture&#039;<\/strong>&nbsp;will take place on&nbsp;<strong>Tuesday May 7<\/strong>&nbsp;at&nbsp;<strong>10 hours<\/strong>&nbsp;in the&nbsp;<strong>Polytechnic City of Innovation&nbsp;<\/strong>(Building 8E. Cubo Azul Events Room. Camino de los Naranjos s\/n, Valencia).<\/p>\n\n\n\n<p>The event will offer the possibility of requesting bilateral meetings between participants and attendees (researchers, companies and call managers). For this you can consult:<\/p>\n\n\n\n<div class=\"wp-block-columns are-vertically-aligned-center is-layout-flex wp-container-core-columns-is-layout-9d6595d7 wp-block-columns-is-layout-flex\">\n<div class=\"wp-block-column is-vertically-aligned-center is-layout-flow wp-block-column-is-layout-flow\">\n<div class=\"wp-block-buttons aligncenter is-layout-flex wp-block-buttons-is-layout-flex\">\n<div class=\"wp-block-button\"><a class=\"wp-block-button__link\" href=\"https:\/\/biovegen.org\/wp-content\/uploads\/2020\/04\/Jornada-IBMCP-empresas.-Oferta-Tecnol\u00f3gica-IBMCP.pdf\" target=\"_blank\" rel=\"noreferrer noopener\"><strong>IBMCP technology offering<\/strong><\/a><\/div>\n<\/div>\n<\/div>\n\n\n\n<div class=\"wp-block-column is-vertically-aligned-center is-layout-flow wp-block-column-is-layout-flow\">\n<div class=\"wp-block-buttons aligncenter is-layout-flex wp-block-buttons-is-layout-flex\">\n<div class=\"wp-block-button\"><a class=\"wp-block-button__link\" href=\"https:\/\/biovegen.org\/wp-content\/uploads\/2020\/04\/Jornada-IBMCP-EMPRESAS.-Entidades-patrocinadoras-participantes-y-asistentes.pdf\" target=\"_blank\" rel=\"noreferrer noopener\"><strong>List, activity and R&amp;D interests of participating entities<\/strong><\/a><\/div>\n<\/div>\n<\/div>\n<\/div>\n\n\n\n<blockquote class=\"wp-block-quote is-layout-flow wp-block-quote-is-layout-flow\"><p>If you are interested in holding bilateral meetings during the day, please contact <strong><a href=\"mailto:gruizgauna@invegen.org\" target=\"_blank\" rel=\"noreferrer noopener\">BIOVEGEN <\/a><\/strong>indicating your contact information and the entity(ies) you wish to meet with.<\/p><\/blockquote>\n\n\n\n<div style=\"height:50px\" aria-hidden=\"true\" class=\"wp-block-spacer\"><\/div>\n\n\n\n<h2 class=\"wp-block-heading\"><strong><span style=\"color:#5d8719\" class=\"has-inline-color\">Program of the day<\/span><\/strong><\/h2>\n\n\n\n<p><span style=\"color:#5d8719\" class=\"has-inline-color\"><strong>10:00 a.m. Welcome and Introduction of the Day<\/strong><\/span><\/p>\n\n\n\n<ul class=\"wp-block-list\"><li><strong>Pablo Vera.<\/strong>&nbsp;<em>IBMCP<\/em><\/li><li><strong>Eduardo Holgado.&nbsp;<\/strong><em>CAJAMAR COOPERATIVE GROUP<\/em><\/li><li><strong>Gonzaga Ruiz de Gauna.<\/strong>&nbsp;<em>BIOVEGEN<\/em><\/li><\/ul>\n\n\n\n<p><span style=\"color:#5d8719\" class=\"has-inline-color\"><strong>10:30 a.m. IBMCP-Company Session I<\/strong><br><\/span><strong><u>Moderate<\/u>. Gonzaga Ruiz de Gauna.&nbsp;<\/strong><em>BIOVEGEN<\/em><\/p>\n\n\n\n<p><strong><span class=\"has-inline-color has-vivid-red-color\">IBMCP:<\/span><\/strong><\/p>\n\n\n\n<ul class=\"wp-block-list\"><li><strong>Use of ABA hormone signaling in biotechnological approaches to drought tolerance.<\/strong> Pedro Rodriguez<\/li><li><strong>Increased fruit and seed production in annual plants.<\/strong> Cristina Ferr\u00e1ndiz<\/li><li><strong>Modification of the reproductive development of plants through genetic editing (CRISPR\/Cas9).<\/strong> Concha G\u00f3mez-Mena<\/li><li><strong>Production of value-added compounds in biofactory plants.<\/strong> Diego Orzaez<\/li><li><strong>Production of recombinant RNA to induce gene silencing in plant pests and pathogens.<\/strong> Jos\u00e9 Antonio Dar\u00f3s<\/li><li><strong>Detection of all viruses in a culture in a single test using &#039;polyprobes&#039;.<\/strong> Jesus Sanchez<\/li><\/ul>\n\n\n\n<p><strong><span class=\"has-inline-color has-vivid-red-color\">COMPANY:<\/span><\/strong><\/p>\n\n\n\n<ul class=\"wp-block-list\"><li><strong>XTREM BIOTECH. From Knowledge to Business: an eXtreme leap.<\/strong> Borja Torres.&nbsp;<em>Founding-managing partner<\/em><\/li><li><strong>BAYER CROPSCIENCE. Innovation in seed selection.<\/strong> Richard Borreani.&nbsp;<em>Agricultural policy &amp; stakeholders affairs manager<\/em><\/li><li><strong>COPSEMAR. Obtaining new varieties of rice.<\/strong> Luis Marquis.&nbsp;<em>Director<\/em><\/li><li><strong>SEIPASA.<\/strong> Francisco Espinosa.&nbsp;<em>R&amp;D Director<\/em><\/li><li><strong>GENOMIC SYSTEMS. Agrogenomics, new technologies in agriculture.<\/strong> Jesus Aguero.&nbsp;<em>Agrogenomics Unit Manager<\/em><\/li><\/ul>\n\n\n\n<p><strong><span style=\"color:#5d8719\" class=\"has-inline-color\">12:10 p.m. Coffee<\/span><\/strong><\/p>\n\n\n\n<p><span style=\"color:#5d8719\" class=\"has-inline-color\"><strong>12:40 p.m. IBMCP-Company II Session<\/strong><br><\/span><strong><u>Moderate<\/u>. Concha G\u00f3mez-Mena.&nbsp;<\/strong><em>IBMCP<\/em><\/p>\n\n\n\n<p><strong><span class=\"has-inline-color has-vivid-red-color\">IBMCP:<\/span><\/strong><\/p>\n\n\n\n<ul class=\"wp-block-list\"><li><strong>Valuation of Traditional Tomato Varieties.<\/strong> Antonio Granell<\/li><li><strong>Genomics in Plant Breeding.<\/strong> Antonio Monforte<\/li><li><strong>Obtaining, through biotechnology, improved citrus varieties.<\/strong> Berta Alquezar<\/li><li><strong>Bioactive plant metabolites of agronomic interest.<\/strong> Lison Purification<\/li><li><strong>Strategies for Evaluation and Improvement of Seed Longevity.<\/strong> Pepe Gadea<\/li><\/ul>\n\n\n\n<p><strong><span class=\"has-inline-color has-vivid-red-color\">COMPANY:<\/span><\/strong><\/p>\n\n\n\n<ul class=\"wp-block-list\"><li><strong>SYNTECH RESEARCH. 25 years at the service of experimentation in agriculture.<\/strong> Lid\u00f3n Avinent.&nbsp;<em>Managing director<\/em><\/li><li><strong>VALGENETICS. Science at the Service of Agriculture.<\/strong> Maria Albiach.&nbsp;<em>Founder and CEO<\/em><\/li><li><strong>AGROINTEC SOLUTIONS. Collaboration models for the transfer of technology and knowledge to the agri-food industry and joint development of R&amp;D&amp;I.<\/strong> \u00c1ngel Leo-Revilla.&nbsp;<em>CEO<\/em><\/li><li><strong>IDAI NATURE.<\/strong> Bel\u00e9n Torregrosa.&nbsp;<em>Biocontrol Portfolio Manager<\/em><\/li><li><strong>MEDINA FOUNDATION.<\/strong> M\u00aa Francisca Vicente.&nbsp;<em>Area Head of Screening and Target Validation<\/em><\/li><\/ul>\n\n\n\n<p><strong><span style=\"color:#5d8719\" class=\"has-inline-color\">2:20 p.m. Cocktail and networking<\/span><\/strong><\/p>\n\n\n\n<p><span style=\"color:#5d8719\" class=\"has-inline-color\"><strong>3:40 p.m. R&amp;D Management and Financing Session<\/strong><br><\/span><strong><u>Moderate<\/u>. Carlos Baixauli Soria.&nbsp;<\/strong><em>Cajamar Experimental Center<\/em><\/p>\n\n\n\n<ul class=\"wp-block-list\"><li><strong>BIOVEGEN. R&amp;D&amp;i network in plant production.<\/strong> Gonzaga Ruiz de Gauna.&nbsp;<em>Manager<\/em><\/li><li><strong>BIOVAL.<\/strong> Luis Vera.&nbsp;<em>External relations<\/em><\/li><li><strong>CDTI. R&amp;D financing opportunities for companies in the Agroindustrial Sector.<\/strong> Carlos Sanchez.&nbsp;<em>Dept. Biotechnology, Health Technologies and Agri-Food<\/em><\/li><li><strong>State Investigation Agency-MICIU. Actions to support public-private collaboration in R&amp;D.<\/strong> Rosa Rodr\u00edguez Bernab\u00e9.&nbsp;<em>Deputy Head\/Support Unit \u2013 Management<\/em><\/li><li><strong>Valencian Innovation Agency: A new innovation strategy for Valencian companies.<\/strong> Olivia Star.&nbsp;<em>General Secretary<strong>\u200b\u200b\u200b\u200b\u200b\u200b<\/strong><\/em><\/li><li><strong>Technological Patronage: alternative financing to R&amp;D.<\/strong> Fernando As\u00edn.&nbsp;<em>Strategy and business development director KAUDAL<\/em><\/li><\/ul>\n\n\n\n<p><strong><span style=\"color:#5d8719\" class=\"has-inline-color\">5:30 p.m. Conclusions and closing<\/span><\/strong><\/p>","protected":false},"excerpt":{"rendered":"<p>Jornada \u00abIBMCP-EMPRESAS: Tecnolog\u00eda al servicio de las empresas\u00bb 7 de mayo de 2019. Valencia Conscientes de la importancia de vincular las necesidades pr\u00e1cticas de las empresas con las l\u00edneas de trabajo de los centros de investigaci\u00f3n, el Instituto de Biolog\u00eda Molecular y Celular de Plantas (IBMCP), la Plataforma Tecnol\u00f3gica de Biotecnolog\u00eda Vegetal (BIOVEGEN) y el [&hellip;]<\/p>\n","protected":false},"featured_media":2746,"template":"","meta":{"_acf_changed":false,"inline_featured_image":false},"categories":[20,31],"tags":[],"class_list":["post-2732","evento","type-evento","status-publish","has-post-thumbnail","hentry","category-eventos","category-jornadas-biovegen-csic"],"acf":[],"_links":{"self":[{"href":"https:\/\/biovegen.org\/en\/wp-json\/wp\/v2\/evento\/2732","targetHints":{"allow":["GET"]}}],"collection":[{"href":"https:\/\/biovegen.org\/en\/wp-json\/wp\/v2\/evento"}],"about":[{"href":"https:\/\/biovegen.org\/en\/wp-json\/wp\/v2\/types\/evento"}],"wp:featuredmedia":[{"embeddable":true,"href":"https:\/\/biovegen.org\/en\/wp-json\/wp\/v2\/media\/2746"}],"wp:attachment":[{"href":"https:\/\/biovegen.org\/en\/wp-json\/wp\/v2\/media?parent=2732"}],"wp:term":[{"taxonomy":"category","embeddable":true,"href":"https:\/\/biovegen.org\/en\/wp-json\/wp\/v2\/categories?post=2732"},{"taxonomy":"post_tag","embeddable":true,"href":"https:\/\/biovegen.org\/en\/wp-json\/wp\/v2\/tags?post=2732"}],"curies":[{"name":"wp","href":"https:\/\/api.w.org\/{rel}","templated":true}]}}

<h2 class="wp-block-heading"><strong><span style="color:#5d8719" class="has-inline-color">Conference «IBMCP-COMPANIES: Technology at the service of companies»</span></strong></h2>



<h2 class="has-text-align-center wp-block-heading"><strong>May 7, 2019. Valencia</strong></h2>



<div class="wp-block-columns is-layout-flex wp-container-core-columns-is-layout-9d6595d7 wp-block-columns-is-layout-flex">
<div class="wp-block-column is-layout-flow wp-block-column-is-layout-flow">
<div class="wp-block-buttons is-layout-flex wp-block-buttons-is-layout-flex">
<div class="wp-block-button"><a class="wp-block-button__link" href="https://www.google.com/maps/place/UPV+-+Ciudad+Polit%C3%A9cnica+de+la+Innovaci%C3%B3n+(CPI)/@39.4786242,-0.3335688,15z/data=!4m2!3m1!1s0x0:0xbafdf5ca026f3b?sa=X&amp;ved=2ahUKEwjL06vdtIvpAhVKxhoKHWwpB1MQ_BIwE3oECBIQCA" target="_blank" rel="noreferrer noopener"><strong>Location</strong></a></div>
</div>



<p></p>
</div>



<div class="wp-block-column is-layout-flow wp-block-column-is-layout-flow">
<div class="wp-block-buttons is-layout-flex wp-block-buttons-is-layout-flex">
<div class="wp-block-button"><a class="wp-block-button__link" href="https://biovegen.org/wp-content/uploads/2020/04/Programa_070519_VALENCIA_Jornada-IBMCP-Empresas.pdf" target="_blank" rel="noreferrer noopener"><strong>Program</strong></a></div>
</div>
</div>



<div class="wp-block-column is-layout-flow wp-block-column-is-layout-flow">
<div class="wp-block-buttons is-layout-flex wp-block-buttons-is-layout-flex">
<div class="wp-block-button"><a class="wp-block-button__link" href="https://biovegen.org/actualidad/noticias/celebrada-con-exito-la-jornada-ibmcp-empresas-tecnologia-al-servicio-de-la-agricultura/" target="_blank" rel="noreferrer noopener"><strong>Conclusions</strong></a></div>
</div>



<p></p>
</div>
</div>



<p>Aware of the importance of linking the practical needs of companies with the lines of work of the research centers, the Institute of Molecular and Cellular Biology of Plants (IBMCP), the Technological Platform for Plant Biotechnology (BIOVEGEN) and the Cajamar Cooperative Group have come together with the intention of promoting a meeting that allows interaction and generation of synergies between researchers, companies and managers of R&amp;D financing programs.</p>



<p>The day&nbsp;<strong>&#039;IBMCP-companies: technology at the service of agriculture&#039;</strong>&nbsp;will take place on&nbsp;<strong>Tuesday May 7</strong>&nbsp;at&nbsp;<strong>10 hours</strong>&nbsp;in the&nbsp;<strong>Polytechnic City of Innovation&nbsp;</strong>(Building 8E. Cubo Azul Events Room. Camino de los Naranjos s/n, Valencia).</p>



<p>The event will offer the possibility of requesting bilateral meetings between participants and attendees (researchers, companies and call managers). For this you can consult:</p>



<div class="wp-block-columns are-vertically-aligned-center is-layout-flex wp-container-core-columns-is-layout-9d6595d7 wp-block-columns-is-layout-flex">
<div class="wp-block-column is-vertically-aligned-center is-layout-flow wp-block-column-is-layout-flow">
<div class="wp-block-buttons aligncenter is-layout-flex wp-block-buttons-is-layout-flex">
<div class="wp-block-button"><a class="wp-block-button__link" href="https://biovegen.org/wp-content/uploads/2020/04/Jornada-IBMCP-empresas.-Oferta-Tecnológica-IBMCP.pdf" target="_blank" rel="noreferrer noopener"><strong>IBMCP technology offering</strong></a></div>
</div>
</div>



<div class="wp-block-column is-vertically-aligned-center is-layout-flow wp-block-column-is-layout-flow">
<div class="wp-block-buttons aligncenter is-layout-flex wp-block-buttons-is-layout-flex">
<div class="wp-block-button"><a class="wp-block-button__link" href="https://biovegen.org/wp-content/uploads/2020/04/Jornada-IBMCP-EMPRESAS.-Entidades-patrocinadoras-participantes-y-asistentes.pdf" target="_blank" rel="noreferrer noopener"><strong>List, activity and R&amp;D interests of participating entities</strong></a></div>
</div>
</div>
</div>



<blockquote class="wp-block-quote is-layout-flow wp-block-quote-is-layout-flow"><p>If you are interested in holding bilateral meetings during the day, please contact <strong><a href="mailto:gruizgauna@invegen.org" target="_blank" rel="noreferrer noopener">BIOVEGEN </a></strong>indicating your contact information and the entity(ies) you wish to meet with.</p></blockquote>



<div style="height:50px" aria-hidden="true" class="wp-block-spacer"></div>



<h2 class="wp-block-heading"><strong><span style="color:#5d8719" class="has-inline-color">Program of the day</span></strong></h2>



<p><span style="color:#5d8719" class="has-inline-color"><strong>10:00 a.m. Welcome and Introduction of the Day</strong></span></p>



<ul class="wp-block-list"><li><strong>Pablo Vera.</strong>&nbsp;<em>IBMCP</em></li><li><strong>Eduardo Holgado.&nbsp;</strong><em>CAJAMAR COOPERATIVE GROUP</em></li><li><strong>Gonzaga Ruiz de Gauna.</strong>&nbsp;<em>BIOVEGEN</em></li></ul>



<p><span style="color:#5d8719" class="has-inline-color"><strong>10:30 a.m. IBMCP-Company Session I</strong><br></span><strong><u>Moderate</u>. Gonzaga Ruiz de Gauna.&nbsp;</strong><em>BIOVEGEN</em></p>



<p><strong><span class="has-inline-color has-vivid-red-color">IBMCP:</span></strong></p>



<ul class="wp-block-list"><li><strong>Use of ABA hormone signaling in biotechnological approaches to drought tolerance.</strong> Pedro Rodriguez</li><li><strong>Increased fruit and seed production in annual plants.</strong> Cristina Ferrándiz</li><li><strong>Modification of the reproductive development of plants through genetic editing (CRISPR/Cas9).</strong> Concha Gómez-Mena</li><li><strong>Production of value-added compounds in biofactory plants.</strong> Diego Orzaez</li><li><strong>Production of recombinant RNA to induce gene silencing in plant pests and pathogens.</strong> José Antonio Darós</li><li><strong>Detection of all viruses in a culture in a single test using &#039;polyprobes&#039;.</strong> Jesus Sanchez</li></ul>



<p><strong><span class="has-inline-color has-vivid-red-color">COMPANY:</span></strong></p>



<ul class="wp-block-list"><li><strong>XTREM BIOTECH. From Knowledge to Business: an eXtreme leap.</strong> Borja Torres.&nbsp;<em>Founding-managing partner</em></li><li><strong>BAYER CROPSCIENCE. Innovation in seed selection.</strong> Richard Borreani.&nbsp;<em>Agricultural policy &amp; stakeholders affairs manager</em></li><li><strong>COPSEMAR. Obtaining new varieties of rice.</strong> Luis Marquis.&nbsp;<em>Director</em></li><li><strong>SEIPASA.</strong> Francisco Espinosa.&nbsp;<em>R&amp;D Director</em></li><li><strong>GENOMIC SYSTEMS. Agrogenomics, new technologies in agriculture.</strong> Jesus Aguero.&nbsp;<em>Agrogenomics Unit Manager</em></li></ul>



<p><strong><span style="color:#5d8719" class="has-inline-color">12:10 p.m. Coffee</span></strong></p>



<p><span style="color:#5d8719" class="has-inline-color"><strong>12:40 p.m. IBMCP-Company II Session</strong><br></span><strong><u>Moderate</u>. Concha Gómez-Mena.&nbsp;</strong><em>IBMCP</em></p>



<p><strong><span class="has-inline-color has-vivid-red-color">IBMCP:</span></strong></p>



<ul class="wp-block-list"><li><strong>Valuation of Traditional Tomato Varieties.</strong> Antonio Granell</li><li><strong>Genomics in Plant Breeding.</strong> Antonio Monforte</li><li><strong>Obtaining, through biotechnology, improved citrus varieties.</strong> Berta Alquezar</li><li><strong>Bioactive plant metabolites of agronomic interest.</strong> Lison Purification</li><li><strong>Strategies for Evaluation and Improvement of Seed Longevity.</strong> Pepe Gadea</li></ul>



<p><strong><span class="has-inline-color has-vivid-red-color">COMPANY:</span></strong></p>



<ul class="wp-block-list"><li><strong>SYNTECH RESEARCH. 25 years at the service of experimentation in agriculture.</strong> Lidón Avinent.&nbsp;<em>Managing director</em></li><li><strong>VALGENETICS. Science at the Service of Agriculture.</strong> Maria Albiach.&nbsp;<em>Founder and CEO</em></li><li><strong>AGROINTEC SOLUTIONS. Collaboration models for the transfer of technology and knowledge to the agri-food industry and joint development of R&amp;D&amp;I.</strong> Ángel Leo-Revilla.&nbsp;<em>CEO</em></li><li><strong>IDAI NATURE.</strong> Belén Torregrosa.&nbsp;<em>Biocontrol Portfolio Manager</em></li><li><strong>MEDINA FOUNDATION.</strong> Mª Francisca Vicente.&nbsp;<em>Area Head of Screening and Target Validation</em></li></ul>



<p><strong><span style="color:#5d8719" class="has-inline-color">2:20 p.m. Cocktail and networking</span></strong></p>



<p><span style="color:#5d8719" class="has-inline-color"><strong>3:40 p.m. R&amp;D Management and Financing Session</strong><br></span><strong><u>Moderate</u>. Carlos Baixauli Soria.&nbsp;</strong><em>Cajamar Experimental Center</em></p>



<ul class="wp-block-list"><li><strong>BIOVEGEN. R&amp;D&amp;i network in plant production.</strong> Gonzaga Ruiz de Gauna.&nbsp;<em>Manager</em></li><li><strong>BIOVAL.</strong> Luis Vera.&nbsp;<em>External relations</em></li><li><strong>CDTI. R&amp;D financing opportunities for companies in the Agroindustrial Sector.</strong> Carlos Sanchez.&nbsp;<em>Dept. Biotechnology, Health Technologies and Agri-Food</em></li><li><strong>State Investigation Agency-MICIU. Actions to support public-private collaboration in R&amp;D.</strong> Rosa Rodríguez Bernabé.&nbsp;<em>Deputy Head/Support Unit – Management</em></li><li><strong>Valencian Innovation Agency: A new innovation strategy for Valencian companies.</strong> Olivia Star.&nbsp;<em>General Secretary<strong>​​​​​​</strong></em></li><li><strong>Technological Patronage: alternative financing to R&amp;D.</strong> Fernando Asín.&nbsp;<em>Strategy and business development director KAUDAL</em></li></ul>



<p><strong><span style="color:#5d8719" class="has-inline-color">5:30 p.m. Conclusions and closing</span></strong></p>

<p>Jornada «IBMCP-EMPRESAS: Tecnología al servicio de las empresas» 7 de mayo de 2019. Valencia Conscientes de la importancia de vincular las necesidades prácticas de las empresas con las líneas de trabajo de los centros de investigación, el Instituto de Biología Molecular y Celular de Plantas (IBMCP), la Plataforma Tecnológica de Biotecnología Vegetal (BIOVEGEN) y el [&hellip;]</p>
