{"id":2274,"date":"2017-03-26T00:00:00","date_gmt":"2017-03-26T00:00:00","guid":{"rendered":"https:\/\/biovegen.org\/?post_type=evento&#038;p=2274"},"modified":"2020-05-04T19:01:02","modified_gmt":"2020-05-04T19:01:02","slug":"jornada-tendencias-en-mejora-genetica-de-cultivos","status":"publish","type":"evento","link":"https:\/\/biovegen.org\/en\/eventos\/jornada-tendencias-en-mejora-genetica-de-cultivos\/","title":{"rendered":"Conference \u201cTrends in crop genetic improvement\u201d"},"content":{"rendered":"<h2 class=\"wp-block-heading\"><span style=\"color:#5d8719\" class=\"has-inline-color\"><strong>ITACyL, CAJAMAR and BIOVEGEN organize the Conference \u201cTrends in crop genetic improvement\u201d<\/strong><\/span><\/h2>\n\n\n\n<h2 class=\"has-text-align-center wp-block-heading\"><span class=\"has-inline-color has-very-dark-gray-color\"><strong>June 1, 2017. Valladolid<\/strong><\/span><\/h2>\n\n\n\n<div class=\"wp-block-columns is-layout-flex wp-container-core-columns-is-layout-9d6595d7 wp-block-columns-is-layout-flex\">\n<div class=\"wp-block-column is-layout-flow wp-block-column-is-layout-flow\">\n<div class=\"wp-block-buttons is-layout-flex wp-block-buttons-is-layout-flex\">\n<div class=\"wp-block-button\"><a class=\"wp-block-button__link\" href=\"https:\/\/www.google.com\/maps\/place\/Cajamar+Caja+Rural\/@41.6484046,-4.7290979,15z\/data=!4m5!3m4!1s0x0:0x8f19c08ceed41b6!8m2!3d41.6484046!4d-4.7290979\" target=\"_blank\" rel=\"noreferrer noopener\"><strong>Location<\/strong><\/a><\/div>\n<\/div>\n\n\n\n<p><\/p>\n<\/div>\n\n\n\n<div class=\"wp-block-column is-layout-flow wp-block-column-is-layout-flow\">\n<div class=\"wp-block-buttons is-layout-flex wp-block-buttons-is-layout-flex\">\n<div class=\"wp-block-button\"><a class=\"wp-block-button__link\" href=\"https:\/\/biovegen.org\/wp-content\/uploads\/2020\/04\/170601jornadabiovegencajamaritacyl.pdf\" target=\"_blank\" rel=\"noreferrer noopener\"><strong>Program<\/strong><\/a><\/div>\n<\/div>\n<\/div>\n\n\n\n<div class=\"wp-block-column is-layout-flow wp-block-column-is-layout-flow\">\n<div class=\"wp-block-buttons is-layout-flex wp-block-buttons-is-layout-flex\">\n<div class=\"wp-block-button\"><a class=\"wp-block-button__link\" href=\"https:\/\/biovegen.org\/actualidad\/noticias\/biovegen-cajamar-e-itacyl-reunen-a-mas-50-expertos-para-hablar-de-mejora-genetica-de-cultivos\/\" target=\"_blank\" rel=\"noreferrer noopener\"><strong>Conclusions<\/strong><\/a><\/div>\n<\/div>\n\n\n\n<p><\/p>\n<\/div>\n<\/div>\n\n\n\n<p>The development of technologies from plant biology, such as genetic improvement, is of vital interest for improving the competitiveness of the fruit and vegetable sector. Spain has great scientific and technological potential in this sense, and increasingly has greater support thanks to the work developed by the BIOVEGEN Platform and the public-private collaboration initiatives that are being carried out.<\/p>\n\n\n\n<p>This conference will show the new technological trends in plant biology and its possibilities, the added value that research brings to the economic activity of the private sector of plant production and how this can stimulate the private sector to undertake R&amp;D activities and collaborations. with public research centers. Financing tools and help in the development of R&amp;D projects will also be shown.<\/p>\n\n\n\n<p><strong>Bilateral meetings<\/strong>: In order to offer tools for developing R&amp;D proposals during the Conference, attendees will be offered the possibility of:<\/p>\n\n\n\n<ul class=\"wp-block-list\"><li>Bilateral proposal review meetings with CDTI expert: to review and polish proposals that may receive public funding<\/li><li>Prior mobilization of technological offers and demands: to search for common interests and organization of bilateral meetings between proponents and interested parties<\/li><\/ul>\n\n\n\n<h2 class=\"wp-block-heading\"><strong><span style=\"color:#5d8719\" class=\"has-inline-color\">Program of the day<\/span><\/strong><\/h2>\n\n\n\n<p><strong><span style=\"color:#5d8719\" class=\"has-inline-color\">10:00 a.m. Welcome<\/span><\/strong><\/p>\n\n\n\n<ul class=\"wp-block-list\"><li><strong>Pablo Gomez Rabbit<\/strong>. <em>Deputy Director of Research and Technology, ITACyL. Ministry of Agriculture and Livestock. Castilla and leon meeting<\/em><\/li><li><strong>Ra\u00fal Jes\u00fas Ortega Gonz\u00e1lez<\/strong>.&nbsp;<em>Territorial Director of Cajamar Caja Rural \u2013 Northern Zone<\/em><\/li><li><strong>Gonzaga Ruiz de Gauna Guti\u00e9rrez<\/strong>.&nbsp;<em>BIOVEGEN Platform Coordinator<\/em><\/li><\/ul>\n\n\n\n<p><strong><span class=\"has-inline-color has-vivid-red-color\">Block I FINANCING<\/span><\/strong><\/p>\n\n\n\n<p><strong><span style=\"color:#5d8719\" class=\"has-inline-color\">10:15 a.m. BIOVEGEN as a catalyst for R&amp;D projects<\/span><\/strong><\/p>\n\n\n\n<ul class=\"wp-block-list\"><li><strong>Gonzaga Ruiz de Gauna Guti\u00e9rrez<\/strong>.&nbsp;<em>BIOVEGEN Coordinator<\/em><\/li><\/ul>\n\n\n\n<p><strong><span style=\"color:#5d8719\" class=\"has-inline-color\">10:35 a.m. CDTI financing opportunities for companies in the plant production sector<\/span><\/strong><\/p>\n\n\n\n<ul class=\"wp-block-list\"><li><strong>Carlos Franco Alonso<\/strong>.&nbsp;<em>Department of Health, Bioeconomy, Climate and Natural Resources. CDTI<\/em><\/li><\/ul>\n\n\n\n<p><strong><span class=\"has-inline-color has-vivid-red-color\">Block II APPLIED SCIENCE<\/span><\/strong><\/p>\n\n\n\n<p><strong><span style=\"color:#5d8719\" class=\"has-inline-color\">10:55 a.m. Physiology of adaptation in barley and its use in improvement<\/span><\/strong><\/p>\n\n\n\n<ul class=\"wp-block-list\"><li><strong>Francisco Jes\u00fas Ciudad Bautista<\/strong>.&nbsp;<em>Agrarian Technological Institute of Castilla y Le\u00f3n (ITACYL)<\/em><\/li><\/ul>\n\n\n\n<p><strong><span style=\"color:#5d8719\" class=\"has-inline-color\">11:20 a.m. Improvement of the carboxylation process and adaptation to climate change<\/span><\/strong><\/p>\n\n\n\n<ul class=\"wp-block-list\"><li><strong>Rafael Mart\u00ednez-Carrasco Tabuenca<\/strong>.&nbsp;<em>Salamanca Institute of Natural Resources and Agrobiology (IRNASA-CSIC)<\/em><\/li><\/ul>\n\n\n\n<p><strong><span style=\"color:#5d8719\" class=\"has-inline-color\">11:45 a.m. Rest<\/span><\/strong><\/p>\n\n\n\n<p><strong><span class=\"has-inline-color has-vivid-red-color\">Block III COMPANY<\/span><\/strong><\/p>\n\n\n\n<p><strong><span style=\"color:#5d8719\" class=\"has-inline-color\">12:00 p.m. Examples of public-private collaboration in genetics and plant improvement<\/span><\/strong><\/p>\n\n\n\n<ul class=\"wp-block-list\"><li><strong>R&amp;D in citrus fruits: CITRUSEQ-CITRUSGENN project.<\/strong>&nbsp;Carlos Baixauli.&nbsp;<em>Cajamar Experience Center<\/em><\/li><li><strong>BARLEY.<\/strong>&nbsp;Samir Kerfal.&nbsp;<em>SYNGENTA<\/em><\/li><li><strong>LEGUMES.<\/strong>&nbsp;Jos\u00e9 Mar\u00eda Santos Rodr\u00edguez.&nbsp;<em>URCACyL<\/em><\/li><li><strong>VITICULTURE.<\/strong>&nbsp;Rafael Garc\u00eda Garc\u00eda.&nbsp;<em>VITIS NAVARRA<\/em><\/li><li><strong>ONIONS.<\/strong>&nbsp;Francisco Balas Torres.&nbsp;<em>GREEN FISHING BOAT EL ALTO\/VEGENAT GROUP<\/em><\/li><\/ul>\n\n\n\n<p><strong><span style=\"color:#5d8719\" class=\"has-inline-color\">1:15 p.m. Colloquium<\/span><\/strong><\/p>\n\n\n\n<p><strong><span style=\"color:#5d8719\" class=\"has-inline-color\">1:30 p.m. Conclusions and closing<\/span><\/strong><\/p>\n\n\n\n<blockquote class=\"wp-block-quote is-layout-flow wp-block-quote-is-layout-flow\"><p>In parallel, the <strong>bilateral meetings<\/strong>:<\/p><p>\u2013 With CDTI expert<\/p><p>\u2013 Between attending entities with common interests technological supply-demand<\/p><\/blockquote>","protected":false},"excerpt":{"rendered":"<p>ITACyL, CAJAMAR y BIOVEGEN organizan la Jornada \u201cTendencias en mejora gen\u00e9tica de cultivos\u201d 1 de junio 2017. Valladolid El desarrollo de tecnolog\u00edas procedentes de la biolog\u00eda vegetal, como es la mejora gen\u00e9tica, resulta de vital inter\u00e9s para la mejora de la competitividad del sector hortofrut\u00edcola. Espa\u00f1a dispone de un gran potencial cient\u00edfico y tecnol\u00f3gico en [&hellip;]<\/p>\n","protected":false},"featured_media":2275,"template":"","meta":{"_acf_changed":false,"inline_featured_image":false},"categories":[22,20,33],"tags":[],"class_list":["post-2274","evento","type-evento","status-publish","has-post-thumbnail","hentry","category-actualidad","category-eventos","category-jornadas-biovegen-cajamar"],"acf":[],"_links":{"self":[{"href":"https:\/\/biovegen.org\/en\/wp-json\/wp\/v2\/evento\/2274","targetHints":{"allow":["GET"]}}],"collection":[{"href":"https:\/\/biovegen.org\/en\/wp-json\/wp\/v2\/evento"}],"about":[{"href":"https:\/\/biovegen.org\/en\/wp-json\/wp\/v2\/types\/evento"}],"wp:featuredmedia":[{"embeddable":true,"href":"https:\/\/biovegen.org\/en\/wp-json\/wp\/v2\/media\/2275"}],"wp:attachment":[{"href":"https:\/\/biovegen.org\/en\/wp-json\/wp\/v2\/media?parent=2274"}],"wp:term":[{"taxonomy":"category","embeddable":true,"href":"https:\/\/biovegen.org\/en\/wp-json\/wp\/v2\/categories?post=2274"},{"taxonomy":"post_tag","embeddable":true,"href":"https:\/\/biovegen.org\/en\/wp-json\/wp\/v2\/tags?post=2274"}],"curies":[{"name":"wp","href":"https:\/\/api.w.org\/{rel}","templated":true}]}}

<h2 class="wp-block-heading"><span style="color:#5d8719" class="has-inline-color"><strong>ITACyL, CAJAMAR and BIOVEGEN organize the Conference “Trends in crop genetic improvement”</strong></span></h2>



<h2 class="has-text-align-center wp-block-heading"><span class="has-inline-color has-very-dark-gray-color"><strong>June 1, 2017. Valladolid</strong></span></h2>



<div class="wp-block-columns is-layout-flex wp-container-core-columns-is-layout-9d6595d7 wp-block-columns-is-layout-flex">
<div class="wp-block-column is-layout-flow wp-block-column-is-layout-flow">
<div class="wp-block-buttons is-layout-flex wp-block-buttons-is-layout-flex">
<div class="wp-block-button"><a class="wp-block-button__link" href="https://www.google.com/maps/place/Cajamar+Caja+Rural/@41.6484046,-4.7290979,15z/data=!4m5!3m4!1s0x0:0x8f19c08ceed41b6!8m2!3d41.6484046!4d-4.7290979" target="_blank" rel="noreferrer noopener"><strong>Location</strong></a></div>
</div>



<p></p>
</div>



<div class="wp-block-column is-layout-flow wp-block-column-is-layout-flow">
<div class="wp-block-buttons is-layout-flex wp-block-buttons-is-layout-flex">
<div class="wp-block-button"><a class="wp-block-button__link" href="https://biovegen.org/wp-content/uploads/2020/04/170601jornadabiovegencajamaritacyl.pdf" target="_blank" rel="noreferrer noopener"><strong>Program</strong></a></div>
</div>
</div>



<div class="wp-block-column is-layout-flow wp-block-column-is-layout-flow">
<div class="wp-block-buttons is-layout-flex wp-block-buttons-is-layout-flex">
<div class="wp-block-button"><a class="wp-block-button__link" href="https://biovegen.org/actualidad/noticias/biovegen-cajamar-e-itacyl-reunen-a-mas-50-expertos-para-hablar-de-mejora-genetica-de-cultivos/" target="_blank" rel="noreferrer noopener"><strong>Conclusions</strong></a></div>
</div>



<p></p>
</div>
</div>



<p>The development of technologies from plant biology, such as genetic improvement, is of vital interest for improving the competitiveness of the fruit and vegetable sector. Spain has great scientific and technological potential in this sense, and increasingly has greater support thanks to the work developed by the BIOVEGEN Platform and the public-private collaboration initiatives that are being carried out.</p>



<p>This conference will show the new technological trends in plant biology and its possibilities, the added value that research brings to the economic activity of the private sector of plant production and how this can stimulate the private sector to undertake R&amp;D activities and collaborations. with public research centers. Financing tools and help in the development of R&amp;D projects will also be shown.</p>



<p><strong>Bilateral meetings</strong>: In order to offer tools for developing R&amp;D proposals during the Conference, attendees will be offered the possibility of:</p>



<ul class="wp-block-list"><li>Bilateral proposal review meetings with CDTI expert: to review and polish proposals that may receive public funding</li><li>Prior mobilization of technological offers and demands: to search for common interests and organization of bilateral meetings between proponents and interested parties</li></ul>



<h2 class="wp-block-heading"><strong><span style="color:#5d8719" class="has-inline-color">Program of the day</span></strong></h2>



<p><strong><span style="color:#5d8719" class="has-inline-color">10:00 a.m. Welcome</span></strong></p>



<ul class="wp-block-list"><li><strong>Pablo Gomez Rabbit</strong>. <em>Deputy Director of Research and Technology, ITACyL. Ministry of Agriculture and Livestock. Castilla and leon meeting</em></li><li><strong>Raúl Jesús Ortega González</strong>.&nbsp;<em>Territorial Director of Cajamar Caja Rural – Northern Zone</em></li><li><strong>Gonzaga Ruiz de Gauna Gutiérrez</strong>.&nbsp;<em>BIOVEGEN Platform Coordinator</em></li></ul>



<p><strong><span class="has-inline-color has-vivid-red-color">Block I FINANCING</span></strong></p>



<p><strong><span style="color:#5d8719" class="has-inline-color">10:15 a.m. BIOVEGEN as a catalyst for R&amp;D projects</span></strong></p>



<ul class="wp-block-list"><li><strong>Gonzaga Ruiz de Gauna Gutiérrez</strong>.&nbsp;<em>BIOVEGEN Coordinator</em></li></ul>



<p><strong><span style="color:#5d8719" class="has-inline-color">10:35 a.m. CDTI financing opportunities for companies in the plant production sector</span></strong></p>



<ul class="wp-block-list"><li><strong>Carlos Franco Alonso</strong>.&nbsp;<em>Department of Health, Bioeconomy, Climate and Natural Resources. CDTI</em></li></ul>



<p><strong><span class="has-inline-color has-vivid-red-color">Block II APPLIED SCIENCE</span></strong></p>



<p><strong><span style="color:#5d8719" class="has-inline-color">10:55 a.m. Physiology of adaptation in barley and its use in improvement</span></strong></p>



<ul class="wp-block-list"><li><strong>Francisco Jesús Ciudad Bautista</strong>.&nbsp;<em>Agrarian Technological Institute of Castilla y León (ITACYL)</em></li></ul>



<p><strong><span style="color:#5d8719" class="has-inline-color">11:20 a.m. Improvement of the carboxylation process and adaptation to climate change</span></strong></p>



<ul class="wp-block-list"><li><strong>Rafael Martínez-Carrasco Tabuenca</strong>.&nbsp;<em>Salamanca Institute of Natural Resources and Agrobiology (IRNASA-CSIC)</em></li></ul>



<p><strong><span style="color:#5d8719" class="has-inline-color">11:45 a.m. Rest</span></strong></p>



<p><strong><span class="has-inline-color has-vivid-red-color">Block III COMPANY</span></strong></p>



<p><strong><span style="color:#5d8719" class="has-inline-color">12:00 p.m. Examples of public-private collaboration in genetics and plant improvement</span></strong></p>



<ul class="wp-block-list"><li><strong>R&amp;D in citrus fruits: CITRUSEQ-CITRUSGENN project.</strong>&nbsp;Carlos Baixauli.&nbsp;<em>Cajamar Experience Center</em></li><li><strong>BARLEY.</strong>&nbsp;Samir Kerfal.&nbsp;<em>SYNGENTA</em></li><li><strong>LEGUMES.</strong>&nbsp;José María Santos Rodríguez.&nbsp;<em>URCACyL</em></li><li><strong>VITICULTURE.</strong>&nbsp;Rafael García García.&nbsp;<em>VITIS NAVARRA</em></li><li><strong>ONIONS.</strong>&nbsp;Francisco Balas Torres.&nbsp;<em>GREEN FISHING BOAT EL ALTO/VEGENAT GROUP</em></li></ul>



<p><strong><span style="color:#5d8719" class="has-inline-color">1:15 p.m. Colloquium</span></strong></p>



<p><strong><span style="color:#5d8719" class="has-inline-color">1:30 p.m. Conclusions and closing</span></strong></p>



<blockquote class="wp-block-quote is-layout-flow wp-block-quote-is-layout-flow"><p>In parallel, the <strong>bilateral meetings</strong>:</p><p>– With CDTI expert</p><p>– Between attending entities with common interests technological supply-demand</p></blockquote>

<p>ITACyL, CAJAMAR y BIOVEGEN organizan la Jornada “Tendencias en mejora genética de cultivos” 1 de junio 2017. Valladolid El desarrollo de tecnologías procedentes de la biología vegetal, como es la mejora genética, resulta de vital interés para la mejora de la competitividad del sector hortofrutícola. España dispone de un gran potencial científico y tecnológico en [&hellip;]</p>
