{"id":21022,"date":"2024-08-01T16:42:12","date_gmt":"2024-08-01T14:42:12","guid":{"rendered":"https:\/\/biovegen.org\/?post_type=evento&#038;p=21022"},"modified":"2024-09-11T14:08:46","modified_gmt":"2024-09-11T12:08:46","slug":"iii-reunion-nacional-y-i-reunion-hispano-portuguesa-de-carotenoides","status":"publish","type":"evento","link":"https:\/\/biovegen.org\/en\/eventos\/iii-reunion-nacional-y-i-reunion-hispano-portuguesa-de-carotenoides\/","title":{"rendered":"III National Meeting and I Spanish-Portuguese Meeting on Carotenoids"},"content":{"rendered":"<h2 class=\"wp-block-heading has-text-align-center has-text-color\" style=\"color:#5d8719\">III National Meeting and I Spanish-Portuguese Meeting on Carotenoids<\/h2>\n\n\n\n<h2 class=\"wp-block-heading has-text-align-center\">September 5 and 6, 2024. Albacete<\/h2>\n\n\n\n<div class=\"wp-block-columns is-layout-flex wp-container-core-columns-is-layout-9d6595d7 wp-block-columns-is-layout-flex\">\n<div class=\"wp-block-column is-layout-flow wp-block-column-is-layout-flow\">\n<div class=\"wp-block-columns is-layout-flex wp-container-core-columns-is-layout-9d6595d7 wp-block-columns-is-layout-flex\">\n<div class=\"wp-block-column is-layout-flow wp-block-column-is-layout-flow\">\n<div class=\"wp-block-buttons is-content-justification-center is-layout-flex wp-container-core-buttons-is-layout-16018d1d wp-block-buttons-is-layout-flex\">\n<div class=\"wp-block-button\"><a class=\"wp-block-button__link wp-element-button\" href=\"https:\/\/www.google.es\/maps\/place\/Edificio+Polivalente\/@38.9761685,-1.8831563,13.25z\/data=!4m6!3m5!1s0xd665f60bfb38a93:0xcbcd2aea727f83d1!8m2!3d38.9794002!4d-1.855411!16s%2Fg%2F11j32wg191?hl=es&amp;entry=ttu\" target=\"_blank\" rel=\"noopener\">Location<\/a><\/div>\n<\/div>\n<\/div>\n\n\n\n<div class=\"wp-block-column is-layout-flow wp-block-column-is-layout-flow\">\n<div class=\"wp-block-buttons is-content-justification-center is-layout-flex wp-container-core-buttons-is-layout-16018d1d wp-block-buttons-is-layout-flex\">\n<div class=\"wp-block-button\"><a class=\"wp-block-button__link wp-element-button\" href=\"https:\/\/www.carotenoides.es\/programa\/\" target=\"_blank\" rel=\"noopener\">Program<\/a><\/div>\n<\/div>\n<\/div>\n<\/div>\n<\/div>\n\n\n\n<div class=\"wp-block-column is-layout-flow wp-block-column-is-layout-flow\">\n<div class=\"wp-block-columns is-layout-flex wp-container-core-columns-is-layout-9d6595d7 wp-block-columns-is-layout-flex\">\n<div class=\"wp-block-column is-layout-flow wp-block-column-is-layout-flow\">\n<div class=\"wp-block-buttons is-content-justification-center is-layout-flex wp-container-core-buttons-is-layout-16018d1d wp-block-buttons-is-layout-flex\">\n<div class=\"wp-block-button\"><a class=\"wp-block-button__link wp-element-button\" href=\"https:\/\/biovegen.org\/noticias\/biovegen-participo-en-la-iii-reunion-nacional-y-i-reunion-hispano-portuguesa-de-carotenoides\/\">Conclusions<\/a><\/div>\n<\/div>\n<\/div>\n\n\n\n<div class=\"wp-block-column is-layout-flow wp-block-column-is-layout-flow\">\n<div class=\"wp-block-buttons is-content-justification-center is-layout-flex wp-container-core-buttons-is-layout-16018d1d wp-block-buttons-is-layout-flex\">\n<div class=\"wp-block-button\"><a class=\"wp-block-button__link wp-element-button\" href=\"https:\/\/www.carotenoides.es\/\" target=\"_blank\" rel=\"noopener\">Web<\/a><\/div>\n<\/div>\n<\/div>\n<\/div>\n<\/div>\n<\/div>\n\n\n\n<p>The III National Carotenoid Meeting and I Spanish-Portuguese Carotenoid Meeting, organized by the National Carotenoid Network \u2013 CaRed, will take place in the next <strong>September 5 and 6, 2024<\/strong> in it <strong>Multipurpose Building of the Albacete Campus of the University of Castilla-La Mancha<\/strong>. This scientific meeting will serve as <strong>meeting point for researchers, teachers, students, technicians and other experts<\/strong>&nbsp;involved in the study of carotenoids in a variety of biological systems and scientific disciplines. The meeting, focused especially on encouraging the participation of young researchers, will allow the sharing of research and experiences in a collaborative environment, which can give rise to new ideas and future collaborations.<\/p>\n\n\n\n<p>Specifically, <strong>BIOVEGEN will participate on September 6, 2024 at 11:35 a.m.<\/strong> in Session V \u201cCarotenoids as new tools to face future challenges\u201d with the presentation \u201c<em>The role of BIOVEGEN as a public-private partnership and as an R&amp;D&amp;I services provider in plant production<\/em>\u00ab.<\/p>","protected":false},"excerpt":{"rendered":"<p>III Reuni\u00f3n Nacional y I Reuni\u00f3n Hispano-Portuguesa de Carotenoides 5 y 6 septiembre 2024. Albacete La III Reuni\u00f3n Nacional de Carotenoides y I Reuni\u00f3n Hispano-Portuguesa de Carotenoides, organizada por la Red Nacional de Carotenoides &#8211; CaRed, tendr\u00e1 lugar los pr\u00f3ximos 5 y 6 de septiembre de 2024 en el Edificio Polivalente del Campus de Albacete [&hellip;]<\/p>\n","protected":false},"featured_media":21023,"template":"","meta":{"_acf_changed":false,"inline_featured_image":false},"categories":[30,20],"tags":[],"class_list":["post-21022","evento","type-evento","status-publish","has-post-thumbnail","hentry","category-congresos-cientificos","category-eventos"],"acf":[],"_links":{"self":[{"href":"https:\/\/biovegen.org\/en\/wp-json\/wp\/v2\/evento\/21022","targetHints":{"allow":["GET"]}}],"collection":[{"href":"https:\/\/biovegen.org\/en\/wp-json\/wp\/v2\/evento"}],"about":[{"href":"https:\/\/biovegen.org\/en\/wp-json\/wp\/v2\/types\/evento"}],"wp:featuredmedia":[{"embeddable":true,"href":"https:\/\/biovegen.org\/en\/wp-json\/wp\/v2\/media\/21023"}],"wp:attachment":[{"href":"https:\/\/biovegen.org\/en\/wp-json\/wp\/v2\/media?parent=21022"}],"wp:term":[{"taxonomy":"category","embeddable":true,"href":"https:\/\/biovegen.org\/en\/wp-json\/wp\/v2\/categories?post=21022"},{"taxonomy":"post_tag","embeddable":true,"href":"https:\/\/biovegen.org\/en\/wp-json\/wp\/v2\/tags?post=21022"}],"curies":[{"name":"wp","href":"https:\/\/api.w.org\/{rel}","templated":true}]}}

<p>III Reunión Nacional y I Reunión Hispano-Portuguesa de Carotenoides 5 y 6 septiembre 2024. Albacete La III Reunión Nacional de Carotenoides y I Reunión Hispano-Portuguesa de Carotenoides, organizada por la Red Nacional de Carotenoides &#8211; CaRed, tendrá lugar los próximos 5 y 6 de septiembre de 2024 en el Edificio Polivalente del Campus de Albacete [&hellip;]</p>
