{"id":20383,"date":"2024-06-25T08:30:14","date_gmt":"2024-06-25T06:30:14","guid":{"rendered":"https:\/\/biovegen.org\/?post_type=evento&#038;p=20383"},"modified":"2024-06-25T08:30:16","modified_gmt":"2024-06-25T06:30:16","slug":"xiv-congreso-nacional-y-xii-iberico-de-maduracion-y-postcosecha","status":"publish","type":"evento","link":"https:\/\/biovegen.org\/en\/eventos\/xiv-congreso-nacional-y-xii-iberico-de-maduracion-y-postcosecha\/","title":{"rendered":"XIV National and XII Iberian Congress on Maturation and Postharvest"},"content":{"rendered":"<h2 class=\"wp-block-heading has-text-align-center has-text-color\" style=\"color:#5d8719\">XIV National and XII Iberian Congress on Maturation and Postharvest<\/h2>\n\n\n\n<h2 class=\"wp-block-heading has-text-align-center\">June 12, 13 and 14, 2024. Madrid<\/h2>\n\n\n\n<div class=\"wp-block-columns is-layout-flex wp-container-core-columns-is-layout-9d6595d7 wp-block-columns-is-layout-flex\">\n<div class=\"wp-block-column is-layout-flow wp-block-column-is-layout-flow\">\n<div class=\"wp-block-buttons is-content-justification-center is-layout-flex wp-container-core-buttons-is-layout-16018d1d wp-block-buttons-is-layout-flex\">\n<div class=\"wp-block-button\"><a class=\"wp-block-button__link wp-element-button\" href=\"https:\/\/www.google.es\/maps\/place\/ESPACIO+MALDONADO\/@40.432171,-3.7042425,14z\/data=!3m1!5s0xd4228eb3ac5e5c5:0x86df75c764d8d55d!4m6!3m5!1s0xd4229563d6732d3:0x7dc9d9af86f9cadc!8m2!3d40.4342799!4d-3.6862284!16s%2Fg%2F11pfc77fgp?entry=ttu\" target=\"_blank\" rel=\"noreferrer noopener\">Location<\/a><\/div>\n<\/div>\n<\/div>\n\n\n\n<div class=\"wp-block-column is-layout-flow wp-block-column-is-layout-flow\">\n<div class=\"wp-block-buttons is-content-justification-center is-layout-flex wp-container-core-buttons-is-layout-16018d1d wp-block-buttons-is-layout-flex\">\n<div class=\"wp-block-button\"><a class=\"wp-block-button__link wp-element-button\" href=\"https:\/\/biovegen.org\/noticias\/biovegen-participo-en-el-xiv-congreso-nacional-y-xii-iberico-de-maduracion-y-postcosecha\/\" target=\"_blank\" rel=\"noreferrer noopener\">Conclusions<\/a><\/div>\n<\/div>\n<\/div>\n\n\n\n<div class=\"wp-block-column is-layout-flow wp-block-column-is-layout-flow\">\n<div class=\"wp-block-buttons is-content-justification-center is-layout-flex wp-container-core-buttons-is-layout-16018d1d wp-block-buttons-is-layout-flex\">\n<div class=\"wp-block-button\"><a class=\"wp-block-button__link wp-element-button\" href=\"https:\/\/post2024.com\/\" target=\"_blank\" rel=\"noreferrer noopener\">Visit website<\/a><\/div>\n<\/div>\n<\/div>\n<\/div>\n\n\n\n<p>He <strong>XIV National and XII Iberian Congress on Maturation and Postharvest<\/strong> will be celebrated from <strong>June 12-14, 2024<\/strong> in <strong>Madrid<\/strong>. This Spanish-Portuguese congress has been bringing together experts from the agri-food system since 1988 in order to <strong>boost collaboration and professional networking<\/strong> between the various areas of research and the demands of the <strong>horticultural sector<\/strong>. Along these lines, to promote the exchange of knowledge and the visibility of research carried out in this field, the congress will feature conferences, round tables and interactive sessions. <\/p>\n\n\n\n<p>Specifically, <strong>BIOVEGEN will participate on June 14, 2024 at 12:30 p.m.<\/strong> in the third session <strong>\u00abPost-harvest opportunities and challenges in the agri-food system\u00bb<\/strong> in the space dedicated to financing mechanisms and technological platforms.<\/p>","protected":false},"excerpt":{"rendered":"<p>XIV Congreso Nacional y XII Ib\u00e9rico de Maduraci\u00f3n y Postcosecha 12, 13 y 14 junio 2024. Madrid El XIV Congreso Nacional y XII Ib\u00e9rico de Maduraci\u00f3n y Postcosecha se celebrar\u00e1 del 12 al 14 de junio de 2024 en Madrid. Este congreso hispano-portugu\u00e9s lleva reuniendo desde 1988 a expertos del sistema agroalimentario con el fin [&hellip;]<\/p>\n","protected":false},"featured_media":20385,"template":"","meta":{"_acf_changed":false,"inline_featured_image":false},"categories":[30,20],"tags":[],"class_list":["post-20383","evento","type-evento","status-publish","has-post-thumbnail","hentry","category-congresos-cientificos","category-eventos"],"acf":[],"_links":{"self":[{"href":"https:\/\/biovegen.org\/en\/wp-json\/wp\/v2\/evento\/20383","targetHints":{"allow":["GET"]}}],"collection":[{"href":"https:\/\/biovegen.org\/en\/wp-json\/wp\/v2\/evento"}],"about":[{"href":"https:\/\/biovegen.org\/en\/wp-json\/wp\/v2\/types\/evento"}],"wp:featuredmedia":[{"embeddable":true,"href":"https:\/\/biovegen.org\/en\/wp-json\/wp\/v2\/media\/20385"}],"wp:attachment":[{"href":"https:\/\/biovegen.org\/en\/wp-json\/wp\/v2\/media?parent=20383"}],"wp:term":[{"taxonomy":"category","embeddable":true,"href":"https:\/\/biovegen.org\/en\/wp-json\/wp\/v2\/categories?post=20383"},{"taxonomy":"post_tag","embeddable":true,"href":"https:\/\/biovegen.org\/en\/wp-json\/wp\/v2\/tags?post=20383"}],"curies":[{"name":"wp","href":"https:\/\/api.w.org\/{rel}","templated":true}]}}

<p>XIV Congreso Nacional y XII Ibérico de Maduración y Postcosecha 12, 13 y 14 junio 2024. Madrid El XIV Congreso Nacional y XII Ibérico de Maduración y Postcosecha se celebrará del 12 al 14 de junio de 2024 en Madrid. Este congreso hispano-portugués lleva reuniendo desde 1988 a expertos del sistema agroalimentario con el fin [&hellip;]</p>
