{"id":19834,"date":"2024-04-26T13:48:05","date_gmt":"2024-04-26T11:48:05","guid":{"rendered":"https:\/\/biovegen.org\/?post_type=evento&#038;p=19834"},"modified":"2024-10-31T15:40:15","modified_gmt":"2024-10-31T14:40:15","slug":"plant-bioprotech-iobc-ir","status":"publish","type":"evento","link":"https:\/\/biovegen.org\/en\/eventos\/plant-bioprotech-iobc-ir\/","title":{"rendered":"Plant BioProTech &amp; IOBC-IR"},"content":{"rendered":"<h2 class=\"wp-block-heading has-text-align-center has-text-color\" style=\"color:#5d8719\">Plant BioProTech &amp; IOBC-IR<\/h2>\n\n\n\n<h2 class=\"wp-block-heading has-text-align-center\">June 17,18,19 and 20, 2024. Castell\u00f3n de la Plana<\/h2>\n\n\n\n<div class=\"wp-block-columns is-layout-flex wp-container-core-columns-is-layout-9d6595d7 wp-block-columns-is-layout-flex\">\n<div class=\"wp-block-column is-layout-flow wp-block-column-is-layout-flow\">\n<div class=\"wp-block-columns is-layout-flex wp-container-core-columns-is-layout-9d6595d7 wp-block-columns-is-layout-flex\">\n<div class=\"wp-block-column is-layout-flow wp-block-column-is-layout-flow\">\n<div class=\"wp-block-buttons is-content-justification-center is-layout-flex wp-container-core-buttons-is-layout-16018d1d wp-block-buttons-is-layout-flex\">\n<div class=\"wp-block-button\"><a class=\"wp-block-button__link wp-element-button\" href=\"https:\/\/www.google.es\/maps\/place\/Paranimf\/@39.9752839,-0.0991383,13.17z\/data=!4m6!3m5!1s0xd5ffe0e8f01a9ab:0xb1bc7b697fcbf229!8m2!3d39.99582!4d-0.0680967!16s%2Fg%2F11bx1hw_xw?entry=ttu\" target=\"_blank\" rel=\"noreferrer noopener\">Location<\/a><\/div>\n<\/div>\n<\/div>\n\n\n\n<div class=\"wp-block-column is-layout-flow wp-block-column-is-layout-flow\">\n<div class=\"wp-block-buttons is-content-justification-center is-layout-flex wp-container-core-buttons-is-layout-16018d1d wp-block-buttons-is-layout-flex\">\n<div class=\"wp-block-button\"><a class=\"wp-block-button__link wp-element-button\" href=\"https:\/\/plant-bioprotech-2023.b2match.io\/page-201\" target=\"_blank\" rel=\"noreferrer noopener\">Program<\/a><\/div>\n<\/div>\n<\/div>\n<\/div>\n<\/div>\n\n\n\n<div class=\"wp-block-column is-layout-flow wp-block-column-is-layout-flow\">\n<div class=\"wp-block-columns is-layout-flex wp-container-core-columns-is-layout-9d6595d7 wp-block-columns-is-layout-flex\">\n<div class=\"wp-block-column is-layout-flow wp-block-column-is-layout-flow\">\n<div class=\"wp-block-buttons is-content-justification-center is-layout-flex wp-container-core-buttons-is-layout-16018d1d wp-block-buttons-is-layout-flex\">\n<div class=\"wp-block-button\"><a class=\"wp-block-button__link wp-element-button\" href=\"https:\/\/biovegen.org\/noticias\/biovegen-participo-en-plant-bioprotech-iobc-ir\/\">Conclusion<\/a><\/div>\n<\/div>\n<\/div>\n\n\n\n<div class=\"wp-block-column is-layout-flow wp-block-column-is-layout-flow\">\n<div class=\"wp-block-buttons is-content-justification-center is-layout-flex wp-container-core-buttons-is-layout-16018d1d wp-block-buttons-is-layout-flex\">\n<div class=\"wp-block-button\"><a class=\"wp-block-button__link wp-element-button\" href=\"https:\/\/plant-bioprotech-2023.b2match.io\/page-2201\" target=\"_blank\" rel=\"noreferrer noopener\">Visit website<\/a><\/div>\n<\/div>\n<\/div>\n<\/div>\n<\/div>\n<\/div>\n\n\n\n<p>Of the <strong>June 17 to 20, 2024<\/strong> it will take place in <strong>Castell\u00f3n de la Plana<\/strong> he <strong>Plant BioProTech and IOBC-IR<\/strong> which aims to bring together experts from science and industry in order to promote collaborations in the agri-food sector. Specifically, the main topic will be the development and distribution of bioproducts such as <strong>elicitors, biocontrol agents and biostimulants<\/strong>. This represents a great opportunity for researchers and industry professionals to share their latest findings and establish future partnerships.<\/p>\n\n\n\n<p><strong>BIOVEGEN will participate as a guest speaker in the session \u00ab<em>Biostimulants &amp; IR conclusions<\/em>\u00bb on Wednesday, June 19 from 9:00 a.m. to 10:30 a.m.<\/strong><\/p>","protected":false},"excerpt":{"rendered":"<p>Plant BioProTech &amp; IOBC-IR 17,18,19 y 20 de junio de 2024. Castell\u00f3n de la Plana Del 17 al 20 de junio de 2024 tendr\u00e1 lugar en Castell\u00f3n de la Plana el Plant BioProTech e IOBC-IR que pretende reunir a expertos de la ciencia y la industria con el fin de favorecer colaboraciones en el sector [&hellip;]<\/p>\n","protected":false},"featured_media":19835,"template":"","meta":{"_acf_changed":false,"inline_featured_image":false},"categories":[20],"tags":[],"class_list":["post-19834","evento","type-evento","status-publish","has-post-thumbnail","hentry","category-eventos"],"acf":[],"_links":{"self":[{"href":"https:\/\/biovegen.org\/en\/wp-json\/wp\/v2\/evento\/19834","targetHints":{"allow":["GET"]}}],"collection":[{"href":"https:\/\/biovegen.org\/en\/wp-json\/wp\/v2\/evento"}],"about":[{"href":"https:\/\/biovegen.org\/en\/wp-json\/wp\/v2\/types\/evento"}],"wp:featuredmedia":[{"embeddable":true,"href":"https:\/\/biovegen.org\/en\/wp-json\/wp\/v2\/media\/19835"}],"wp:attachment":[{"href":"https:\/\/biovegen.org\/en\/wp-json\/wp\/v2\/media?parent=19834"}],"wp:term":[{"taxonomy":"category","embeddable":true,"href":"https:\/\/biovegen.org\/en\/wp-json\/wp\/v2\/categories?post=19834"},{"taxonomy":"post_tag","embeddable":true,"href":"https:\/\/biovegen.org\/en\/wp-json\/wp\/v2\/tags?post=19834"}],"curies":[{"name":"wp","href":"https:\/\/api.w.org\/{rel}","templated":true}]}}

<h2 class="wp-block-heading has-text-align-center has-text-color" style="color:#5d8719">Plant BioProTech &amp; IOBC-IR</h2>



<h2 class="wp-block-heading has-text-align-center">June 17,18,19 and 20, 2024. Castellón de la Plana</h2>



<div class="wp-block-columns is-layout-flex wp-container-core-columns-is-layout-9d6595d7 wp-block-columns-is-layout-flex">
<div class="wp-block-column is-layout-flow wp-block-column-is-layout-flow">
<div class="wp-block-columns is-layout-flex wp-container-core-columns-is-layout-9d6595d7 wp-block-columns-is-layout-flex">
<div class="wp-block-column is-layout-flow wp-block-column-is-layout-flow">
<div class="wp-block-buttons is-content-justification-center is-layout-flex wp-container-core-buttons-is-layout-16018d1d wp-block-buttons-is-layout-flex">
<div class="wp-block-button"><a class="wp-block-button__link wp-element-button" href="https://www.google.es/maps/place/Paranimf/@39.9752839,-0.0991383,13.17z/data=!4m6!3m5!1s0xd5ffe0e8f01a9ab:0xb1bc7b697fcbf229!8m2!3d39.99582!4d-0.0680967!16s%2Fg%2F11bx1hw_xw?entry=ttu" target="_blank" rel="noreferrer noopener">Location</a></div>
</div>
</div>



<div class="wp-block-column is-layout-flow wp-block-column-is-layout-flow">
<div class="wp-block-buttons is-content-justification-center is-layout-flex wp-container-core-buttons-is-layout-16018d1d wp-block-buttons-is-layout-flex">
<div class="wp-block-button"><a class="wp-block-button__link wp-element-button" href="https://plant-bioprotech-2023.b2match.io/page-201" target="_blank" rel="noreferrer noopener">Program</a></div>
</div>
</div>
</div>
</div>



<div class="wp-block-column is-layout-flow wp-block-column-is-layout-flow">
<div class="wp-block-columns is-layout-flex wp-container-core-columns-is-layout-9d6595d7 wp-block-columns-is-layout-flex">
<div class="wp-block-column is-layout-flow wp-block-column-is-layout-flow">
<div class="wp-block-buttons is-content-justification-center is-layout-flex wp-container-core-buttons-is-layout-16018d1d wp-block-buttons-is-layout-flex">
<div class="wp-block-button"><a class="wp-block-button__link wp-element-button" href="https://biovegen.org/noticias/biovegen-participo-en-plant-bioprotech-iobc-ir/">Conclusion</a></div>
</div>
</div>



<div class="wp-block-column is-layout-flow wp-block-column-is-layout-flow">
<div class="wp-block-buttons is-content-justification-center is-layout-flex wp-container-core-buttons-is-layout-16018d1d wp-block-buttons-is-layout-flex">
<div class="wp-block-button"><a class="wp-block-button__link wp-element-button" href="https://plant-bioprotech-2023.b2match.io/page-2201" target="_blank" rel="noreferrer noopener">Visit website</a></div>
</div>
</div>
</div>
</div>
</div>



<p>Of the <strong>June 17 to 20, 2024</strong> it will take place in <strong>Castellón de la Plana</strong> he <strong>Plant BioProTech and IOBC-IR</strong> which aims to bring together experts from science and industry in order to promote collaborations in the agri-food sector. Specifically, the main topic will be the development and distribution of bioproducts such as <strong>elicitors, biocontrol agents and biostimulants</strong>. This represents a great opportunity for researchers and industry professionals to share their latest findings and establish future partnerships.</p>



<p><strong>BIOVEGEN will participate as a guest speaker in the session «<em>Biostimulants &amp; IR conclusions</em>» on Wednesday, June 19 from 9:00 a.m. to 10:30 a.m.</strong></p>

<p>Plant BioProTech &amp; IOBC-IR 17,18,19 y 20 de junio de 2024. Castellón de la Plana Del 17 al 20 de junio de 2024 tendrá lugar en Castellón de la Plana el Plant BioProTech e IOBC-IR que pretende reunir a expertos de la ciencia y la industria con el fin de favorecer colaboraciones en el sector [&hellip;]</p>
