{"id":19824,"date":"2024-04-26T11:01:25","date_gmt":"2024-04-26T09:01:25","guid":{"rendered":"https:\/\/biovegen.org\/?post_type=evento&#038;p=19824"},"modified":"2024-10-31T15:46:07","modified_gmt":"2024-10-31T14:46:07","slug":"xvii-reunion-de-biologia-molecular-de-plantas","status":"publish","type":"evento","link":"https:\/\/biovegen.org\/en\/eventos\/xvii-reunion-de-biologia-molecular-de-plantas\/","title":{"rendered":"XVII Plant Molecular Biology Meeting"},"content":{"rendered":"<h2 class=\"wp-block-heading has-text-align-center has-text-color\" style=\"color:#5d8719\">XVII Plant Molecular Biology Meeting<\/h2>\n\n\n\n<h2 class=\"wp-block-heading has-text-align-center\">July 3-5, 2024. Castell\u00f3n de la Plana<\/h2>\n\n\n\n<div class=\"wp-block-columns is-layout-flex wp-container-core-columns-is-layout-9d6595d7 wp-block-columns-is-layout-flex\">\n<div class=\"wp-block-column is-layout-flow wp-block-column-is-layout-flow\">\n<div class=\"wp-block-buttons is-content-justification-center is-layout-flex wp-container-core-buttons-is-layout-16018d1d wp-block-buttons-is-layout-flex\">\n<div class=\"wp-block-button\"><a class=\"wp-block-button__link wp-element-button\" href=\"https:\/\/www.fue.uji.es\/fundacion\/dondeestamos\" target=\"_blank\" rel=\"noreferrer noopener\">Location<\/a><\/div>\n<\/div>\n<\/div>\n\n\n\n<div class=\"wp-block-column is-layout-flow wp-block-column-is-layout-flow\">\n<div class=\"wp-block-buttons is-content-justification-center is-layout-flex wp-container-core-buttons-is-layout-16018d1d wp-block-buttons-is-layout-flex\">\n<div class=\"wp-block-button\"><a class=\"wp-block-button__link wp-element-button\" href=\"https:\/\/biovegen.org\/noticias\/celebrada-la-sesion-ciencia-empresa-biovegen-en-la-xvii-reunion-de-biologia-molecular-de-plantas\/\" target=\"_blank\" rel=\"noreferrer noopener\">Conclusions<\/a><\/div>\n<\/div>\n<\/div>\n\n\n\n<div class=\"wp-block-column is-layout-flow wp-block-column-is-layout-flow\">\n<div class=\"wp-block-buttons is-content-justification-center is-layout-flex wp-container-core-buttons-is-layout-16018d1d wp-block-buttons-is-layout-flex\">\n<div class=\"wp-block-button\"><a class=\"wp-block-button__link wp-element-button\" href=\"https:\/\/www.fue.uji.es\/rbmp2024\" target=\"_blank\" rel=\"noreferrer noopener\">Visit website<\/a><\/div>\n<\/div>\n<\/div>\n<\/div>\n\n\n\n<p><strong>The XVII Meeting of Plant Molecular Biology<\/strong> It is a biennial scientific conference that <strong>It will be held this year on July 3, 4 and 5 in Castell\u00f3n de la Plana<\/strong>. The event brings together more than 350 high-level plant researchers with the aim of exchanging knowledge, presenting new developments at a conceptual and methodological level, expanding visibility and promoting collective scientific enrichment and the establishment of new collaborations.<\/p>\n\n\n\n<p>The objective of the <strong>research in plant molecular biology is to meet the growing demands of agriculture<\/strong> and the challenges that climate change is posing to food production. Therefore, this meeting will focus on fundamental and applied research considering the needs of agriculture and presenting new advances in plant biotechnology. To achieve these objectives, <strong>The meeting has the support of the biotechnology platform BIOVEGEN.<\/strong><\/p>\n\n\n\n<p>BIOVEGEN continues working to enhance the development of R&amp;D activities through Science-Business collaboration. For this reason, the congress will have a <strong>Science-Business Session<\/strong>, organized by BIOVEGEN <strong>on Thursday, July 4 from 5:30 p.m. to 7:00 p.m.<\/strong>.<\/p>\n\n\n\n<h2 class=\"wp-block-heading\">Program <\/h2>\n\n\n\n<ul class=\"wp-block-list\">\n<li><strong><mark style=\"background-color:rgba(0, 0, 0, 0)\" class=\"has-inline-color has-black-color\">5:30 p.m. Welcome and introduction to the session<\/mark><\/strong><\/li>\n\n\n\n<li><strong>5:40 p.m. Block 1. Biotechnology driving\/demanding companies <\/strong>\n<ul class=\"wp-block-list\">\n<li>AVASA: the varietal innovation and certification system in citrus fruits.&nbsp;<em>Jose Cuenca. Director<\/em><\/li>\n\n\n\n<li>ANECOOP: Molecular biology and other biotechnological tools for production and marketing.&nbsp;<em>Victoria Ib\u00e1\u00f1ez, director of biotechnology ANC-Biotech<\/em><\/li>\n\n\n\n<li>GCM CITRUS BIOTEC: citrus improvement. <em>Magda Cervera, Laboratory Director<\/em><\/li>\n\n\n\n<li>NAWTER DISCOVERY: from the work to the field and beyond. Solutions for sustainable agriculture.&nbsp;<em>Juan Carlos del Pozo. Scientific advisor<\/em><\/li>\n<\/ul>\n<\/li>\n\n\n\n<li><strong>6:25 p.m. Block 2. Financing of science-business R&amp;D<\/strong><ul><li>&nbsp;IVACE+I: regional aid for plant innovation. <em>Victoria G\u00f3mez Gald\u00f3n, head of the Innovation Unit<\/em><\/li><\/ul>\n<ul class=\"wp-block-list\">\n<li>SWAN LAAB: agrotechnology investment fund. <em>Nora Alonso,<\/em> <em>partner and investment director of the Agri-Food Tech Fund<\/em><\/li>\n<\/ul>\n<\/li>\n\n\n\n<li><strong>6:55 p.m. Questions and discussion<\/strong><\/li>\n\n\n\n<li><strong>7:00 p.m. Conclusions and closing<\/strong><\/li>\n<\/ul>\n\n\n\n<p>At BIOVEGEN we consider participation in these conferences to be of great interest to the private sector, where the main researchers in the plant area meet and where companies can raise their technological demands, R&amp;D concerns and collaboration possibilities.<\/p>\n\n\n\n<h2 class=\"wp-block-heading has-text-align-center\">Special conditions for BIOVEGEN members<\/h2>\n\n\n<div class=\"wp-block-image\">\n<figure class=\"aligncenter size-large is-resized\"><img fetchpriority=\"high\" decoding=\"async\" width=\"1024\" height=\"271\" src=\"data:image\/gif;base64,R0lGODlhAQABAAAAACH5BAEKAAEALAAAAAABAAEAAAICTAEAOw==\" alt=\"\" class=\"wp-image-19887 lazyload\" style=\"width:731px;height:auto\" sizes=\"(max-width: 1024px) 100vw, 1024px\" data-src=\"https:\/\/biovegen.org\/wp-content\/uploads\/2024\/05\/Precios-1024x271.jpg\" data-srcset=\"https:\/\/biovegen.org\/wp-content\/uploads\/2024\/05\/Precios-1024x271.jpg 1024w, https:\/\/biovegen.org\/wp-content\/uploads\/2024\/05\/Precios-300x79.jpg 300w, https:\/\/biovegen.org\/wp-content\/uploads\/2024\/05\/Precios-768x203.jpg 768w, https:\/\/biovegen.org\/wp-content\/uploads\/2024\/05\/Precios-18x5.jpg 18w, https:\/\/biovegen.org\/wp-content\/uploads\/2024\/05\/Precios-600x159.jpg 600w, https:\/\/biovegen.org\/wp-content\/uploads\/2024\/05\/Precios.jpg 1346w\"><\/figure>\n<\/div>","protected":false},"excerpt":{"rendered":"<p>XVII Reuni\u00f3n de Biolog\u00eda Molecular de Plantas 3-5 de julio de 2024. Castell\u00f3n de la Plana La XVII Reuni\u00f3n de Biolog\u00eda Molecular de Plantas es un congreso cient\u00edfico bienal que se celebrar\u00e1 este a\u00f1o los d\u00edas 3, 4 y 5 de julio en Castell\u00f3n de la Plana. El evento re\u00fane a m\u00e1s de 350 investigadores [&hellip;]<\/p>\n","protected":false},"featured_media":19825,"template":"","meta":{"_acf_changed":false,"inline_featured_image":false},"categories":[30,20],"tags":[],"class_list":["post-19824","evento","type-evento","status-publish","has-post-thumbnail","hentry","category-congresos-cientificos","category-eventos"],"acf":[],"_links":{"self":[{"href":"https:\/\/biovegen.org\/en\/wp-json\/wp\/v2\/evento\/19824","targetHints":{"allow":["GET"]}}],"collection":[{"href":"https:\/\/biovegen.org\/en\/wp-json\/wp\/v2\/evento"}],"about":[{"href":"https:\/\/biovegen.org\/en\/wp-json\/wp\/v2\/types\/evento"}],"wp:featuredmedia":[{"embeddable":true,"href":"https:\/\/biovegen.org\/en\/wp-json\/wp\/v2\/media\/19825"}],"wp:attachment":[{"href":"https:\/\/biovegen.org\/en\/wp-json\/wp\/v2\/media?parent=19824"}],"wp:term":[{"taxonomy":"category","embeddable":true,"href":"https:\/\/biovegen.org\/en\/wp-json\/wp\/v2\/categories?post=19824"},{"taxonomy":"post_tag","embeddable":true,"href":"https:\/\/biovegen.org\/en\/wp-json\/wp\/v2\/tags?post=19824"}],"curies":[{"name":"wp","href":"https:\/\/api.w.org\/{rel}","templated":true}]}}

<h2 class="wp-block-heading has-text-align-center has-text-color" style="color:#5d8719">XVII Plant Molecular Biology Meeting</h2>



<h2 class="wp-block-heading has-text-align-center">July 3-5, 2024. Castellón de la Plana</h2>



<div class="wp-block-columns is-layout-flex wp-container-core-columns-is-layout-9d6595d7 wp-block-columns-is-layout-flex">
<div class="wp-block-column is-layout-flow wp-block-column-is-layout-flow">
<div class="wp-block-buttons is-content-justification-center is-layout-flex wp-container-core-buttons-is-layout-16018d1d wp-block-buttons-is-layout-flex">
<div class="wp-block-button"><a class="wp-block-button__link wp-element-button" href="https://www.fue.uji.es/fundacion/dondeestamos" target="_blank" rel="noreferrer noopener">Location</a></div>
</div>
</div>



<div class="wp-block-column is-layout-flow wp-block-column-is-layout-flow">
<div class="wp-block-buttons is-content-justification-center is-layout-flex wp-container-core-buttons-is-layout-16018d1d wp-block-buttons-is-layout-flex">
<div class="wp-block-button"><a class="wp-block-button__link wp-element-button" href="https://biovegen.org/noticias/celebrada-la-sesion-ciencia-empresa-biovegen-en-la-xvii-reunion-de-biologia-molecular-de-plantas/" target="_blank" rel="noreferrer noopener">Conclusions</a></div>
</div>
</div>



<div class="wp-block-column is-layout-flow wp-block-column-is-layout-flow">
<div class="wp-block-buttons is-content-justification-center is-layout-flex wp-container-core-buttons-is-layout-16018d1d wp-block-buttons-is-layout-flex">
<div class="wp-block-button"><a class="wp-block-button__link wp-element-button" href="https://www.fue.uji.es/rbmp2024" target="_blank" rel="noreferrer noopener">Visit website</a></div>
</div>
</div>
</div>



<p><strong>The XVII Meeting of Plant Molecular Biology</strong> It is a biennial scientific conference that <strong>It will be held this year on July 3, 4 and 5 in Castellón de la Plana</strong>. The event brings together more than 350 high-level plant researchers with the aim of exchanging knowledge, presenting new developments at a conceptual and methodological level, expanding visibility and promoting collective scientific enrichment and the establishment of new collaborations.</p>



<p>The objective of the <strong>research in plant molecular biology is to meet the growing demands of agriculture</strong> and the challenges that climate change is posing to food production. Therefore, this meeting will focus on fundamental and applied research considering the needs of agriculture and presenting new advances in plant biotechnology. To achieve these objectives, <strong>The meeting has the support of the biotechnology platform BIOVEGEN.</strong></p>



<p>BIOVEGEN continues working to enhance the development of R&amp;D activities through Science-Business collaboration. For this reason, the congress will have a <strong>Science-Business Session</strong>, organized by BIOVEGEN <strong>on Thursday, July 4 from 5:30 p.m. to 7:00 p.m.</strong>.</p>



<h2 class="wp-block-heading">Program </h2>



<ul class="wp-block-list">
<li><strong><mark style="background-color:rgba(0, 0, 0, 0)" class="has-inline-color has-black-color">5:30 p.m. Welcome and introduction to the session</mark></strong></li>



<li><strong>5:40 p.m. Block 1. Biotechnology driving/demanding companies </strong>
<ul class="wp-block-list">
<li>AVASA: the varietal innovation and certification system in citrus fruits.&nbsp;<em>Jose Cuenca. Director</em></li>



<li>ANECOOP: Molecular biology and other biotechnological tools for production and marketing.&nbsp;<em>Victoria Ibáñez, director of biotechnology ANC-Biotech</em></li>



<li>GCM CITRUS BIOTEC: citrus improvement. <em>Magda Cervera, Laboratory Director</em></li>



<li>NAWTER DISCOVERY: from the work to the field and beyond. Solutions for sustainable agriculture.&nbsp;<em>Juan Carlos del Pozo. Scientific advisor</em></li>
</ul>
</li>



<li><strong>6:25 p.m. Block 2. Financing of science-business R&amp;D</strong><ul><li>&nbsp;IVACE+I: regional aid for plant innovation. <em>Victoria Gómez Galdón, head of the Innovation Unit</em></li></ul>
<ul class="wp-block-list">
<li>SWAN LAAB: agrotechnology investment fund. <em>Nora Alonso,</em> <em>partner and investment director of the Agri-Food Tech Fund</em></li>
</ul>
</li>



<li><strong>6:55 p.m. Questions and discussion</strong></li>



<li><strong>7:00 p.m. Conclusions and closing</strong></li>
</ul>



<p>At BIOVEGEN we consider participation in these conferences to be of great interest to the private sector, where the main researchers in the plant area meet and where companies can raise their technological demands, R&amp;D concerns and collaboration possibilities.</p>



<h2 class="wp-block-heading has-text-align-center">Special conditions for BIOVEGEN members</h2>


<div class="wp-block-image">
<figure class="aligncenter size-large is-resized"><img fetchpriority="high" decoding="async" width="1024" height="271" src="data:image/gif;base64,R0lGODlhAQABAAAAACH5BAEKAAEALAAAAAABAAEAAAICTAEAOw==" alt="" class="wp-image-19887 lazyload" style="width:731px;height:auto" sizes="(max-width: 1024px) 100vw, 1024px" data-src="https://biovegen.org/wp-content/uploads/2024/05/Precios-1024x271.jpg" data-srcset="https://biovegen.org/wp-content/uploads/2024/05/Precios-1024x271.jpg 1024w, https://biovegen.org/wp-content/uploads/2024/05/Precios-300x79.jpg 300w, https://biovegen.org/wp-content/uploads/2024/05/Precios-768x203.jpg 768w, https://biovegen.org/wp-content/uploads/2024/05/Precios-18x5.jpg 18w, https://biovegen.org/wp-content/uploads/2024/05/Precios-600x159.jpg 600w, https://biovegen.org/wp-content/uploads/2024/05/Precios.jpg 1346w"></figure>
</div>

<p>XVII Reunión de Biología Molecular de Plantas 3-5 de julio de 2024. Castellón de la Plana La XVII Reunión de Biología Molecular de Plantas es un congreso científico bienal que se celebrará este año los días 3, 4 y 5 de julio en Castellón de la Plana. El evento reúne a más de 350 investigadores [&hellip;]</p>
