{"id":13372,"date":"2022-05-10T15:07:22","date_gmt":"2022-05-10T15:07:22","guid":{"rendered":"https:\/\/biovegen.org\/?post_type=evento&#038;p=13372"},"modified":"2022-09-22T08:00:56","modified_gmt":"2022-09-22T08:00:56","slug":"x-congreso-de-mejora-genetica-de-plantas","status":"publish","type":"evento","link":"https:\/\/biovegen.org\/en\/eventos\/x-congreso-de-mejora-genetica-de-plantas\/","title":{"rendered":"10th National Congress of Plant Genetic Improvement"},"content":{"rendered":"<h2 class=\"has-text-align-center has-text-color wp-block-heading\" style=\"color:#5d8719\"><strong>10th National Congress of Plant Genetic Improvement<\/strong><\/h2>\n\n\n\n<h2 class=\"has-text-align-center wp-block-heading\">September 19, 20, 21 and 22, 2022. Pontevedra<\/h2>\n\n\n\n<div class=\"wp-block-columns is-layout-flex wp-container-core-columns-is-layout-9d6595d7 wp-block-columns-is-layout-flex\">\n<div class=\"wp-block-column is-layout-flow wp-block-column-is-layout-flow\">\n<div class=\"wp-block-columns is-layout-flex wp-container-core-columns-is-layout-9d6595d7 wp-block-columns-is-layout-flex\">\n<div class=\"wp-block-column is-vertically-aligned-center is-layout-flow wp-block-column-is-layout-flow\">\n<div class=\"wp-block-buttons is-content-justification-center is-layout-flex wp-container-core-buttons-is-layout-16018d1d wp-block-buttons-is-layout-flex\">\n<div class=\"wp-block-button\"><a class=\"wp-block-button__link\" href=\"https:\/\/www.google.com\/maps\/place\/Pazo+da+Cultura+de+Pontevedra\/@42.435567,-8.6401107,17z\/data=!3m1!4b1!4m5!3m4!1s0xd2f71c0bdc66291:0x854346d19d3f5874!8m2!3d42.435567!4d-8.637922\" target=\"_blank\" rel=\"noreferrer noopener\">Location<\/a><\/div>\n<\/div>\n<\/div>\n\n\n\n<div class=\"wp-block-column is-layout-flow wp-block-column-is-layout-flow\">\n<div class=\"wp-block-buttons is-content-justification-center is-layout-flex wp-container-core-buttons-is-layout-16018d1d wp-block-buttons-is-layout-flex\">\n<div class=\"wp-block-button\"><a class=\"wp-block-button__link\" href=\"http:\/\/www.sech.info\/pontevedra2022\/#programa\" target=\"_blank\" rel=\"noreferrer noopener\">Program<\/a><\/div>\n<\/div>\n<\/div>\n<\/div>\n<\/div>\n\n\n\n<div class=\"wp-block-column is-layout-flow wp-block-column-is-layout-flow\">\n<div class=\"wp-block-columns is-layout-flex wp-container-core-columns-is-layout-9d6595d7 wp-block-columns-is-layout-flex\">\n<div class=\"wp-block-column is-vertically-aligned-center is-layout-flow wp-block-column-is-layout-flow\">\n<div class=\"wp-block-buttons is-content-justification-center is-layout-flex wp-container-core-buttons-is-layout-16018d1d wp-block-buttons-is-layout-flex\">\n<div class=\"wp-block-button\"><a class=\"wp-block-button__link\" href=\"http:\/\/www.sech.info\/pontevedra2022\/#page-top\" target=\"_blank\" rel=\"noreferrer noopener\">Visit website<\/a><\/div>\n<\/div>\n<\/div>\n\n\n\n<div class=\"wp-block-column is-vertically-aligned-center is-layout-flow wp-block-column-is-layout-flow\">\n<div class=\"wp-block-buttons is-content-justification-center is-layout-flex wp-container-core-buttons-is-layout-16018d1d wp-block-buttons-is-layout-flex\">\n<div class=\"wp-block-button\"><a class=\"wp-block-button__link\" href=\"https:\/\/biovegen.org\/noticias\/biovegen-participa-en-el-x-congreso-nacional-de-mejora-genetica-de-plantas\/\" target=\"_blank\" rel=\"noreferrer noopener\">Conclusions<\/a><\/div>\n<\/div>\n<\/div>\n<\/div>\n<\/div>\n<\/div>\n\n\n\n<p>The X Congress on Plant Genetic Improvement is an ideal framework to exchange the latest advances in scientific knowledge and professional development in the different fields that make up plant genetic improvement, from the management of plant genetic resources to the most advanced technology of genetic modification, through plenary and thematic conferences and specific communications.<\/p>\n\n\n\n<p>This Congress will be organized based on thematic sessions, which the participants will be able to choose to present their communication and the scientific committee will finally decide the distribution of the communications in the different sessions. Discussion and sharing of the latest advances in each area will be encouraged. These thematic areas are: plant genetic resources, improvement of resistance to abiotic stresses, pests, diseases, quality improvement, nutritional value, sustainable production and new uses and crops.<\/p>\n\n\n\n<p><strong>BIOVEGEN collaborates in the 10th Plant Genetic Improvement Congress<\/strong> promoting technological transfer between science and business through the organization of the<strong> \u00abBIOVEGEN Session: Public-private collaboration and financing of R&amp;D&amp;i<\/strong>&quot; which will take place <strong>Wednesday, September 21, from 4 to 6 p.m.<\/strong>.<\/p>\n\n\n\n<div style=\"height:50px\" aria-hidden=\"true\" class=\"wp-block-spacer\"><\/div>\n\n\n\n<h2 class=\"wp-block-heading\">Program<\/h2>\n\n\n\n<p><strong>4:00 p.m. Introduction and objectives of the session.<\/strong> BIOVEGEN. <em>Gonzaga Ruiz de Gauna<\/em>.<\/p>\n\n\n\n<p><strong>4:10 p.m. Recovery of plant genetic biodiversity<\/strong><strong>.<\/strong> PTI AGROFOR. <em>Rosana Malvar.<\/em><\/p>\n\n\n\n<p><strong>4:30 p.m. Plant innovation companies<\/strong><\/p>\n\n\n\n<ul class=\"wp-block-list\"><li>SINENTA. <em>Angel Leo-Revilla<\/em> <\/li><li>AGROINTEC. <em>Edgar Garcia<\/em> <\/li><li>SEMENTARS. <em>Fernando Almeida<\/em>. <\/li><li>ANECOOP<em>. Victoria Ib\u00e1\u00f1ez. <\/em><\/li><\/ul>\n\n\n\n<p><strong>5:20 p.m. Support for innovation in agriculture<\/strong><\/p>\n\n\n\n<ul class=\"wp-block-list\"><li>State Investigation Agency. <em>Maria Angeles Ferre<\/em>.<\/li><li>Center for Technological Development and Innovation (CDTI). <em>Carlos Franco<\/em>.<\/li><\/ul>\n\n\n\n<p><strong>5:50 p.m. Questions and discussion<\/strong><\/p>\n\n\n\n<p><strong>6:00 p.m. Conclusions<\/strong><\/p>","protected":false},"excerpt":{"rendered":"<p>X Congreso Nacional de Mejora Gen\u00e9tica de Plantas 19, 20, 21 y 22 de septiembre de 2022. Pontevedra El X Congreso de Mejora Gen\u00e9tica de Plantas supone un marco id\u00f3neo para intercambiar los \u00faltimos avances en el conocimiento cient\u00edfico y en el desarrollo profesional en los distintos campos que integran la mejora gen\u00e9tica vegetal, desde [&hellip;]<\/p>\n","protected":false},"featured_media":13373,"template":"","meta":{"_acf_changed":false,"inline_featured_image":false},"categories":[30,20],"tags":[],"class_list":["post-13372","evento","type-evento","status-publish","has-post-thumbnail","hentry","category-congresos-cientificos","category-eventos"],"acf":[],"_links":{"self":[{"href":"https:\/\/biovegen.org\/en\/wp-json\/wp\/v2\/evento\/13372","targetHints":{"allow":["GET"]}}],"collection":[{"href":"https:\/\/biovegen.org\/en\/wp-json\/wp\/v2\/evento"}],"about":[{"href":"https:\/\/biovegen.org\/en\/wp-json\/wp\/v2\/types\/evento"}],"wp:featuredmedia":[{"embeddable":true,"href":"https:\/\/biovegen.org\/en\/wp-json\/wp\/v2\/media\/13373"}],"wp:attachment":[{"href":"https:\/\/biovegen.org\/en\/wp-json\/wp\/v2\/media?parent=13372"}],"wp:term":[{"taxonomy":"category","embeddable":true,"href":"https:\/\/biovegen.org\/en\/wp-json\/wp\/v2\/categories?post=13372"},{"taxonomy":"post_tag","embeddable":true,"href":"https:\/\/biovegen.org\/en\/wp-json\/wp\/v2\/tags?post=13372"}],"curies":[{"name":"wp","href":"https:\/\/api.w.org\/{rel}","templated":true}]}}

<h2 class="has-text-align-center has-text-color wp-block-heading" style="color:#5d8719"><strong>10th National Congress of Plant Genetic Improvement</strong></h2>



<h2 class="has-text-align-center wp-block-heading">September 19, 20, 21 and 22, 2022. Pontevedra</h2>



<div class="wp-block-columns is-layout-flex wp-container-core-columns-is-layout-9d6595d7 wp-block-columns-is-layout-flex">
<div class="wp-block-column is-layout-flow wp-block-column-is-layout-flow">
<div class="wp-block-columns is-layout-flex wp-container-core-columns-is-layout-9d6595d7 wp-block-columns-is-layout-flex">
<div class="wp-block-column is-vertically-aligned-center is-layout-flow wp-block-column-is-layout-flow">
<div class="wp-block-buttons is-content-justification-center is-layout-flex wp-container-core-buttons-is-layout-16018d1d wp-block-buttons-is-layout-flex">
<div class="wp-block-button"><a class="wp-block-button__link" href="https://www.google.com/maps/place/Pazo+da+Cultura+de+Pontevedra/@42.435567,-8.6401107,17z/data=!3m1!4b1!4m5!3m4!1s0xd2f71c0bdc66291:0x854346d19d3f5874!8m2!3d42.435567!4d-8.637922" target="_blank" rel="noreferrer noopener">Location</a></div>
</div>
</div>



<div class="wp-block-column is-layout-flow wp-block-column-is-layout-flow">
<div class="wp-block-buttons is-content-justification-center is-layout-flex wp-container-core-buttons-is-layout-16018d1d wp-block-buttons-is-layout-flex">
<div class="wp-block-button"><a class="wp-block-button__link" href="http://www.sech.info/pontevedra2022/#programa" target="_blank" rel="noreferrer noopener">Program</a></div>
</div>
</div>
</div>
</div>



<div class="wp-block-column is-layout-flow wp-block-column-is-layout-flow">
<div class="wp-block-columns is-layout-flex wp-container-core-columns-is-layout-9d6595d7 wp-block-columns-is-layout-flex">
<div class="wp-block-column is-vertically-aligned-center is-layout-flow wp-block-column-is-layout-flow">
<div class="wp-block-buttons is-content-justification-center is-layout-flex wp-container-core-buttons-is-layout-16018d1d wp-block-buttons-is-layout-flex">
<div class="wp-block-button"><a class="wp-block-button__link" href="http://www.sech.info/pontevedra2022/#page-top" target="_blank" rel="noreferrer noopener">Visit website</a></div>
</div>
</div>



<div class="wp-block-column is-vertically-aligned-center is-layout-flow wp-block-column-is-layout-flow">
<div class="wp-block-buttons is-content-justification-center is-layout-flex wp-container-core-buttons-is-layout-16018d1d wp-block-buttons-is-layout-flex">
<div class="wp-block-button"><a class="wp-block-button__link" href="https://biovegen.org/noticias/biovegen-participa-en-el-x-congreso-nacional-de-mejora-genetica-de-plantas/" target="_blank" rel="noreferrer noopener">Conclusions</a></div>
</div>
</div>
</div>
</div>
</div>



<p>The X Congress on Plant Genetic Improvement is an ideal framework to exchange the latest advances in scientific knowledge and professional development in the different fields that make up plant genetic improvement, from the management of plant genetic resources to the most advanced technology of genetic modification, through plenary and thematic conferences and specific communications.</p>



<p>This Congress will be organized based on thematic sessions, which the participants will be able to choose to present their communication and the scientific committee will finally decide the distribution of the communications in the different sessions. Discussion and sharing of the latest advances in each area will be encouraged. These thematic areas are: plant genetic resources, improvement of resistance to abiotic stresses, pests, diseases, quality improvement, nutritional value, sustainable production and new uses and crops.</p>



<p><strong>BIOVEGEN collaborates in the 10th Plant Genetic Improvement Congress</strong> promoting technological transfer between science and business through the organization of the<strong> «BIOVEGEN Session: Public-private collaboration and financing of R&amp;D&amp;i</strong>&quot; which will take place <strong>Wednesday, September 21, from 4 to 6 p.m.</strong>.</p>



<div style="height:50px" aria-hidden="true" class="wp-block-spacer"></div>



<h2 class="wp-block-heading">Program</h2>



<p><strong>4:00 p.m. Introduction and objectives of the session.</strong> BIOVEGEN. <em>Gonzaga Ruiz de Gauna</em>.</p>



<p><strong>4:10 p.m. Recovery of plant genetic biodiversity</strong><strong>.</strong> PTI AGROFOR. <em>Rosana Malvar.</em></p>



<p><strong>4:30 p.m. Plant innovation companies</strong></p>



<ul class="wp-block-list"><li>SINENTA. <em>Angel Leo-Revilla</em> </li><li>AGROINTEC. <em>Edgar Garcia</em> </li><li>SEMENTARS. <em>Fernando Almeida</em>. </li><li>ANECOOP<em>. Victoria Ibáñez. </em></li></ul>



<p><strong>5:20 p.m. Support for innovation in agriculture</strong></p>



<ul class="wp-block-list"><li>State Investigation Agency. <em>Maria Angeles Ferre</em>.</li><li>Center for Technological Development and Innovation (CDTI). <em>Carlos Franco</em>.</li></ul>



<p><strong>5:50 p.m. Questions and discussion</strong></p>



<p><strong>6:00 p.m. Conclusions</strong></p>

<p>X Congreso Nacional de Mejora Genética de Plantas 19, 20, 21 y 22 de septiembre de 2022. Pontevedra El X Congreso de Mejora Genética de Plantas supone un marco idóneo para intercambiar los últimos avances en el conocimiento científico y en el desarrollo profesional en los distintos campos que integran la mejora genética vegetal, desde [&hellip;]</p>
