{"id":12605,"date":"2022-03-23T10:48:25","date_gmt":"2022-03-23T10:48:25","guid":{"rendered":"https:\/\/biovegen.org\/?post_type=evento&#038;p=12605"},"modified":"2022-11-09T12:51:41","modified_gmt":"2022-11-09T12:51:41","slug":"xvi-reunion-de-biologia-molecular-de-plantas","status":"publish","type":"evento","link":"https:\/\/biovegen.org\/en\/eventos\/xvi-reunion-de-biologia-molecular-de-plantas\/","title":{"rendered":"XVI Meeting of Plant Molecular Biology"},"content":{"rendered":"<h2 class=\"has-text-align-center has-text-color wp-block-heading\" style=\"color:#5d8719\"><strong>XVI Meeting of Plant Molecular Biology<\/strong><\/h2>\n\n\n\n<h2 class=\"has-text-align-center wp-block-heading\">September 14, 15 and 16, 2022. Seville<\/h2>\n\n\n\n<div class=\"wp-block-columns is-layout-flex wp-container-core-columns-is-layout-9d6595d7 wp-block-columns-is-layout-flex\">\n<div class=\"wp-block-column is-layout-flow wp-block-column-is-layout-flow\">\n<div class=\"wp-block-buttons is-layout-flex wp-block-buttons-is-layout-flex\">\n<div class=\"wp-block-button\"><a class=\"wp-block-button__link\" href=\"https:\/\/www.bcongresos.com\/congresos\/rbmp2022\/en\/Programme\/\" target=\"_blank\" rel=\"noreferrer noopener\">Program<\/a><\/div>\n<\/div>\n<\/div>\n\n\n\n<div class=\"wp-block-column is-layout-flow wp-block-column-is-layout-flow\">\n<div class=\"wp-block-buttons is-layout-flex wp-block-buttons-is-layout-flex\">\n<div class=\"wp-block-button\"><a class=\"wp-block-button__link\" href=\"https:\/\/www.bcongresos.com\/congresos\/rbmp2022\/en\/Presentation\/\" target=\"_blank\" rel=\"noreferrer noopener\">Visit website<\/a><\/div>\n<\/div>\n<\/div>\n\n\n\n<div class=\"wp-block-column is-layout-flow wp-block-column-is-layout-flow\">\n<div class=\"wp-block-buttons is-layout-flex wp-block-buttons-is-layout-flex\">\n<div class=\"wp-block-button\"><a class=\"wp-block-button__link\" href=\"https:\/\/biovegen.org\/noticias\/biovegen-participa-en-la-xvi-reunion-de-biologia-molecular-de-plantas\/\" target=\"_blank\" rel=\"noreferrer noopener\">Conclusions<\/a><\/div>\n<\/div>\n<\/div>\n<\/div>\n\n\n\n<p>The XVI Plant Molecular Biology Meeting is a biennial event that constitutes an excellent opportunity to present conceptual and methodological innovations, as well as expand visibility, in order to promote collective scientific enrichment and establish new collaborations. The objective of this meeting is to bring research closer to the needs of agriculture and the challenges of plant biotechnology and to guarantee the excellent scientific level; inviting senior researchers of international prestige to the sessions. The meeting is fully committed to gender equality, as reflected in the composition of the scientific and organizing councils.<\/p>\n\n\n\n<p><strong>BIOVEGEN collaborates in the Plant Molecular Biology Meeting<\/strong> promoting technological transfer between science and business through the organization of science-business sessions. The <strong>\u00abBIOVEGEN Session: Public-private collaboration and financing of R&amp;D&amp;I\u00bb<\/strong> will take place on <strong>Thursday, September 15 from 5:30 p.m. \u2013 7:00 p.m.<\/strong>.<\/p>\n\n\n\n<div style=\"height:50px\" aria-hidden=\"true\" class=\"wp-block-spacer\"><\/div>\n\n\n\n<h2 class=\"wp-block-heading\">Program<\/h2>\n\n\n\n<p>5:30 p.m. <strong>Introduction and objectives of the session<\/strong><\/p>\n\n\n\n<p>5:40 p.m. <strong>Plant innovation companies<\/strong><\/p>\n\n\n\n<ul class=\"wp-block-list\"><li>AGROINTEC. <em>Ana Garcia<\/em><\/li><li>ALGAENERGY\/MICROCLIMATT project. <em>Jos\u00e9 Antonio del Campo<\/em><\/li><li>CBGP-TRADECORP Mixed Unit. <em>Patricia Fernandez<\/em><\/li><li>AGROQUIVIR. <em>Fernando Sastre<\/em><\/li><\/ul>\n\n\n\n<p>6:30 p.m. <strong>Support for innovation in agriculture<\/strong><\/p>\n\n\n\n<ul class=\"wp-block-list\"><li>State Investigation Agency. <em>Maria Angeles Ferre<\/em><\/li><li>Center for Technological Development and Innovation (CDTI). <em>Carlos Franco<\/em><\/li><\/ul>\n\n\n\n<p>6:50 p.m. <strong>Questions and discussion<\/strong><\/p>\n\n\n\n<p>7:00 p.m. <strong>Conclusions and closing<\/strong><\/p>","protected":false},"excerpt":{"rendered":"<p>XVI Reuni\u00f3n de Biolog\u00eda Molecular de Plantas 14, 15 y 16 de septiembre de 2022. Sevilla La XVI Reuni\u00f3n de Biolog\u00eda Molecular de Plantas es un evento bienal que constituye una excelente oportunidad para presentar innovaciones conceptuales y metodol\u00f3gicas, as\u00ed como ampliar la visibilidad, con el fin de promover el enriquecimiento cient\u00edfico colectivo y establecer [&hellip;]<\/p>\n","protected":false},"featured_media":12606,"template":"","meta":{"_acf_changed":false,"inline_featured_image":false},"categories":[30,20],"tags":[],"class_list":["post-12605","evento","type-evento","status-publish","has-post-thumbnail","hentry","category-congresos-cientificos","category-eventos"],"acf":[],"_links":{"self":[{"href":"https:\/\/biovegen.org\/en\/wp-json\/wp\/v2\/evento\/12605","targetHints":{"allow":["GET"]}}],"collection":[{"href":"https:\/\/biovegen.org\/en\/wp-json\/wp\/v2\/evento"}],"about":[{"href":"https:\/\/biovegen.org\/en\/wp-json\/wp\/v2\/types\/evento"}],"wp:featuredmedia":[{"embeddable":true,"href":"https:\/\/biovegen.org\/en\/wp-json\/wp\/v2\/media\/12606"}],"wp:attachment":[{"href":"https:\/\/biovegen.org\/en\/wp-json\/wp\/v2\/media?parent=12605"}],"wp:term":[{"taxonomy":"category","embeddable":true,"href":"https:\/\/biovegen.org\/en\/wp-json\/wp\/v2\/categories?post=12605"},{"taxonomy":"post_tag","embeddable":true,"href":"https:\/\/biovegen.org\/en\/wp-json\/wp\/v2\/tags?post=12605"}],"curies":[{"name":"wp","href":"https:\/\/api.w.org\/{rel}","templated":true}]}}

<h2 class="has-text-align-center has-text-color wp-block-heading" style="color:#5d8719"><strong>XVI Meeting of Plant Molecular Biology</strong></h2>



<h2 class="has-text-align-center wp-block-heading">September 14, 15 and 16, 2022. Seville</h2>



<div class="wp-block-columns is-layout-flex wp-container-core-columns-is-layout-9d6595d7 wp-block-columns-is-layout-flex">
<div class="wp-block-column is-layout-flow wp-block-column-is-layout-flow">
<div class="wp-block-buttons is-layout-flex wp-block-buttons-is-layout-flex">
<div class="wp-block-button"><a class="wp-block-button__link" href="https://www.bcongresos.com/congresos/rbmp2022/en/Programme/" target="_blank" rel="noreferrer noopener">Program</a></div>
</div>
</div>



<div class="wp-block-column is-layout-flow wp-block-column-is-layout-flow">
<div class="wp-block-buttons is-layout-flex wp-block-buttons-is-layout-flex">
<div class="wp-block-button"><a class="wp-block-button__link" href="https://www.bcongresos.com/congresos/rbmp2022/en/Presentation/" target="_blank" rel="noreferrer noopener">Visit website</a></div>
</div>
</div>



<div class="wp-block-column is-layout-flow wp-block-column-is-layout-flow">
<div class="wp-block-buttons is-layout-flex wp-block-buttons-is-layout-flex">
<div class="wp-block-button"><a class="wp-block-button__link" href="https://biovegen.org/noticias/biovegen-participa-en-la-xvi-reunion-de-biologia-molecular-de-plantas/" target="_blank" rel="noreferrer noopener">Conclusions</a></div>
</div>
</div>
</div>



<p>The XVI Plant Molecular Biology Meeting is a biennial event that constitutes an excellent opportunity to present conceptual and methodological innovations, as well as expand visibility, in order to promote collective scientific enrichment and establish new collaborations. The objective of this meeting is to bring research closer to the needs of agriculture and the challenges of plant biotechnology and to guarantee the excellent scientific level; inviting senior researchers of international prestige to the sessions. The meeting is fully committed to gender equality, as reflected in the composition of the scientific and organizing councils.</p>



<p><strong>BIOVEGEN collaborates in the Plant Molecular Biology Meeting</strong> promoting technological transfer between science and business through the organization of science-business sessions. The <strong>«BIOVEGEN Session: Public-private collaboration and financing of R&amp;D&amp;I»</strong> will take place on <strong>Thursday, September 15 from 5:30 p.m. – 7:00 p.m.</strong>.</p>



<div style="height:50px" aria-hidden="true" class="wp-block-spacer"></div>



<h2 class="wp-block-heading">Program</h2>



<p>5:30 p.m. <strong>Introduction and objectives of the session</strong></p>



<p>5:40 p.m. <strong>Plant innovation companies</strong></p>



<ul class="wp-block-list"><li>AGROINTEC. <em>Ana Garcia</em></li><li>ALGAENERGY/MICROCLIMATT project. <em>José Antonio del Campo</em></li><li>CBGP-TRADECORP Mixed Unit. <em>Patricia Fernandez</em></li><li>AGROQUIVIR. <em>Fernando Sastre</em></li></ul>



<p>6:30 p.m. <strong>Support for innovation in agriculture</strong></p>



<ul class="wp-block-list"><li>State Investigation Agency. <em>Maria Angeles Ferre</em></li><li>Center for Technological Development and Innovation (CDTI). <em>Carlos Franco</em></li></ul>



<p>6:50 p.m. <strong>Questions and discussion</strong></p>



<p>7:00 p.m. <strong>Conclusions and closing</strong></p>

<p>XVI Reunión de Biología Molecular de Plantas 14, 15 y 16 de septiembre de 2022. Sevilla La XVI Reunión de Biología Molecular de Plantas es un evento bienal que constituye una excelente oportunidad para presentar innovaciones conceptuales y metodológicas, así como ampliar la visibilidad, con el fin de promover el enriquecimiento científico colectivo y establecer [&hellip;]</p>
