{"id":12601,"date":"2022-03-11T15:10:44","date_gmt":"2022-03-11T15:10:44","guid":{"rendered":"https:\/\/biovegen.org\/?post_type=evento&#038;p=12601"},"modified":"2022-11-10T16:32:00","modified_gmt":"2022-11-10T16:32:00","slug":"webinar-microclimatt-microalgas-para-una-agricultura-productiva-y-sostenible","status":"publish","type":"evento","link":"https:\/\/biovegen.org\/en\/eventos\/webinar-microclimatt-microalgas-para-una-agricultura-productiva-y-sostenible\/","title":{"rendered":"MICROCLIMATT Webinar: Microalgae for productive and sustainable agriculture"},"content":{"rendered":"<h2 class=\"has-text-align-center has-text-color wp-block-heading\" style=\"color:#5d8719\"><strong>MICROCLIMATT Webinar: Microalgae for productive and sustainable agriculture <\/strong><\/h2>\n\n\n\n<h2 class=\"has-text-align-center wp-block-heading\">March 31, 2022. Virtual format<\/h2>\n\n\n\n<div class=\"wp-block-columns is-layout-flex wp-container-core-columns-is-layout-9d6595d7 wp-block-columns-is-layout-flex\">\n<div class=\"wp-block-column is-layout-flow wp-block-column-is-layout-flow\">\n<div class=\"wp-block-columns is-layout-flex wp-container-core-columns-is-layout-9d6595d7 wp-block-columns-is-layout-flex\">\n<div class=\"wp-block-column is-layout-flow wp-block-column-is-layout-flow\">\n<div class=\"wp-block-columns is-layout-flex wp-container-core-columns-is-layout-9d6595d7 wp-block-columns-is-layout-flex\">\n<div class=\"wp-block-column is-layout-flow wp-block-column-is-layout-flow\">\n<div class=\"wp-block-buttons is-horizontal is-content-justification-center is-layout-flex wp-container-core-buttons-is-layout-499968f5 wp-block-buttons-is-layout-flex\">\n<div class=\"wp-block-button\"><a class=\"wp-block-button__link\" href=\"https:\/\/biovegen.org\/wp-content\/uploads\/2022\/03\/I-Evento-MICROCLIMATT.-31-marzo-2022.pdf\" target=\"_blank\" rel=\"noreferrer noopener\">Program<\/a><\/div>\n<\/div>\n<\/div>\n\n\n\n<div class=\"wp-block-column is-layout-flow wp-block-column-is-layout-flow\">\n<div class=\"wp-block-buttons is-horizontal is-content-justification-center is-layout-flex wp-container-core-buttons-is-layout-499968f5 wp-block-buttons-is-layout-flex\">\n<div class=\"wp-block-button\"><a class=\"wp-block-button__link\" href=\"https:\/\/microclimatt.es\/\" target=\"_blank\" rel=\"noreferrer noopener\">Visit website<\/a><\/div>\n<\/div>\n<\/div>\n\n\n\n<div class=\"wp-block-column is-layout-flow wp-block-column-is-layout-flow\">\n<div class=\"wp-block-buttons is-horizontal is-content-justification-center is-layout-flex wp-container-core-buttons-is-layout-499968f5 wp-block-buttons-is-layout-flex\">\n<div class=\"wp-block-button\"><a class=\"wp-block-button__link\" href=\"https:\/\/biovegen.org\/noticias\/avanzando-hacia-una-agricultura-mas-productiva-y-sostenible-gracias-a-las-microalgas\/\" target=\"_blank\" rel=\"noreferrer noopener\">Conclusions<\/a><\/div>\n<\/div>\n<\/div>\n<\/div>\n<\/div>\n<\/div>\n<\/div>\n<\/div>\n\n\n\n<p>The MICROCLIMATT Operational Group was born in 2020 in the context of the Call for the Execution of Projects of General Interest by Operational Groups of the European Innovation Association in terms of agricultural productivity and sustainability. GO MICROCLIMATT aims to test the effectiveness of microalgae biostimulants, through demonstrative trials (phenotypic, physiological and transcriptomic), in the fight against the effects of climate change on wheat and tomatoes. This objective will be achieved through:<\/p>\n\n\n\n<ul class=\"wp-block-list\"><li>The demonstration of the increase in carbon fixation in soils and plant biomass of crops treated with the proposed biostimulant solutions, associated with the increase in crop productivity, and the verification of the improvement in soil quality.<\/li><li>The analysis of the mechanisms that induce an improvement in the resistance of treated crops to situations of water stress (lower availability of water), thanks to the use of biostimulant solutions.<\/li><li>The determination of the validity of the proposed solutions in order to reduce the use of chemical fertilizers, which degrade, erode and contaminate soils and aquifers.<\/li><\/ul>\n\n\n\n<p>In this context, the first MICROCLIMATT Webinar: Microalgae for productive and sustainable agriculture will be held on March 31, 2022, which will be dedicated to presenting the objectives and activities of this innovative project.<\/p>\n\n\n\n<div style=\"height:50px\" aria-hidden=\"true\" class=\"wp-block-spacer\"><\/div>\n\n\n\n<h2 class=\"wp-block-heading\">PROGRAM<\/h2>\n\n\n\n<p><strong>11:00 a.m. Opening, introduction and objectives<\/strong><\/p>\n\n\n\n<ul class=\"wp-block-list\"><li>Jos\u00e9 Mar\u00eda de Gregorio. <em>Project Manager. AlgaEnergy<\/em><\/li><li>Gonzaga Ruiz de Gauna. <em>BIOVEGEN Manager<\/em><\/li><\/ul>\n\n\n\n<p><strong>11:20 a.m. GO MICROCLIMATT Project<\/strong><\/p>\n\n\n\n<p><strong>VISION TECHNOLOGICAL DEVELOPMENT\/DEVELOPMENT COMPANY<\/strong><\/p>\n\n\n\n<ul class=\"wp-block-list\"><li><strong>Trajectory of the representative company and contribution to the sustainable intensification of agriculture through innovative biostimulants.&nbsp;<\/strong>Mar\u00eda Segura Fornieles.&nbsp;<em>Deputy General Director and Technical Director. AlgaEnergy<\/em>. Jos\u00e9 Antonio del Campo Castillo.&nbsp;<em>R&amp;D Director. AlgaEnergy<\/em><\/li><\/ul>\n\n\n\n<p><strong>SCIENTIFIC VISION<\/strong><\/p>\n\n\n\n<ul class=\"wp-block-list\"><li><strong>Microalgae as an edaphic biostimulant: Encouraging the mitigation of the effects of climate change<\/strong>. Carlos Garc\u00eda Izquierdo. <em>CSIC Research Professor. Segura Center for Soil Science and Applied Biology (CEBAS-CSIC)<\/em><\/li><li><strong>Transcriptomic analysis of the effect on crops of the application of biostimulants based on microalgae.&nbsp;<\/strong>Francisco Romero. IBVF. Department of Computer Science and Artificial Intelligence. <em>US-CSIC<\/em><\/li><li><strong>Effect of the use of biostimulants derived from microalgae on the production and quality of wheat and tomato under environmental stress conditions. <\/strong>Victoria Colombo. <em>Head of the horticulture service. IMIDRA<\/em><\/li><\/ul>\n\n\n\n<p><strong>USER\/FARMER VISION<\/strong><\/p>\n\n\n\n<ul class=\"wp-block-list\"><li>Juan Almansa. <em>Project director. HANDLE<\/em><\/li><li>Alvaro Perez. <em>Project manager. HANDLE<\/em><\/li><\/ul>\n\n\n\n<p><strong>12:15 p.m. <\/strong><strong>Colloquium and questions<\/strong><\/p>\n\n\n\n<p><strong>12:30 p.m. Conclusions and closing<\/strong><\/p>\n\n\n\n<p><\/p>\n\n\n\n<blockquote class=\"wp-block-quote is-layout-flow wp-block-quote-is-layout-flow\"><p><em>The day will allow the possibility of <\/em><strong><em>hold b2b meetings<\/em><\/strong> <em>previously scheduled between GO MICROCLIMATT attendees and experts<\/em><\/p><\/blockquote>\n\n\n\n<div style=\"height:50px\" aria-hidden=\"true\" class=\"wp-block-spacer\"><\/div>\n\n\n<div class=\"wp-block-image\">\n<figure class=\"aligncenter size-full is-resized\"><img fetchpriority=\"high\" decoding=\"async\" src=\"data:image\/gif;base64,R0lGODlhAQABAAAAACH5BAEKAAEALAAAAAABAAEAAAICTAEAOw==\" alt=\"\" class=\"wp-image-15233 lazyload\" width=\"569\" height=\"363\" sizes=\"(max-width: 569px) 100vw, 569px\" data-src=\"https:\/\/biovegen.org\/wp-content\/uploads\/2022\/11\/CARTEL-GO-MICROCLIMATT.jpg\" data-srcset=\"https:\/\/biovegen.org\/wp-content\/uploads\/2022\/11\/CARTEL-GO-MICROCLIMATT.jpg 803w, https:\/\/biovegen.org\/wp-content\/uploads\/2022\/11\/CARTEL-GO-MICROCLIMATT-600x383.jpg 600w, https:\/\/biovegen.org\/wp-content\/uploads\/2022\/11\/CARTEL-GO-MICROCLIMATT-300x192.jpg 300w, https:\/\/biovegen.org\/wp-content\/uploads\/2022\/11\/CARTEL-GO-MICROCLIMATT-768x491.jpg 768w\"><\/figure>\n<\/div>\n\n\n<blockquote class=\"wp-block-quote is-layout-flow wp-block-quote-is-layout-flow\"><p><em>\u00abResponsible for content: MICROCLIMATT Operational Group\u00bb<\/em><\/p><\/blockquote>","protected":false},"excerpt":{"rendered":"<p>Webinar MICROCLIMATT: Microalgas para una agricultura productiva y sostenible 31 de marzo de 2022. Formato virtual El Grupo Operativo MICROCLIMATT naci\u00f3 en 2020 en el contexto de la Convocatoria de Ejecuci\u00f3n de Proyectos de Inter\u00e9s General por Grupos Operativos de la Asociaci\u00f3n Europea para la Innovaci\u00f3n en materia de productividad y sostenibilidad agr\u00edcolas. GO MICROCLIMATT [&hellip;]<\/p>\n","protected":false},"featured_media":12603,"template":"","meta":{"_acf_changed":false,"inline_featured_image":false},"categories":[20,405],"tags":[],"class_list":["post-12601","evento","type-evento","status-publish","has-post-thumbnail","hentry","category-eventos","category-gomicroclimatt"],"acf":[],"_links":{"self":[{"href":"https:\/\/biovegen.org\/en\/wp-json\/wp\/v2\/evento\/12601","targetHints":{"allow":["GET"]}}],"collection":[{"href":"https:\/\/biovegen.org\/en\/wp-json\/wp\/v2\/evento"}],"about":[{"href":"https:\/\/biovegen.org\/en\/wp-json\/wp\/v2\/types\/evento"}],"wp:featuredmedia":[{"embeddable":true,"href":"https:\/\/biovegen.org\/en\/wp-json\/wp\/v2\/media\/12603"}],"wp:attachment":[{"href":"https:\/\/biovegen.org\/en\/wp-json\/wp\/v2\/media?parent=12601"}],"wp:term":[{"taxonomy":"category","embeddable":true,"href":"https:\/\/biovegen.org\/en\/wp-json\/wp\/v2\/categories?post=12601"},{"taxonomy":"post_tag","embeddable":true,"href":"https:\/\/biovegen.org\/en\/wp-json\/wp\/v2\/tags?post=12601"}],"curies":[{"name":"wp","href":"https:\/\/api.w.org\/{rel}","templated":true}]}}

<h2 class="has-text-align-center has-text-color wp-block-heading" style="color:#5d8719"><strong>MICROCLIMATT Webinar: Microalgae for productive and sustainable agriculture </strong></h2>



<h2 class="has-text-align-center wp-block-heading">March 31, 2022. Virtual format</h2>



<div class="wp-block-columns is-layout-flex wp-container-core-columns-is-layout-9d6595d7 wp-block-columns-is-layout-flex">
<div class="wp-block-column is-layout-flow wp-block-column-is-layout-flow">
<div class="wp-block-columns is-layout-flex wp-container-core-columns-is-layout-9d6595d7 wp-block-columns-is-layout-flex">
<div class="wp-block-column is-layout-flow wp-block-column-is-layout-flow">
<div class="wp-block-columns is-layout-flex wp-container-core-columns-is-layout-9d6595d7 wp-block-columns-is-layout-flex">
<div class="wp-block-column is-layout-flow wp-block-column-is-layout-flow">
<div class="wp-block-buttons is-horizontal is-content-justification-center is-layout-flex wp-container-core-buttons-is-layout-499968f5 wp-block-buttons-is-layout-flex">
<div class="wp-block-button"><a class="wp-block-button__link" href="https://biovegen.org/wp-content/uploads/2022/03/I-Evento-MICROCLIMATT.-31-marzo-2022.pdf" target="_blank" rel="noreferrer noopener">Program</a></div>
</div>
</div>



<div class="wp-block-column is-layout-flow wp-block-column-is-layout-flow">
<div class="wp-block-buttons is-horizontal is-content-justification-center is-layout-flex wp-container-core-buttons-is-layout-499968f5 wp-block-buttons-is-layout-flex">
<div class="wp-block-button"><a class="wp-block-button__link" href="https://microclimatt.es/" target="_blank" rel="noreferrer noopener">Visit website</a></div>
</div>
</div>



<div class="wp-block-column is-layout-flow wp-block-column-is-layout-flow">
<div class="wp-block-buttons is-horizontal is-content-justification-center is-layout-flex wp-container-core-buttons-is-layout-499968f5 wp-block-buttons-is-layout-flex">
<div class="wp-block-button"><a class="wp-block-button__link" href="https://biovegen.org/noticias/avanzando-hacia-una-agricultura-mas-productiva-y-sostenible-gracias-a-las-microalgas/" target="_blank" rel="noreferrer noopener">Conclusions</a></div>
</div>
</div>
</div>
</div>
</div>
</div>
</div>



<p>The MICROCLIMATT Operational Group was born in 2020 in the context of the Call for the Execution of Projects of General Interest by Operational Groups of the European Innovation Association in terms of agricultural productivity and sustainability. GO MICROCLIMATT aims to test the effectiveness of microalgae biostimulants, through demonstrative trials (phenotypic, physiological and transcriptomic), in the fight against the effects of climate change on wheat and tomatoes. This objective will be achieved through:</p>



<ul class="wp-block-list"><li>The demonstration of the increase in carbon fixation in soils and plant biomass of crops treated with the proposed biostimulant solutions, associated with the increase in crop productivity, and the verification of the improvement in soil quality.</li><li>The analysis of the mechanisms that induce an improvement in the resistance of treated crops to situations of water stress (lower availability of water), thanks to the use of biostimulant solutions.</li><li>The determination of the validity of the proposed solutions in order to reduce the use of chemical fertilizers, which degrade, erode and contaminate soils and aquifers.</li></ul>



<p>In this context, the first MICROCLIMATT Webinar: Microalgae for productive and sustainable agriculture will be held on March 31, 2022, which will be dedicated to presenting the objectives and activities of this innovative project.</p>



<div style="height:50px" aria-hidden="true" class="wp-block-spacer"></div>



<h2 class="wp-block-heading">PROGRAM</h2>



<p><strong>11:00 a.m. Opening, introduction and objectives</strong></p>



<ul class="wp-block-list"><li>José María de Gregorio. <em>Project Manager. AlgaEnergy</em></li><li>Gonzaga Ruiz de Gauna. <em>BIOVEGEN Manager</em></li></ul>



<p><strong>11:20 a.m. GO MICROCLIMATT Project</strong></p>



<p><strong>VISION TECHNOLOGICAL DEVELOPMENT/DEVELOPMENT COMPANY</strong></p>



<ul class="wp-block-list"><li><strong>Trajectory of the representative company and contribution to the sustainable intensification of agriculture through innovative biostimulants.&nbsp;</strong>María Segura Fornieles.&nbsp;<em>Deputy General Director and Technical Director. AlgaEnergy</em>. José Antonio del Campo Castillo.&nbsp;<em>R&amp;D Director. AlgaEnergy</em></li></ul>



<p><strong>SCIENTIFIC VISION</strong></p>



<ul class="wp-block-list"><li><strong>Microalgae as an edaphic biostimulant: Encouraging the mitigation of the effects of climate change</strong>. Carlos García Izquierdo. <em>CSIC Research Professor. Segura Center for Soil Science and Applied Biology (CEBAS-CSIC)</em></li><li><strong>Transcriptomic analysis of the effect on crops of the application of biostimulants based on microalgae.&nbsp;</strong>Francisco Romero. IBVF. Department of Computer Science and Artificial Intelligence. <em>US-CSIC</em></li><li><strong>Effect of the use of biostimulants derived from microalgae on the production and quality of wheat and tomato under environmental stress conditions. </strong>Victoria Colombo. <em>Head of the horticulture service. IMIDRA</em></li></ul>



<p><strong>USER/FARMER VISION</strong></p>



<ul class="wp-block-list"><li>Juan Almansa. <em>Project director. HANDLE</em></li><li>Alvaro Perez. <em>Project manager. HANDLE</em></li></ul>



<p><strong>12:15 p.m. </strong><strong>Colloquium and questions</strong></p>



<p><strong>12:30 p.m. Conclusions and closing</strong></p>



<p></p>



<blockquote class="wp-block-quote is-layout-flow wp-block-quote-is-layout-flow"><p><em>The day will allow the possibility of </em><strong><em>hold b2b meetings</em></strong> <em>previously scheduled between GO MICROCLIMATT attendees and experts</em></p></blockquote>



<div style="height:50px" aria-hidden="true" class="wp-block-spacer"></div>


<div class="wp-block-image">
<figure class="aligncenter size-full is-resized"><img fetchpriority="high" decoding="async" src="data:image/gif;base64,R0lGODlhAQABAAAAACH5BAEKAAEALAAAAAABAAEAAAICTAEAOw==" alt="" class="wp-image-15233 lazyload" width="569" height="363" sizes="(max-width: 569px) 100vw, 569px" data-src="https://biovegen.org/wp-content/uploads/2022/11/CARTEL-GO-MICROCLIMATT.jpg" data-srcset="https://biovegen.org/wp-content/uploads/2022/11/CARTEL-GO-MICROCLIMATT.jpg 803w, https://biovegen.org/wp-content/uploads/2022/11/CARTEL-GO-MICROCLIMATT-600x383.jpg 600w, https://biovegen.org/wp-content/uploads/2022/11/CARTEL-GO-MICROCLIMATT-300x192.jpg 300w, https://biovegen.org/wp-content/uploads/2022/11/CARTEL-GO-MICROCLIMATT-768x491.jpg 768w"></figure>
</div>


<blockquote class="wp-block-quote is-layout-flow wp-block-quote-is-layout-flow"><p><em>«Responsible for content: MICROCLIMATT Operational Group»</em></p></blockquote>

<p>Webinar MICROCLIMATT: Microalgas para una agricultura productiva y sostenible 31 de marzo de 2022. Formato virtual El Grupo Operativo MICROCLIMATT nació en 2020 en el contexto de la Convocatoria de Ejecución de Proyectos de Interés General por Grupos Operativos de la Asociación Europea para la Innovación en materia de productividad y sostenibilidad agrícolas. GO MICROCLIMATT [&hellip;]</p>
